Cliccate su un Anno o un Mese per visualizzare il corrispondente resoconto
Resoconto relativo a 2023 Nov
Monthly Climatological Summary for nov 2023 Name: Oregon City: Soresina State: Italia Elevation: 70 m Lat: N 45° 17' 27" Lon: E 009° 50' 41" Temperature (°C), Rain (mm), Wind Speed (km/h) Heat Cool Avg Mean Deg Deg Wind Dom Day Temp High Time Low Time Days Days Rain Speed High Time Dir ---------------------------------------------------------------------------------- 1 11,8 15,0 13:13 8,9 03:30 6,4 0,0 1,3 1,4 14,4 13:37 ENE 2 12,4 14,2 17:00 11,3 21:46 5,9 0,0 14,4 5,4 28,8 15:04 ENE 3 11,4 15,6 13:01 8,0 23:37 6,9 0,0 10,8 3,4 24,8 09:49 NNO 4 9,8 15,0 12:19 5,1 06:26 8,5 0,0 11,1 4,3 21,2 20:49 NE 5 11,3 16,9 14:00 7,9 07:32 7,0 0,0 3,9 3,1 18,0 00:23 O 6 11,6 19,2 15:00 5,7 06:09 6,7 0,0 0,0 1,8 16,2 11:10 ENE 7 11,9 18,0 13:48 7,6 07:08 6,3 0,0 0,0 1,0 11,2 02:08 SSE 8 9,1 16,2 14:44 5,1 08:45 9,2 0,0 0,0 0,2 10,4 09:33 SO 9 8,9 11,8 12:53 6,3 01:20 9,3 0,0 5,7 0,8 12,6 10:25 NE 10 9,0 10,6 14:17 6,8 23:56 9,3 0,0 0,5 0,0 4,3 05:02 OSO 11 8,7 15,9 13:43 3,9 07:15 9,5 0,0 0,0 0,8 10,4 10:32 ONO 12 8,4 13,4 14:11 5,9 23:56 9,9 0,0 0,0 0,3 7,6 00:29 OSO 13 8,8 15,6 14:30 3,3 07:59 9,4 0,0 0,0 0,0 5,4 00:55 S 14 10,8 14,0 11:47 8,2 02:55 7,4 0,0 0,0 0,0 0,0 00:00 --- 15 12,6 17,7 14:32 9,1 23:35 5,7 0,0 0,0 0,4 15,8 09:52 ONO 16 10,4 15,1 12:42 6,5 07:27 7,9 0,0 0,0 0,0 0,0 00:00 --- 17 11,4 18,8 13:02 6,7 06:45 7,0 0,0 0,0 1,9 23,8 15:07 ONO 18 8,5 15,6 14:15 3,5 07:29 9,8 0,0 0,0 0,1 9,0 11:15 SO 19 8,7 15,8 14:41 4,0 06:25 9,6 0,0 0,0 0,0 0,0 00:00 --- 20 9,5 12,2 15:44 6,5 00:26 8,7 0,0 0,0 0,0 0,0 00:00 --- 21 10,0 13,1 15:20 6,1 23:58 8,3 0,0 0,0 0,0 0,0 00:00 --- 22 8,6 17,5 13:27 2,8 07:23 9,7 0,0 0,0 0,0 0,0 00:00 --- 23 7,5 14,6 14:33 2,4 07:26 10,7 0,0 0,0 0,0 0,0 00:00 --- 24 6,8 13,8 15:16 2,6 07:57 11,5 0,0 0,0 0,0 0,0 00:00 --- 25 7,6 13,2 12:36 3,4 00:59 10,6 0,0 0,0 5,0 28,4 14:40 NO 26 6,3 13,4 14:45 2,7 06:29 11,9 0,0 0,0 2,9 17,6 04:40 OSO 27 4,3 6,9 15:26 1,1 01:14 14,0 0,0 1,6 0,0 5,0 04:36 NNE 28 6,5 11,3 15:03 3,1 05:43 11,8 0,0 0,0 2,6 20,2 15:18 ONO 29 6,0 11,9 13:01 -0,1 07:23 12,3 0,0 0,0 0,9 12,2 11:25 NE 30 4,2 6,5 02:16 2,8 10:08 14,1 0,0 8,8 0,1 6,8 02:32 S ---------------------------------------------------------------------------------- 9,1 19,2 6 -0,1 29 275,3 0,0 58,1 1,2 28,8 2 NNO Max >= 27,0: 0 Max <= 0,0: 0 Min <= 0,0: 1 Min <= -18,0: 0 Max Rain: 14,4 on day 2 Days of Rain: 9 (>= 0,2 mm) 6 (>= 2,0 mm) 0 (>= 20,0 mm) Heat Base: 18,3 Cool Base: 18,3 Method: Integration