Report Climatici in formato NOAA

NOAA style reports
Cliccate su un Anno o un Mese per visualizzare il corrispondente resoconto
V/Λ2022 > Gen Feb Mar Apr Mag Giu Lug Ago Set Ott Nov Dic
V/Λ2021 > Gen Feb Mar Apr Mag Giu Lug Ago Set Ott Nov Dic
V/Λ2020 > Gen Feb Mar Apr Mag Giu Lug Ago Set Ott Nov Dic
V/Λ2019 > Gen Feb Mar Apr Mag Giu Lug Ago Set Ott Nov Dic
V/Λ2018 > Gen Feb Mar Apr Mag Giu Lug Ago Set Ott Nov Dic
V/Λ2017 > Gen Feb Mar Apr Mag Giu Lug Ago Set Ott Nov Dic
V/Λ2016 > Gen Feb Mar Apr Mag Giu Lug Ago Set Ott Nov Dic
V/Λ2015 > Gen Feb Mar Apr Mag Giu Lug Ago Set Ott Nov Dic
V/Λ2014 > Gen Feb Mar Apr Mag Giu Lug Ago Set Ott Nov Dic

Resoconto relativo a 2022 Set
                   Monthly Climatological Summary for set 2022

Name: Oregon   City: Soresina   State: Italia
Elevation: 70 m  Lat: N 45° 17' 27"   Lon: E 009° 50' 41"

                  Temperature (°C), Rain (mm), Wind Speed (km/h)

                                      Heat  Cool        Avg
    Mean                              Deg   Deg         Wind                 Dom
Day Temp  High   Time   Low    Time   Days  Days  Rain  Speed High   Time    Dir
----------------------------------------------------------------------------------
 1  23,8  28,6   16:41  19,7   05:14   0,0   5,5   0,0   4,0  20,9   23:41     E
 2  23,4  28,3   16:12  19,2   06:21   0,0   5,1   0,0   3,3  21,2   00:57   ENE
 3  22,7  27,6   14:24  18,6   05:37   0,0   4,4   1,6   3,7  16,9   12:54   ENE
 4  23,9  31,4   16:58  17,6   06:36   0,0   5,7   0,0   1,1   9,4   10:47    SE
 5  25,4  32,3   14:31  19,7   06:35   0,0   7,1   0,0   1,8  12,6   10:03   ENE
 6  26,3  33,5   16:30  20,2   07:11   0,0   8,0   0,0   1,6  10,4   13:03     E
 7  25,2  30,9   16:21  20,5   06:29   0,0   6,9   0,0   2,4  17,3   22:58   ENE
 8  25,1  32,2   15:54  21,5   23:59   0,0   6,8   0,0   5,1  20,9   05:27   ENE
 9  19,9  21,5   00:00  19,6   05:41   0,0   1,6   0,0   4,6  10,1   00:49   ENE
10  20,5  28,6   19:00  19,6   00:00   0,0   2,2   0,0   4,2   5,8   20:00   ENE
11  23,1  30,7   17:23  17,7   05:30   0,0   4,9   0,0   1,9  10,4   12:51     E
12  23,5  31,4   17:01  16,3   07:07   0,2   5,4   0,0   1,6  13,0   13:59    NE
13  23,9  31,2   15:26  17,1   06:42   0,1   5,7   0,0   1,0  11,2   14:48   NNE
14  24,1  28,7   14:38  19,7   05:59   0,0   5,8   0,0   0,8  12,6   12:50   NNE
15  25,2  33,4   16:59  19,1   06:49   0,0   6,9   0,0   1,2   9,7   12:30     N
16  24,8  33,0   16:53  19,3   05:40   0,0   6,5   0,0   1,5  11,9   10:29   ESE
17  17,6  23,0   00:00  12,6   23:59   1,5   0,8   6,2   5,1  20,9   04:00   ESE
18  17,9  26,1   16:10  10,0   07:29   2,7   2,3   0,0   3,4  17,6   15:04    SO
19  19,7  28,4   14:48  12,0   05:40   1,8   3,3   0,0   1,8  10,4   14:37    NE
20  18,7  25,9   17:34  12,5   06:39   1,4   1,8   0,0   3,3  17,6   10:42    NE
21  17,4  22,3   16:01  14,3   23:53   1,7   0,8   0,2   5,3  21,2   14:19   ENE
22  16,4  22,8   15:25  10,4   05:12   2,8   1,0   0,0   2,5  13,0   16:16   ENE
23  17,2  24,6   14:52   9,6   06:58   2,5   1,4   0,0   2,1  11,5   11:16   ENE
24  16,0  17,4   00:00  14,5   22:23   2,3   0,0   2,6   3,1  12,6   13:56    NE
25  15,7  19,5   17:17  13,5   23:51   2,6   0,1   1,1   1,2   8,6   16:53   SSO
26  17,1  24,6   16:59  10,8   06:54   2,7   1,6   0,0   1,3  10,4   13:46     S
27  18,8  26,4   16:23  13,9   07:40   1,4   1,9   0,2   1,9  14,4   00:46   NNO
28  16,4  21,5   16:07  11,5   02:34   2,5   0,6   0,0   3,9  15,5   12:22    NE
29  16,7  24,2   15:33  12,3   06:01   2,4   0,8   0,0   3,5  17,3   16:02    NE
----------------------------------------------------------------------------------
    20,9  33,5     6     9,6    23    28,6 104,9  11,9   2,7  21,2     2     ENE

Max >=  27,0: 16
Max <=   0,0:  0
Min <=   0,0:  0
Min <= -18,0:  0
Max Rain: 6,2 on day 17
Days of Rain: 6 (>= 0,2 mm)  2 (>= 2,0 mm)  0 (>= 20,0 mm)
Heat Base: 18,3  Cool Base: 18,3  Method: Integration