Cliccate su un Anno o un Mese per visualizzare il corrispondente resoconto
Resoconto relativo a 2023 Ott
Monthly Climatological Summary for ott 2023 Name: Oregon City: Soresina State: Italia Elevation: 70 m Lat: N 45° 17' 27" Lon: E 009° 50' 41" Temperature (°C), Rain (mm), Wind Speed (km/h) Heat Cool Avg Mean Deg Deg Wind Dom Day Temp High Time Low Time Days Days Rain Speed High Time Dir ---------------------------------------------------------------------------------- 1 22,0 31,7 16:05 15,6 07:11 0,5 4,1 0,0 0,5 9,0 13:00 E 2 21,6 31,1 15:11 14,8 07:49 0,8 4,1 0,0 0,4 9,0 15:00 SSE 3 21,6 30,3 15:45 15,6 07:18 0,5 3,8 0,0 0,4 7,9 13:39 OSO 4 21,5 28,2 15:35 17,8 05:42 0,0 3,2 0,0 1,6 16,2 19:04 ENE 5 21,3 28,5 15:47 15,8 07:00 0,4 3,3 0,0 0,3 6,8 13:47 SO 6 21,3 28,8 15:27 17,5 07:14 0,1 3,1 0,0 0,3 9,4 12:19 ESE 7 20,3 27,6 16:16 15,0 07:47 0,8 2,8 0,0 0,7 12,2 13:22 O 8 21,9 31,7 15:45 16,2 04:42 0,5 4,2 0,0 1,1 14,0 15:49 O 9 22,5 32,2 15:41 15,6 06:59 0,6 4,8 0,0 1,1 16,2 16:26 O 10 22,4 31,9 16:20 16,3 07:42 0,2 4,3 0,0 0,4 10,1 11:56 O 11 21,3 29,5 15:42 17,2 05:20 0,2 3,2 0,0 0,2 6,8 13:09 SO 12 20,9 27,1 15:20 17,4 04:25 0,1 2,7 0,0 0,5 10,4 13:17 OSO 13 21,7 29,5 15:02 17,7 07:35 0,0 3,4 0,0 0,3 9,0 13:23 SSO 14 20,6 26,1 13:45 16,0 07:59 0,4 2,7 0,0 0,4 13,7 13:43 ONO 15 19,3 25,9 15:36 15,4 07:49 0,7 1,7 0,0 1,6 20,2 20:17 ENE 16 16,1 20,0 13:45 13,1 23:56 2,3 0,1 0,0 2,9 21,6 00:30 ENE 17 14,2 21,2 13:28 9,0 07:00 4,4 0,4 0,0 0,2 13,7 13:53 E 18 12,9 13,9 13:59 11,7 23:04 5,4 0,0 0,5 0,3 9,4 05:49 E 19 12,8 20,5 10:23 11,1 02:42 5,5 0,0 7,0 0,2 9,0 22:52 S 20 16,3 19,3 16:03 13,5 03:25 2,1 0,1 1,6 5,6 27,0 07:04 ENE 21 17,4 24,2 15:08 13,7 04:46 1,9 1,0 0,0 4,8 18,4 11:24 ENE 22 16,5 24,3 15:40 11,4 07:35 2,8 1,0 0,0 0,9 10,1 13:47 NO 23 15,8 21,1 14:28 12,1 07:16 2,8 0,3 1,6 1,6 9,4 13:25 NE 24 14,8 15,8 14:52 13,3 23:58 3,5 0,0 11,6 1,1 9,7 12:57 SSE 25 14,4 20,8 14:54 12,2 05:34 4,0 0,1 0,2 0,4 10,1 00:30 OSO 26 14,2 16,2 17:06 12,4 03:13 4,1 0,0 0,0 2,9 15,5 23:56 O 27 16,6 22,6 15:25 13,1 23:39 2,3 0,7 2,1 3,0 16,2 14:09 O 28 14,3 21,8 13:49 10,0 08:27 4,3 0,4 0,0 1,0 8,6 23:37 NNE 29 14,2 16,3 14:10 11,7 02:00 4,2 0,0 0,5 4,3 18,4 09:23 NE 30 15,2 16,5 20:36 14,1 07:07 3,1 0,0 31,3 2,8 27,0 18:55 ENE 31 14,2 18,5 14:09 10,6 23:59 4,1 0,0 3,9 4,3 40,3 09:16 ONO ---------------------------------------------------------------------------------- 18,1 32,2 9 9,0 17 62,6 55,5 60,3 1,5 40,3 31 NE Max >= 27,0: 13 Max <= 0,0: 0 Min <= 0,0: 0 Min <= -18,0: 0 Max Rain: 31,3 on day 30 Days of Rain: 10 (>= 0,2 mm) 5 (>= 2,0 mm) 1 (>= 20,0 mm) Heat Base: 18,3 Cool Base: 18,3 Method: Integration