Cliccate su un Anno o un Mese per visualizzare il corrispondente resoconto
Resoconto relativo a 2023 Set
Monthly Climatological Summary for set 2023 Name: Oregon City: Soresina State: Italia Elevation: 70 m Lat: N 45° 17' 27" Lon: E 009° 50' 41" Temperature (°C), Rain (mm), Wind Speed (km/h) Heat Cool Avg Mean Deg Deg Wind Dom Day Temp High Time Low Time Days Days Rain Speed High Time Dir ---------------------------------------------------------------------------------- 1 23,4 31,6 16:07 17,2 06:38 0,1 5,2 0,0 0,6 10,4 16:33 NO 2 24,5 32,7 16:49 18,2 07:11 0,0 6,2 0,0 0,5 7,6 11:07 S 3 24,4 31,5 16:44 18,3 06:52 0,0 6,1 0,0 1,2 13,0 13:12 O 4 26,1 33,0 16:02 20,0 07:05 0,0 7,8 0,0 2,6 17,6 10:13 E 5 24,4 31,7 16:11 19,7 23:47 0,0 6,1 0,0 2,7 19,8 13:41 ENE 6 23,5 34,0 16:39 16,0 07:09 0,3 5,5 0,0 0,8 13,7 15:56 E 7 24,4 33,3 15:43 17,4 06:45 0,1 6,2 0,0 1,6 17,3 12:51 ENE 8 24,7 33,9 16:45 17,7 06:55 0,0 6,4 0,0 0,7 11,5 15:31 ESE 9 24,9 34,8 15:12 17,8 07:14 0,0 6,7 0,0 0,9 15,1 14:45 ENE 10 25,1 34,4 16:01 18,2 06:54 0,0 6,8 0,0 0,5 10,1 10:46 SO 11 25,0 34,0 15:52 18,4 06:55 0,0 6,7 0,0 0,4 9,0 12:25 OSO 12 25,3 34,0 16:21 18,5 07:01 0,0 7,0 0,0 0,4 8,6 14:21 O 13 24,4 31,4 14:14 20,4 04:57 0,0 6,0 0,0 0,9 13,0 11:58 N 14 23,5 29,4 15:02 18,7 07:22 0,0 5,2 0,0 1,0 11,5 14:06 OSO 15 22,9 29,3 15:55 19,3 08:02 0,0 4,6 4,9 1,0 13,0 13:06 ENE 16 23,3 31,0 15:38 18,5 04:37 0,0 5,0 0,0 1,3 14,0 13:38 E 17 23,7 29,4 15:33 20,1 07:45 0,0 5,4 0,0 0,7 12,2 16:04 OSO 18 23,6 28,2 13:44 20,7 23:25 0,0 5,3 0,0 3,6 24,8 13:20 ENE 19 23,7 30,8 16:45 18,7 04:05 0,0 5,3 0,0 0,9 13,0 14:06 O 20 22,8 30,2 14:40 19,4 05:15 0,0 4,5 1,1 1,4 15,8 17:41 ESE 21 21,9 29,0 13:49 18,8 06:32 0,0 3,6 1,2 2,3 13,0 23:19 ENE 22 19,8 25,0 10:42 19,4 08:28 0,0 0,7 8,0 4,7 20,2 09:50 ENE 23 20,4 26,5 12:57 12,9 11:08 0,3 1,4 0,0 2,1 19,8 14:35 OSO 24 13,9 21,4 19:42 12,2 07:43 4,4 0,1 0,0 0,0 5,8 23:33 NE 25 19,1 29,0 16:29 12,7 07:06 1,8 2,6 0,0 0,5 11,9 00:30 NO 26 20,8 31,0 16:28 13,6 07:35 1,3 3,8 0,0 0,7 12,6 15:26 NE 27 22,0 32,5 16:30 15,6 07:01 0,6 4,3 0,0 0,9 20,2 14:35 NE 28 21,3 31,4 16:17 15,3 06:06 0,7 3,7 0,0 0,4 11,5 14:10 S 29 21,2 31,2 15:50 14,6 07:45 0,9 3,8 0,0 0,4 9,0 12:56 SSO 30 21,8 32,4 16:07 15,4 07:03 0,6 4,1 0,0 0,5 9,0 11:44 SO ---------------------------------------------------------------------------------- 22,9 34,8 9 12,2 24 11,1 146,1 15,2 1,1 24,8 18 ENE Max >= 27,0: 27 Max <= 0,0: 0 Min <= 0,0: 0 Min <= -18,0: 0 Max Rain: 8,0 on day 22 Days of Rain: 4 (>= 0,2 mm) 2 (>= 2,0 mm) 0 (>= 20,0 mm) Heat Base: 18,3 Cool Base: 18,3 Method: Integration