Cliccate su un Anno o un Mese per visualizzare il corrispondente resoconto
Resoconto relativo a 2023 Ago
Monthly Climatological Summary for ago 2023 Name: Oregon City: Soresina State: Italia Elevation: 70 m Lat: N 45° 17' 27" Lon: E 009° 50' 41" Temperature (°C), Rain (mm), Wind Speed (km/h) Heat Cool Avg Mean Deg Deg Wind Dom Day Temp High Time Low Time Days Days Rain Speed High Time Dir ---------------------------------------------------------------------------------- 1 26,8 32,1 15:38 23,1 05:53 0,0 8,5 0,0 1,4 12,2 01:16 NNE 2 26,7 32,6 16:19 21,8 06:30 0,0 8,3 0,0 3,9 17,6 14:40 ENE 3 27,7 36,7 15:59 21,2 05:43 0,0 9,4 0,0 2,9 16,9 19:17 E 4 24,5 29,5 16:46 20,7 21:29 0,0 6,2 0,0 2,4 13,7 13:23 ESE 5 22,4 30,4 16:51 17,8 06:54 0,0 4,1 5,4 2,6 14,0 15:45 SE 6 23,8 30,3 16:22 17,8 06:36 0,0 5,5 0,0 3,6 20,5 13:41 O 7 22,6 30,4 16:15 15,2 06:28 0,5 4,8 0,0 1,8 17,3 11:32 NO 8 23,5 32,3 15:21 16,5 06:26 0,3 5,5 0,0 1,2 15,8 14:41 NE 9 24,7 32,1 16:39 18,2 06:44 0,0 6,4 0,0 0,8 10,4 09:40 N 10 26,0 34,7 17:32 19,2 06:59 0,0 7,7 0,0 2,5 15,8 09:57 ENE 11 27,0 34,3 16:28 21,0 07:13 0,0 8,6 0,0 1,6 11,5 18:11 ENE 12 27,7 35,3 17:06 20,9 06:55 0,0 9,4 0,0 1,6 10,4 13:31 E 13 28,7 36,5 16:27 22,4 07:10 0,0 10,3 0,0 1,8 11,9 18:07 E 14 28,5 37,3 15:39 22,6 06:11 0,0 10,1 0,0 1,1 14,4 15:13 NE 15 28,9 36,8 15:50 21,8 06:40 0,0 10,6 0,0 1,4 9,7 22:03 ESE 16 29,6 37,2 17:07 23,0 06:16 0,0 11,3 0,0 1,6 14,0 00:53 E 17 28,0 34,8 14:04 23,1 05:51 0,0 9,6 0,0 1,2 10,1 16:56 SSO 18 28,5 37,1 16:48 21,5 06:56 0,0 10,2 0,0 1,3 12,6 01:51 E 19 29,6 38,7 17:19 23,2 06:32 0,0 11,2 0,0 0,7 9,7 14:29 NNE 20 30,6 38,4 16:37 24,3 06:59 0,0 12,3 0,0 1,9 12,6 18:06 E 21 31,0 39,8 17:02 24,5 06:09 0,0 12,7 0,0 0,7 9,7 13:59 SO 22 31,3 40,6 16:31 24,5 06:52 0,0 13,0 0,0 1,1 10,4 17:06 ESE 23 31,5 40,3 16:19 24,8 07:21 0,0 13,1 0,0 0,9 7,9 16:19 NNO 24 31,8 42,1 16:18 24,6 07:10 0,0 13,5 0,0 1,7 11,9 11:27 ENE 25 31,7 41,1 16:28 24,6 06:15 0,0 13,4 0,0 2,4 14,0 15:16 ENE 26 27,9 37,2 14:53 22,7 07:02 0,0 9,5 0,0 1,7 28,4 16:41 NNE 27 23,6 24,7 08:27 21,5 23:58 0,0 5,3 8,3 1,7 17,3 13:19 NE 28 20,7 23,6 11:23 16,9 23:55 0,1 2,4 12,9 4,1 31,3 04:02 NE 29 19,1 23,1 16:56 15,8 07:08 0,6 1,3 0,5 1,0 10,1 14:02 OSO 30 22,0 28,6 16:06 17,3 07:10 0,1 3,8 0,0 0,8 10,1 14:07 SE 31 22,1 29,5 16:29 16,9 04:09 0,3 4,1 0,0 0,6 9,7 17:50 SO ---------------------------------------------------------------------------------- 26,7 42,1 24 15,2 7 1,9 262,1 27,1 1,7 31,3 28 ENE Max >= 27,0: 28 Max <= 0,0: 0 Min <= 0,0: 0 Min <= -18,0: 0 Max Rain: 12,9 on day 28 Days of Rain: 4 (>= 0,2 mm) 3 (>= 2,0 mm) 0 (>= 20,0 mm) Heat Base: 18,3 Cool Base: 18,3 Method: Integration