Cliccate su un Anno o un Mese per visualizzare il corrispondente resoconto
Resoconto relativo a 2023 Lug
Monthly Climatological Summary for lug 2023 Name: Oregon City: Soresina State: Italia Elevation: 70 m Lat: N 45° 17' 27" Lon: E 009° 50' 41" Temperature (°C), Rain (mm), Wind Speed (km/h) Heat Cool Avg Mean Deg Deg Wind Dom Day Temp High Time Low Time Days Days Rain Speed High Time Dir ---------------------------------------------------------------------------------- 1 24,3 31,3 17:10 20,2 06:17 0,0 6,0 1,1 0,2 6,5 15:18 SSO 2 27,1 34,8 17:19 21,7 05:04 0,0 8,8 0,0 0,3 7,2 11:56 NNE 3 27,8 35,1 16:11 23,6 06:02 0,0 9,5 0,0 2,4 16,6 19:16 E 4 27,4 34,5 17:03 22,0 06:23 0,0 9,1 0,0 3,6 17,3 01:46 ENE 5 26,3 33,6 17:20 19,6 04:18 0,0 8,0 41,4 2,9 20,2 04:13 ESE 6 25,1 30,7 17:18 21,3 11:49 0,0 6,8 11,4 2,5 2,5 00:00 SE 7 26,0 34,8 16:48 19,7 05:54 0,0 7,7 0,0 2,5 2,5 00:00 SE 8 28,3 35,6 17:09 22,6 05:50 0,0 10,0 0,0 2,5 2,5 00:00 SE 9 29,3 37,0 16:33 23,3 05:48 0,0 11,0 0,0 4,9 10,4 16:33 SE 10 30,5 37,6 17:00 24,7 06:20 0,0 12,2 0,0 5,8 10,4 00:00 SE 11 27,6 30,1 00:00 26,6 06:20 0,0 9,3 0,0 0,4 9,0 03:28 ENE 12 29,8 33,8 13:38 27,1 00:00 0,0 11,5 0,0 3,0 16,2 23:36 NE 13 25,8 34,4 17:57 23,6 04:16 0,0 7,5 0,0 2,9 17,6 01:45 NNE 14 27,1 33,4 17:29 23,1 08:02 0,0 8,8 13,5 1,9 14,4 15:45 N 15 29,2 36,6 16:47 23,7 06:33 0,0 10,9 0,0 1,3 11,5 13:24 SSE 16 30,5 37,7 17:06 25,5 05:59 0,0 12,1 0,0 0,7 10,4 10:31 ESE 17 30,3 38,3 17:32 26,1 06:46 0,0 11,9 0,0 1,5 6,1 01:57 SSO 18 31,3 38,0 16:19 26,7 05:24 0,0 13,0 0,0 1,2 10,4 11:29 NNE 19 31,8 38,2 17:00 27,4 06:14 0,0 13,5 0,0 1,4 1,4 00:00 NNE 20 30,3 37,5 17:30 25,3 05:56 0,0 12,0 4,2 1,4 1,4 00:00 NNE 21 27,3 33,8 17:26 23,0 12:13 0,0 9,0 11,1 2,8 26,3 21:31 NNE 22 26,4 32,5 17:22 22,4 04:46 0,0 8,1 17,8 3,4 24,8 12:12 NE 23 28,2 34,9 16:40 23,5 05:14 0,0 9,9 0,0 3,5 12,6 09:43 ENE 24 26,5 31,1 16:28 24,0 06:36 0,0 8,2 2,1 4,2 21,2 18:01 NE 25 24,8 29,3 14:11 18,9 04:43 0,0 6,5 19,6 0,8 24,8 04:37 NE 26 25,7 32,6 16:55 20,9 07:04 0,0 7,4 0,0 1,5 13,0 11:48 SSO 27 25,2 32,9 17:10 19,8 05:55 0,0 6,9 0,0 2,7 17,6 00:50 ENE 28 26,3 33,6 17:09 21,3 05:58 0,0 7,9 0,0 0,6 8,6 14:03 S 29 28,0 37,3 16:36 22,7 05:08 0,0 9,7 0,0 0,1 8,6 13:26 ONO 30 27,3 34,6 16:39 19,4 06:12 0,0 9,0 0,0 1,4 27,0 00:42 NNO 31 28,0 35,2 16:41 23,3 05:42 0,0 9,6 0,0 3,3 16,2 13:34 NE ---------------------------------------------------------------------------------- 27,7 38,3 17 18,9 25 0,0 291,8 122,2 2,2 27,0 30 E Max >= 27,0: 31 Max <= 0,0: 0 Min <= 0,0: 0 Min <= -18,0: 0 Max Rain: 41,4 on day 5 Days of Rain: 9 (>= 0,2 mm) 8 (>= 2,0 mm) 1 (>= 20,0 mm) Heat Base: 18,3 Cool Base: 18,3 Method: Integration