Cliccate su un Anno o un Mese per visualizzare il corrispondente resoconto
Resoconto relativo a 2023 Feb
Monthly Climatological Summary for feb 2023 Name: Oregon City: Soresina State: Italia Elevation: 70 m Lat: N 45° 17' 27" Lon: E 009° 50' 41" Temperature (°C), Rain (mm), Wind Speed (km/h) Heat Cool Avg Mean Deg Deg Wind Dom Day Temp High Time Low Time Days Days Rain Speed High Time Dir ---------------------------------------------------------------------------------- 1 6,9 17,6 15:21 1,0 07:29 11,4 0,0 0,0 2,8 15,8 16:06 OSO 2 9,4 19,7 16:10 4,3 08:14 9,0 0,0 0,0 3,7 20,9 13:25 OSO 3 7,9 17,8 15:33 3,4 07:49 10,4 0,0 0,0 1,6 11,5 10:21 SSE 4 10,8 23,8 16:19 5,3 00:00 7,9 0,4 0,0 3,6 20,2 18:35 NE 5 7,5 14,6 16:09 4,1 07:24 10,8 0,0 0,0 5,8 17,6 13:32 NE 6 5,6 8,4 12:08 2,7 23:37 12,7 0,0 0,0 4,4 20,2 21:59 NE 7 4,3 12,0 16:00 0,1 06:44 14,0 0,0 0,0 1,5 10,1 00:15 ENE 8 3,6 11,0 14:49 -0,5 06:52 14,7 0,0 0,0 2,5 28,1 22:57 ENE 9 4,3 11,0 15:58 1,1 07:58 14,0 0,0 0,0 1,4 17,3 01:11 ENE 10 3,6 13,0 16:04 -1,1 06:55 14,6 0,0 0,0 0,3 6,1 09:37 OSO 11 4,4 13,9 16:04 -0,8 08:47 13,9 0,0 0,0 0,7 9,7 15:40 OSO 12 7,4 17,7 15:23 1,2 07:42 10,9 0,0 0,0 2,0 14,4 14:55 ENE 13 8,2 17,7 15:47 2,6 07:17 10,1 0,0 0,0 0,5 7,9 09:43 SO 14 8,6 18,3 15:46 2,8 07:39 9,7 0,0 0,0 0,8 12,2 12:14 O 15 9,1 20,8 15:47 2,4 07:00 9,3 0,2 0,0 0,4 7,6 11:18 OSO 16 9,2 18,8 15:50 3,3 07:20 9,1 0,0 0,0 0,4 10,4 15:20 SSO 17 10,0 18,3 15:54 4,2 07:34 8,3 0,0 0,0 0,7 11,9 14:47 OSO 18 10,8 19,5 15:53 4,6 07:55 7,6 0,0 0,0 0,8 14,4 15:35 O 19 10,3 19,5 15:52 3,9 07:39 8,0 0,0 0,0 1,9 15,8 21:10 N 20 10,5 16,0 15:20 7,3 04:52 7,8 0,0 0,0 0,5 8,6 16:35 N 21 10,3 19,0 15:26 4,1 07:38 8,0 0,0 0,0 1,5 7,9 15:04 SO 22 12,2 15,7 15:21 10,3 07:20 6,1 0,0 0,0 1,2 9,7 15:54 SE 23 12,5 16,2 13:48 10,2 08:18 5,8 0,0 0,0 1,5 7,6 16:18 E 24 11,8 17,2 14:40 8,5 05:09 6,5 0,0 0,0 0,5 6,5 12:20 NE 25 12,2 18,2 13:52 8,0 07:43 6,1 0,0 0,0 2,5 13,7 14:51 SO 26 7,6 11,4 00:02 5,7 19:17 10,7 0,0 0,0 7,6 28,1 17:02 E 27 7,3 10,6 12:55 5,0 07:11 11,0 0,0 0,0 1,9 14,8 12:07 NE 28 8,5 15,7 15:46 5,0 06:37 9,8 0,0 0,0 1,3 17,6 10:07 NE ---------------------------------------------------------------------------------- 8,4 23,8 4 -1,1 10 278,2 0,6 0,0 1,9 28,1 8 ENE Max >= 27,0: 0 Max <= 0,0: 0 Min <= 0,0: 3 Min <= -18,0: 0 Max Rain: 0,0 on day 0 Days of Rain: 0 (>= 0,2 mm) 0 (>= 2,0 mm) 0 (>= 20,0 mm) Heat Base: 18,3 Cool Base: 18,3 Method: Integration