Cliccate su un Anno o un Mese per visualizzare il corrispondente resoconto
Resoconto relativo a 2022 Nov
Monthly Climatological Summary for nov 2022 Name: Oregon City: Soresina State: Italia Elevation: 70 m Lat: N 45° 17' 27" Lon: E 009° 50' 41" Temperature (°C), Rain (mm), Wind Speed (km/h) Heat Cool Avg Mean Deg Deg Wind Dom Day Temp High Time Low Time Days Days Rain Speed High Time Dir ---------------------------------------------------------------------------------- 1 13,7 18,8 13:32 10,1 05:04 4,6 0,0 0,2 1,1 14,0 14:19 OSO 2 14,5 16,5 15:47 12,0 02:00 3,8 0,0 0,2 1,1 7,9 01:14 OSO 3 15,6 17,3 14:17 14,7 00:00 2,7 0,0 14,7 2,1 16,2 23:22 ENE 4 14,6 19,6 14:15 10,1 23:58 3,8 0,1 11,8 4,4 23,4 07:07 O 5 12,3 20,2 16:07 6,9 07:09 6,2 0,2 0,0 1,1 7,9 12:15 SO 6 10,5 18,2 14:58 5,1 06:11 7,8 0,0 0,0 0,5 6,1 14:05 NO 7 11,0 19,0 14:01 5,0 06:28 7,3 0,0 0,0 0,5 6,5 08:50 SO 8 13,1 19,0 14:39 9,8 01:44 5,2 0,0 0,0 0,6 6,8 12:11 OSO 9 12,9 13,9 13:53 12,2 06:40 5,4 0,0 1,6 0,7 6,5 08:39 S 10 12,5 15,3 12:10 9,9 22:04 5,8 0,0 5,9 1,1 7,9 09:44 OSO 11 11,2 17,2 13:21 7,7 06:15 7,1 0,0 0,0 0,9 8,6 10:52 SO 12 10,6 14,6 13:50 8,1 01:00 7,7 0,0 0,2 1,2 9,4 10:27 O 13 11,9 17,9 12:03 6,9 07:14 6,4 0,0 0,2 1,1 10,4 12:43 ENE 14 11,0 16,3 14:09 7,8 23:55 7,3 0,0 1,3 1,6 9,7 15:38 NE 15 8,9 10,2 12:30 6,2 04:50 9,4 0,0 8,0 0,8 6,8 23:34 NNO 16 10,0 10,1 00:11 10,0 00:00 8,3 0,0 8,5 1,3 10,4 12:40 OSO 17 11,1 14,1 14:54 10,0 00:00 7,2 0,0 0,0 0,8 7,9 10:10 SSO 18 12,3 17,2 15:37 8,9 22:41 6,0 0,0 0,0 2,2 15,5 09:42 OSO 19 9,4 13,1 14:00 7,0 23:28 8,9 0,0 0,0 1,0 6,8 14:41 SO 20 6,1 14,5 15:19 2,3 08:00 12,2 0,0 0,0 0,7 7,9 13:15 OSO 21 7,1 13,0 13:37 1,4 06:33 11,2 0,0 2,9 3,2 19,1 23:00 ENE 22 8,5 9,9 16:32 7,7 00:00 9,8 0,0 33,3 3,8 19,4 15:47 NO 23 8,4 12,9 15:16 5,3 21:23 9,9 0,0 0,2 0,5 6,1 12:35 SSO 24 7,1 16,5 15:54 4,3 22:23 11,2 0,0 0,0 1,5 9,0 05:10 O 25 7,4 12,4 12:44 4,3 21:58 10,9 0,0 0,0 1,5 10,1 11:30 ENE 26 6,8 15,1 15:45 2,7 05:56 11,5 0,0 0,0 1,2 9,7 12:55 ONO 27 6,1 12,7 13:04 1,6 07:17 12,2 0,0 0,0 0,6 6,5 13:01 ESE 28 5,9 7,9 14:38 3,9 01:31 12,4 0,0 0,0 0,5 6,5 13:16 E 29 5,9 7,7 15:44 4,0 23:56 12,4 0,0 0,0 0,4 6,1 12:29 S 30 4,5 10,9 14:26 0,9 04:16 13,8 0,0 0,2 0,6 5,4 15:57 O ---------------------------------------------------------------------------------- 10,0 20,2 5 0,9 30 248,4 0,3 89,2 1,3 23,4 4 O Max >= 27,0: 0 Max <= 0,0: 0 Min <= 0,0: 0 Min <= -18,0: 0 Max Rain: 33,3 on day 22 Days of Rain: 15 (>= 0,2 mm) 7 (>= 2,0 mm) 1 (>= 20,0 mm) Heat Base: 18,3 Cool Base: 18,3 Method: Integration