Cliccate su un Anno o un Mese per visualizzare il corrispondente resoconto
Resoconto relativo a 2022 Mag
Monthly Climatological Summary for mag 2022 Name: Oregon City: Soresina State: Italia Elevation: 70 m Lat: N 45° 17' 27" Lon: E 009° 50' 41" Temperature (°C), Rain (mm), Wind Speed (km/h) Heat Cool Avg Mean Deg Deg Wind Dom Day Temp High Time Low Time Days Days Rain Speed High Time Dir ---------------------------------------------------------------------------------- 1 17,1 24,8 16:51 13,3 04:26 2,3 1,1 0,0 3,0 20,9 07:22 ENE 2 17,3 22,9 16:22 11,0 06:12 2,3 1,3 0,0 2,1 17,3 13:20 ENE 3 17,3 25,4 14:02 10,8 05:55 2,5 1,6 0,5 2,0 24,5 17:43 NNO 4 17,6 26,1 14:58 12,2 04:57 2,2 1,4 0,0 1,8 17,6 15:48 SO 5 15,2 18,4 12:30 13,0 20:05 3,1 0,0 26,6 2,5 15,8 17:05 ENE 6 13,9 15,6 18:25 12,7 06:29 4,4 0,0 17,3 4,3 21,6 02:28 NE 7 15,7 18,9 11:21 12,2 05:07 2,7 0,0 0,0 1,3 15,5 17:20 ENE 8 18,0 22,6 13:52 13,8 06:17 1,4 1,2 0,0 1,7 17,3 17:13 NE 9 20,3 26,5 15:11 13,9 06:13 1,0 3,0 0,0 0,9 10,4 15:41 NNE 10 21,6 29,3 17:08 13,7 05:19 1,0 4,2 0,0 1,1 10,4 13:59 SSO 11 23,2 30,3 17:10 14,6 05:46 0,6 5,5 0,0 1,1 11,9 15:10 OSO 12 23,2 30,7 16:31 15,9 05:23 0,3 5,2 0,0 2,1 13,0 14:20 OSO 13 23,2 30,2 17:41 15,9 05:58 0,4 5,3 0,0 1,1 10,4 15:52 O 14 23,7 30,0 14:14 17,3 06:07 0,1 5,5 0,0 1,7 11,2 22:40 S 15 24,6 31,1 14:24 18,2 05:51 0,0 6,3 0,0 2,1 10,4 11:27 SSE 16 25,4 32,6 16:45 18,6 06:06 0,0 7,1 0,0 1,7 14,4 13:58 OSO 17 25,5 33,5 18:05 17,4 05:48 0,0 7,2 0,0 1,5 11,2 14:01 SO 18 24,4 29,0 15:59 18,9 06:13 0,0 6,1 0,0 5,7 23,4 11:24 ENE 19 23,9 28,9 16:04 18,3 04:27 0,0 5,6 0,0 4,0 16,2 04:53 ENE 20 25,1 33,1 17:42 16,8 05:50 0,1 6,9 0,0 1,7 12,2 15:29 SO 21 25,8 33,5 16:55 18,5 05:51 0,0 7,5 0,0 1,7 13,0 11:00 SO 22 25,5 31,9 14:57 18,8 04:39 0,0 7,2 0,0 1,0 15,8 23:39 OSO 23 25,7 32,1 14:55 20,4 06:07 0,0 7,4 0,0 1,6 12,6 13:29 OSO 24 23,2 30,5 14:04 17,9 06:27 0,0 4,9 0,0 2,6 20,9 19:28 ESE 25 22,9 29,7 14:48 17,4 04:34 0,1 4,7 0,0 1,5 11,9 14:50 N 26 23,7 29,0 14:17 17,1 05:35 0,1 5,5 0,0 2,6 16,9 12:10 E 27 26,1 33,3 16:02 19,1 05:50 0,0 7,8 0,0 1,0 10,4 12:02 S 28 23,5 30,7 15:00 15,9 22:29 0,2 5,4 3,1 6,8 39,6 22:06 ENE 29 17,0 20,7 17:21 14,7 04:52 1,6 0,3 0,0 6,8 28,1 02:02 E 30 17,6 21,3 13:28 13,7 05:27 1,4 0,8 0,0 3,3 22,0 12:13 E 31 21,0 26,2 17:36 17,3 05:52 0,2 2,9 0,0 1,6 13,0 13:08 E ---------------------------------------------------------------------------------- 21,6 33,5 17 10,8 3 28,0 128,9 47,5 2,4 39,6 28 E Max >= 27,0: 19 Max <= 0,0: 0 Min <= 0,0: 0 Min <= -18,0: 0 Max Rain: 26,6 on day 5 Days of Rain: 4 (>= 0,2 mm) 3 (>= 2,0 mm) 1 (>= 20,0 mm) Heat Base: 18,3 Cool Base: 18,3 Method: Integration