Cliccate su un Anno o un Mese per visualizzare il corrispondente resoconto
Resoconto relativo a 2022 Apr
Monthly Climatological Summary for apr 2022 Name: Oregon City: Soresina State: Italia Elevation: 70 m Lat: N 45° 17' 27" Lon: E 009° 50' 41" Temperature (°C), Rain (mm), Wind Speed (km/h) Heat Cool Avg Mean Deg Deg Wind Dom Day Temp High Time Low Time Days Days Rain Speed High Time Dir ---------------------------------------------------------------------------------- 1 11,8 16,5 14:30 8,9 23:30 6,5 0,0 19,4 3,0 22,7 18:25 SE 2 9,0 13,0 12:27 6,6 04:40 9,3 0,0 0,0 3,3 16,2 15:02 ENE 3 8,6 13,0 13:09 5,9 07:37 9,7 0,0 3,4 2,0 15,5 12:26 ENE 4 10,3 16,5 16:34 7,0 03:37 8,0 0,0 0,0 2,4 13,0 12:04 ENE 5 12,1 20,7 17:13 3,3 06:12 6,5 0,3 0,0 1,4 10,4 23:58 ONO 6 12,4 18,0 16:50 5,4 07:15 5,9 0,0 0,0 3,5 14,0 13:00 ENE 7 14,8 23,7 16:06 6,8 07:05 4,6 1,1 0,0 1,5 10,1 10:13 ONO 8 16,4 21,7 14:16 8,3 07:04 3,3 1,4 0,0 3,0 14,8 23:11 ESE 9 15,0 22,5 12:07 6,6 23:30 4,2 0,9 1,6 5,7 27,0 20:57 NO 10 11,0 18,9 16:44 3,5 06:45 7,3 0,0 0,0 2,5 15,5 00:23 SSO 11 12,8 21,6 15:27 4,8 06:21 6,0 0,5 0,0 1,6 12,6 10:59 ENE 12 14,0 20,8 16:58 6,6 06:48 4,7 0,4 0,0 1,6 11,5 17:36 ESE 13 15,6 21,3 16:26 9,2 06:22 3,2 0,6 0,0 3,8 15,8 16:05 ENE 14 16,9 24,3 16:44 8,1 06:34 3,2 1,9 0,0 1,5 13,7 15:27 ESE 15 18,1 25,7 17:28 10,1 06:44 2,4 2,2 0,0 2,0 14,0 19:23 E 16 17,6 24,6 15:23 10,2 06:33 2,3 1,6 0,0 4,0 27,7 15:55 ENE 17 13,4 17,7 15:57 9,0 06:13 4,9 0,0 0,0 4,0 18,4 09:00 E 18 13,2 19,7 15:52 5,3 06:47 5,2 0,1 0,0 2,7 16,2 14:29 E 19 15,1 23,6 17:57 6,0 06:58 4,2 1,0 0,0 2,2 20,5 23:42 NE 20 14,0 18,4 14:39 10,8 03:23 4,3 0,0 0,0 6,0 24,8 11:49 ENE 21 12,6 15,6 13:21 10,0 03:26 5,7 0,0 0,0 3,7 21,2 16:00 ENE 22 12,1 15,6 14:38 8,8 04:44 6,2 0,0 1,8 3,2 15,5 17:59 S 23 14,4 19,2 14:45 10,6 05:35 3,9 0,0 4,9 6,2 25,6 21:43 ENE 24 13,4 18,1 17:00 10,2 06:40 4,9 0,0 1,1 3,9 20,2 05:10 ENE 25 15,2 22,0 12:36 8,2 06:16 3,5 0,4 0,0 2,1 14,0 15:28 ENE 26 15,9 21,6 17:37 12,7 04:49 2,8 0,4 0,5 3,0 16,6 10:34 NE 27 16,5 22,8 17:02 8,8 06:06 2,8 1,0 0,0 2,5 14,0 09:01 ENE 28 17,2 22,7 15:26 11,2 06:35 2,2 1,1 0,0 4,6 17,6 08:59 ENE 29 18,1 23,1 16:51 13,1 06:21 1,6 1,4 0,0 3,1 15,8 11:30 E 30 17,3 24,0 17:51 10,2 06:55 2,2 1,2 0,0 1,5 13,7 15:45 ENE ---------------------------------------------------------------------------------- 14,2 25,7 15 3,3 5 141,5 17,5 32,7 3,0 27,7 16 ENE Max >= 27,0: 0 Max <= 0,0: 0 Min <= 0,0: 0 Min <= -18,0: 0 Max Rain: 19,4 on day 1 Days of Rain: 7 (>= 0,2 mm) 3 (>= 2,0 mm) 0 (>= 20,0 mm) Heat Base: 18,3 Cool Base: 18,3 Method: Integration