Cliccate su un Anno o un Mese per visualizzare il corrispondente resoconto
Resoconto relativo a 2021 Set
Monthly Climatological Summary for set 2021 Name: Oregon City: Soresina State: Italia Elevation: 70 m Lat: N 45° 17' 27" Lon: E 009° 50' 41" Temperature (°C), Rain (mm), Wind Speed (km/h) Heat Cool Avg Mean Deg Deg Wind Dom Day Temp High Time Low Time Days Days Rain Speed High Time Dir ---------------------------------------------------------------------------------- 1 22,9 30,9 15:36 15,5 07:00 0,4 5,0 0,0 2,0 12,2 12:36 ENE 2 23,4 29,3 15:18 18,3 06:39 0,0 5,1 0,0 4,4 17,3 09:33 ENE 3 23,0 29,1 15:11 16,7 06:38 0,1 4,8 0,0 1,9 12,6 16:49 E 4 22,3 29,4 17:17 16,6 04:36 0,3 4,3 0,0 2,2 16,9 17:27 E 5 23,2 30,1 17:04 16,8 07:07 0,2 5,1 0,0 2,4 13,7 14:02 ENE 6 23,3 30,2 15:33 17,2 06:17 0,1 5,1 0,0 2,3 12,6 12:07 E 7 23,2 29,8 15:54 16,7 07:09 0,2 5,1 0,0 2,5 14,0 11:05 E 8 24,0 29,4 16:30 18,5 06:36 0,0 5,6 0,0 4,0 16,2 14:27 E 9 23,1 30,7 15:46 16,4 07:05 0,1 4,9 0,0 2,1 11,2 02:20 ENE 10 23,0 30,5 17:18 18,2 02:41 0,0 4,7 0,0 1,4 10,4 11:02 ENE 11 24,4 31,6 15:52 18,3 07:04 0,0 6,1 0,0 1,3 10,1 14:13 E 12 24,0 31,3 16:44 17,6 07:13 0,1 5,8 0,0 1,4 12,6 13:51 ESE 13 24,3 33,4 16:33 15,9 06:33 0,2 6,3 0,0 0,9 8,6 16:49 O 14 23,9 31,3 12:57 17,4 04:45 0,1 5,7 0,0 1,1 9,7 13:26 ONO 15 24,4 29,9 13:38 19,5 06:27 0,0 6,0 0,0 0,8 9,0 13:16 NNE 16 22,8 26,6 15:25 18,2 22:28 0,0 4,5 23,1 3,2 24,5 21:43 ENE 17 22,3 29,3 16:58 18,4 00:01 0,0 4,0 0,2 1,6 8,6 00:20 NO 18 22,5 27,8 16:43 19,0 06:42 0,0 4,2 0,0 3,0 13,0 02:01 ENE 19 19,5 24,2 14:04 14,9 23:57 0,4 1,5 18,2 6,2 56,9 15:14 ENE 20 18,7 25,0 14:53 12,3 07:26 1,8 2,2 1,6 2,5 17,3 16:58 NNE 21 19,6 26,4 15:41 16,2 06:57 0,7 2,0 0,0 1,8 13,7 10:41 NE 22 19,7 26,8 16:01 15,8 03:45 0,7 2,2 0,0 2,2 11,9 18:01 ENE 23 19,6 26,8 14:51 14,4 06:51 1,1 2,4 0,0 1,0 9,7 13:20 SE 24 20,5 28,3 16:57 13,2 05:43 1,5 3,7 0,0 0,9 10,1 13:56 NO 25 21,4 27,4 15:54 15,6 07:13 0,4 3,5 0,0 1,2 13,0 10:55 ENE 26 19,4 21,6 00:00 17,4 21:24 0,1 1,2 22,5 1,9 16,9 09:40 ENE 27 19,1 24,4 16:56 17,2 23:51 0,5 1,1 0,3 0,9 9,0 13:02 OSO 28 21,0 27,0 14:36 15,4 07:16 0,7 3,2 0,0 0,5 7,6 16:36 ENE 29 22,4 28,8 16:36 17,7 07:31 0,0 4,1 0,0 0,7 8,6 05:40 NO 30 20,3 25,5 15:30 16,9 03:03 0,3 2,3 0,0 3,1 20,5 13:32 ENE ---------------------------------------------------------------------------------- 22,0 33,4 13 12,3 20 10,0 121,7 65,9 2,1 56,9 19 ENE Max >= 27,0: 21 Max <= 0,0: 0 Min <= 0,0: 0 Min <= -18,0: 0 Max Rain: 23,1 on day 16 Days of Rain: 6 (>= 0,2 mm) 3 (>= 2,0 mm) 2 (>= 20,0 mm) Heat Base: 18,3 Cool Base: 18,3 Method: Integration