Cliccate su un Anno o un Mese per visualizzare il corrispondente resoconto
Resoconto relativo a 2021 Lug
Monthly Climatological Summary for lug 2021 Name: Oregon City: Soresina State: Italia Elevation: 70 m Lat: N 45° 17' 27" Lon: E 009° 50' 41" Temperature (°C), Rain (mm), Wind Speed (km/h) Heat Cool Avg Mean Deg Deg Wind Dom Day Temp High Time Low Time Days Days Rain Speed High Time Dir ---------------------------------------------------------------------------------- 1 25,7 33,7 15:46 18,5 05:56 0,0 7,1 0,0 2,8 11,5 14:16 O 2 26,3 33,4 17:01 20,2 05:35 0,0 8,0 0,0 3,0 14,0 02:57 E 3 26,2 33,4 16:26 20,4 23:50 0,0 7,9 6,4 3,3 17,6 21:21 ENE 4 21,3 25,7 09:53 18,1 23:43 0,0 3,0 2,9 1,7 14,8 19:06 OSO 5 23,6 31,8 16:53 16,6 05:47 0,3 5,5 0,0 1,8 17,3 16:08 NNE 6 26,3 31,9 16:39 18,9 05:35 0,0 8,0 0,0 2,7 15,8 15:45 ENE 7 27,7 34,2 15:05 22,4 05:57 0,0 9,4 0,0 4,1 17,6 20:17 ENE 8 24,3 31,8 16:12 17,7 23:41 0,0 6,1 3,4 3,5 24,8 19:40 SE 9 24,3 32,6 17:23 16,3 05:37 0,3 6,3 0,0 3,0 14,0 13:32 O 10 26,2 33,6 17:15 17,9 05:01 0,0 7,9 0,0 1,5 14,0 15:33 NE 11 26,3 32,8 16:58 18,4 06:10 0,0 7,9 1,6 2,1 17,6 01:47 ONO 12 26,7 32,0 13:47 19,1 05:26 0,0 8,4 0,0 3,1 16,2 16:19 E 13 24,2 28,3 17:12 20,8 23:12 0,0 5,9 16,6 5,1 23,8 18:07 E 14 21,3 27,3 17:27 15,6 05:53 0,4 3,4 0,0 1,5 14,0 12:17 NO 15 23,3 29,2 17:17 17,8 05:16 0,0 5,0 0,0 0,8 9,0 10:40 NO 16 23,2 31,0 14:37 18,3 06:15 0,0 4,9 1,6 1,7 21,2 16:22 NNE 17 23,6 29,6 15:21 17,7 05:40 0,0 5,3 0,0 2,1 13,7 10:11 NO 18 25,8 33,2 16:39 18,8 06:10 0,0 7,5 0,0 1,2 9,4 12:36 NE 19 27,5 35,5 14:25 20,2 05:43 0,0 9,2 0,0 2,0 12,2 18:01 E 20 28,0 35,0 15:41 20,8 04:45 0,0 9,7 0,0 2,3 14,0 12:19 ENE 21 28,0 33,8 16:32 22,4 05:44 0,0 9,6 0,0 3,6 16,2 09:53 ENE 22 27,7 32,2 17:37 23,1 06:20 0,0 9,3 0,0 4,6 22,7 23:55 ENE 23 26,7 32,3 18:23 20,5 06:12 0,0 8,4 0,0 2,9 21,2 00:02 E 24 27,6 32,6 15:42 22,7 05:00 0,0 9,3 0,0 3,5 16,2 18:19 ENE 25 25,8 31,1 13:14 21,6 23:39 0,0 7,5 2,3 5,4 20,9 17:28 ENE 26 24,4 31,1 15:13 20,2 06:14 0,0 6,1 0,8 2,4 19,8 15:23 NNE 27 23,9 29,0 13:36 20,3 06:08 0,0 5,6 7,0 4,1 16,9 09:08 ENE 28 24,8 31,7 18:30 18,6 05:14 0,0 6,5 0,0 1,6 12,6 11:55 ENE 29 26,7 34,1 16:07 19,1 05:58 0,0 8,5 0,0 0,9 9,7 12:08 O 30 27,2 32,8 12:29 20,7 06:19 0,0 8,9 0,0 1,2 13,0 12:28 O 31 26,9 33,9 13:40 21,4 05:43 0,0 8,6 0,0 1,6 13,0 14:32 N ---------------------------------------------------------------------------------- 25,5 35,5 19 15,6 14 1,0 224,7 42,6 2,6 24,8 8 ENE Max >= 27,0: 30 Max <= 0,0: 0 Min <= 0,0: 0 Min <= -18,0: 0 Max Rain: 16,6 on day 13 Days of Rain: 9 (>= 0,2 mm) 6 (>= 2,0 mm) 0 (>= 20,0 mm) Heat Base: 18,3 Cool Base: 18,3 Method: Integration