Cliccate su un Anno o un Mese per visualizzare il corrispondente resoconto
Resoconto relativo a 2018 Ott
Monthly Climatological Summary for ott 2018 Name: Oregon City: Soresina State: Italia Elevation: 70 m Lat: N 45° 17' 27" Lon: E 009° 50' 41" Temperature (°C), Rain (mm), Wind Speed (km/h) Heat Cool Avg Mean Deg Deg Wind Dom Day Temp High Time Low Time Days Days Rain Speed High Time Dir ---------------------------------------------------------------------------------- 1 15,1 19,1 11:41 13,1 22:09 3,2 0,0 10,1 2,9 14,0 00:08 NE 2 15,7 21,2 15:55 10,5 07:32 3,2 0,6 0,2 1,7 11,9 13:39 SSE 3 15,8 23,6 15:41 9,3 06:26 3,6 1,1 0,0 1,4 9,7 14:44 SSE 4 17,0 24,5 15:59 10,4 07:36 2,9 1,7 0,0 1,4 12,2 14:19 E 5 17,3 23,3 14:32 10,5 07:18 2,3 1,3 0,0 1,7 11,9 15:28 E 6 16,4 18,3 12:22 14,6 23:54 1,9 0,0 4,2 2,5 13,7 16:03 SSO 7 17,1 24,8 15:12 11,6 07:41 2,6 1,3 0,2 1,1 9,4 12:11 O 8 19,1 25,9 14:27 14,0 06:38 1,4 2,2 0,0 1,4 9,7 15:22 SSE 9 18,8 24,9 16:01 14,0 06:50 1,5 2,0 0,0 1,3 10,1 15:17 SSE 10 19,2 24,4 15:33 14,3 08:02 1,0 1,8 0,0 3,7 18,4 14:33 ENE 11 17,4 20,1 12:11 15,5 23:18 1,2 0,3 3,4 4,3 17,3 11:02 ENE 12 18,5 25,1 16:07 15,3 07:03 1,3 1,5 0,0 2,1 10,8 10:33 OSO 13 17,2 24,6 15:35 12,4 07:36 2,4 1,2 0,0 0,9 7,6 13:48 S 14 17,3 23,3 15:58 11,1 08:01 2,3 1,3 0,0 1,9 16,2 14:58 ENE 15 17,2 22,7 15:13 11,4 07:51 2,1 1,0 0,0 3,4 17,3 14:14 E 16 17,6 22,3 13:45 13,8 07:48 1,7 0,9 0,0 1,9 14,0 12:22 ESE 17 18,0 22,6 14:54 15,6 07:29 1,1 0,8 0,0 1,2 10,4 14:57 E 18 18,8 24,7 14:47 15,5 01:25 1,3 1,7 0,0 0,8 9,4 15:17 OSO 19 17,8 25,6 14:54 12,6 06:30 2,2 1,7 0,0 1,1 10,1 12:07 SSO 20 17,5 24,6 15:33 12,1 07:45 2,3 1,5 0,0 1,0 9,4 13:03 SE 21 15,0 21,1 15:31 10,9 06:13 3,7 0,4 0,0 4,3 39,6 18:40 E 22 14,2 21,4 14:23 7,4 07:51 4,6 0,5 0,0 1,5 13,0 12:19 NNO 23 13,4 22,2 16:00 5,8 06:03 5,4 0,5 0,0 1,9 11,9 12:39 OSO 24 18,9 28,9 16:22 10,9 07:08 2,3 3,0 0,0 5,0 23,4 15:57 OSO 25 16,4 21,9 15:39 12,0 07:27 2,6 0,7 0,0 3,2 13,0 00:48 E 26 15,6 18,5 15:01 12,6 02:18 2,7 0,0 0,0 2,2 11,5 14:10 ENE 27 15,0 15,7 15:16 14,3 08:04 3,3 0,0 20,3 5,6 17,6 11:20 ENE 28 16,2 18,8 13:42 14,9 00:00 2,2 0,0 8,8 7,3 27,0 08:31 ENE 29 15,4 18,0 15:56 13,7 23:12 2,9 0,0 75,1 10,6 45,7 15:38 ENE 30 13,7 18,4 14:43 10,5 23:29 4,6 0,0 0,0 6,8 21,6 00:52 ESE 31 13,3 15,6 10:59 10,7 00:00 5,0 0,0 0,0 5,9 23,4 19:22 ENE ---------------------------------------------------------------------------------- 16,6 28,9 24 5,8 23 80,8 29,0 122,3 3,0 45,7 29 E Max >= 27,0: 1 Max <= 0,0: 0 Min <= 0,0: 0 Min <= -18,0: 0 Max Rain: 75,1 on day 29 Days of Rain: 8 (>= 0,2 mm) 6 (>= 2,0 mm) 2 (>= 20,0 mm) Heat Base: 18,3 Cool Base: 18,3 Method: Integration