Cliccate su un Anno o un Mese per visualizzare il corrispondente resoconto
Resoconto relativo a 2018 Ago
Monthly Climatological Summary for ago 2018 Name: Oregon City: Soresina State: Italia Elevation: 70 m Lat: N 45° 17' 27" Lon: E 009° 50' 41" Temperature (°C), Rain (mm), Wind Speed (km/h) Heat Cool Avg Mean Deg Deg Wind Dom Day Temp High Time Low Time Days Days Rain Speed High Time Dir ---------------------------------------------------------------------------------- 1 30,4 38,8 15:30 22,9 06:22 0,0 12,1 0,0 2,4 26,6 20:42 N 2 27,7 34,0 16:41 21,7 06:39 0,0 9,4 0,0 3,9 15,1 11:51 ENE 3 29,5 35,3 14:03 23,3 05:36 0,0 11,2 0,0 2,4 13,7 15:24 E 4 29,5 37,0 16:12 22,1 06:23 0,0 11,2 1,8 3,0 20,5 02:28 NNE 5 30,4 37,8 17:24 23,2 06:02 0,0 12,0 0,2 1,7 10,4 00:09 NNO 6 29,9 36,6 15:31 23,8 07:01 0,0 11,6 0,0 2,7 12,2 11:24 E 7 28,6 35,5 14:59 22,6 07:02 0,0 10,3 0,0 3,5 13,7 17:27 OSO 8 28,2 35,9 15:23 22,0 06:29 0,0 9,8 0,0 2,4 11,9 11:54 O 9 27,1 36,1 15:42 21,1 19:47 0,0 8,8 8,8 2,6 28,4 19:03 N 10 26,5 34,0 15:54 20,3 04:49 0,0 8,2 0,0 2,4 9,7 16:42 O 11 27,9 35,0 16:53 21,4 06:18 0,0 9,6 0,0 2,1 12,2 23:54 ONO 12 25,2 32,1 15:02 21,7 23:32 0,0 6,8 2,1 4,1 19,8 17:08 E 13 24,2 32,9 14:53 19,8 06:26 0,0 5,9 3,1 2,3 23,4 16:22 NO 14 22,5 25,9 13:01 19,6 05:58 0,0 4,2 0,0 2,5 13,0 15:32 SE 15 25,5 33,1 15:25 18,2 06:41 0,0 7,2 0,0 2,9 15,5 01:15 E 16 26,1 31,7 16:30 22,0 06:57 0,0 7,8 0,0 2,7 12,6 13:24 E 17 26,4 34,0 15:43 20,2 06:38 0,0 8,1 0,0 2,3 13,0 13:25 SE 18 27,5 35,2 16:26 20,3 06:38 0,0 9,2 0,0 1,4 10,4 14:14 NNO 19 27,7 35,3 16:44 19,7 06:27 0,0 9,4 0,0 1,5 11,5 14:16 ONO 20 28,9 36,4 16:59 22,2 06:24 0,0 10,6 0,0 1,7 7,9 14:19 N 21 27,6 36,2 16:44 20,5 06:24 0,0 9,3 0,0 1,4 7,6 13:34 N 22 28,3 36,8 17:34 20,6 06:44 0,0 10,0 0,0 1,5 6,8 16:09 NE 23 27,7 35,9 15:44 21,0 06:34 0,0 9,4 0,0 2,1 9,7 17:44 NE 24 27,0 35,5 15:59 20,7 06:59 0,0 8,6 0,0 2,9 16,9 17:09 OSO 25 21,7 25,1 15:04 17,9 23:49 0,0 3,3 37,5 5,3 17,3 20:47 NE 26 20,7 26,3 15:21 16,6 06:03 0,3 2,7 0,0 3,7 16,9 18:45 SE 27 21,1 28,7 16:56 14,4 06:32 1,0 3,8 0,0 2,3 11,9 11:11 NE 28 22,9 30,6 16:42 15,2 06:37 0,6 5,2 0,0 1,7 10,1 14:31 E 29 24,2 32,0 15:40 16,8 05:24 0,2 6,1 0,0 1,7 12,2 14:23 E 30 25,1 31,4 12:46 18,5 06:56 0,0 6,8 0,0 2,5 13,0 17:06 ENE 31 22,1 27,6 15:07 17,7 23:49 0,0 3,8 43,6 5,3 17,3 16:12 NE ---------------------------------------------------------------------------------- 26,4 38,8 1 14,4 27 2,1 252,4 97,1 2,6 28,4 9 NE Max >= 27,0: 28 Max <= 0,0: 0 Min <= 0,0: 0 Min <= -18,0: 0 Max Rain: 43,6 on day 31 Days of Rain: 7 (>= 0,2 mm) 5 (>= 2,0 mm) 2 (>= 20,0 mm) Heat Base: 18,3 Cool Base: 18,3 Method: Integration