Cliccate su un Anno o un Mese per visualizzare il corrispondente resoconto
Resoconto relativo a 2018 Mag
Monthly Climatological Summary for mag 2018 Name: Oregon City: Soresina State: Italia Elevation: 70 m Lat: N 45° 17' 27" Lon: E 009° 50' 41" Temperature (°C), Rain (mm), Wind Speed (km/h) Heat Cool Avg Mean Deg Deg Wind Dom Day Temp High Time Low Time Days Days Rain Speed High Time Dir ---------------------------------------------------------------------------------- 1 15,2 19,9 14:23 11,2 05:31 3,3 0,3 2,1 4,2 17,6 18:13 E 2 13,5 16,4 17:05 11,9 00:46 4,8 0,0 10,1 1,4 13,0 14:35 ONO 3 15,7 19,4 17:51 12,0 05:39 2,6 0,1 7,2 1,6 21,2 23:35 ONO 4 18,5 24,4 17:09 15,3 05:37 1,2 1,4 11,6 3,5 20,9 15:22 ENE 5 19,7 25,4 13:50 14,2 02:53 1,2 2,6 0,0 1,9 19,4 15:53 ENE 6 22,2 29,6 15:44 15,8 06:13 0,5 4,4 0,0 2,2 10,4 14:51 SSO 7 20,7 25,4 17:34 17,2 06:49 0,1 2,5 2,6 1,8 17,6 03:11 N 8 20,8 28,2 15:43 15,2 05:37 0,9 3,4 15,6 3,5 31,0 21:11 SE 9 18,9 23,8 14:18 15,2 05:02 1,0 1,6 1,2 3,1 16,9 15:53 E 10 20,1 26,4 17:43 15,3 05:31 0,8 2,6 0,0 1,4 19,4 00:00 ENE 11 20,6 27,5 15:31 14,6 06:27 0,7 3,0 1,1 2,7 17,6 16:39 ENE 12 21,5 27,9 17:27 16,3 06:00 0,5 3,6 0,0 2,3 12,6 19:13 OSO 13 20,2 27,1 14:49 16,1 04:53 0,7 2,5 0,0 3,4 20,2 16:13 N 14 16,4 20,6 17:22 11,5 06:33 2,4 0,5 7,8 3,0 15,5 06:39 ONO 15 13,8 17,4 16:48 10,6 06:04 4,5 0,0 1,0 2,2 9,7 16:45 ESE 16 17,4 22,7 15:32 12,5 05:00 2,2 1,2 0,0 2,1 11,9 23:39 NE 17 17,9 25,2 16:36 13,5 02:46 1,8 1,4 4,4 1,9 13,0 00:24 OSO 18 20,1 27,1 15:32 12,6 05:55 1,2 3,0 0,0 2,7 11,9 17:33 ENE 19 20,8 27,2 15:02 15,2 06:17 0,5 3,1 0,0 3,7 19,8 18:07 NE 20 20,1 26,9 16:52 14,3 05:43 0,8 2,6 0,2 3,9 19,4 13:45 ENE 21 19,3 27,1 14:34 13,7 05:31 1,3 2,3 12,7 2,7 14,0 16:33 NNE 22 17,5 19,1 15:02 16,2 06:41 1,0 0,1 11,1 1,3 13,7 17:14 E 23 20,6 27,3 16:24 16,1 04:18 0,6 2,9 3,1 1,8 20,9 18:13 NE 24 22,6 30,0 15:51 16,1 05:33 0,4 4,7 0,0 2,2 13,7 13:51 SO 25 24,3 32,2 17:32 16,8 05:50 0,1 6,1 0,0 2,1 11,5 14:33 SO 26 25,2 31,5 17:09 20,3 06:03 0,0 6,9 0,0 3,3 12,2 09:21 ESE 27 24,9 31,2 15:21 19,9 05:30 0,0 6,6 0,0 3,1 18,4 19:51 ESE 28 22,8 30,3 15:34 18,7 09:10 0,0 4,5 16,5 2,6 17,3 22:07 O 29 23,9 30,6 17:11 19,2 01:52 0,0 5,6 2,3 1,5 12,6 00:43 ONO 30 24,2 28,3 13:07 20,0 05:38 0,0 5,9 0,0 3,1 12,2 09:41 E 31 23,0 28,7 13:17 18,7 05:18 0,0 4,7 0,0 3,3 14,0 19:06 O ---------------------------------------------------------------------------------- 20,1 32,2 25 10,6 15 35,1 90,1 110,6 2,6 31,0 8 ENE Max >= 27,0: 17 Max <= 0,0: 0 Min <= 0,0: 0 Min <= -18,0: 0 Max Rain: 16,5 on day 28 Days of Rain: 17 (>= 0,2 mm) 13 (>= 2,0 mm) 0 (>= 20,0 mm) Heat Base: 18,3 Cool Base: 18,3 Method: Integration