Cliccate su un Anno o un Mese per visualizzare il corrispondente resoconto
Resoconto relativo a 2018 Apr
Monthly Climatological Summary for apr 2018 Name: Oregon City: Soresina State: Italia Elevation: 70 m Lat: N 45° 17' 27" Lon: E 009° 50' 41" Temperature (°C), Rain (mm), Wind Speed (km/h) Heat Cool Avg Mean Deg Deg Wind Dom Day Temp High Time Low Time Days Days Rain Speed High Time Dir ---------------------------------------------------------------------------------- 1 12,8 20,9 14:33 5,3 07:13 5,9 0,4 0,0 3,5 20,9 16:00 O 2 12,9 21,1 15:31 4,1 07:15 5,7 0,3 0,0 1,4 14,0 10:01 N 3 12,7 18,8 14:03 8,3 06:19 5,6 0,0 5,2 1,3 11,5 17:24 NE 4 10,9 12,9 17:57 9,6 04:58 7,4 0,0 6,9 3,2 23,0 14:37 ENE 5 13,9 19,3 16:47 10,1 07:45 4,4 0,1 0,3 2,2 14,0 13:25 O 6 14,2 20,9 15:35 6,9 06:32 4,5 0,4 0,0 1,6 10,1 12:05 SE 7 15,5 21,2 15:26 8,8 06:16 3,4 0,6 0,0 2,5 16,6 13:07 E 8 15,4 20,8 16:10 10,8 06:45 3,3 0,4 0,0 4,7 20,2 14:33 E 9 12,5 15,2 14:16 10,5 07:21 5,8 0,0 11,6 1,7 17,3 20:47 OSO 10 11,7 15,4 13:57 7,8 23:59 6,6 0,0 8,3 1,2 14,0 12:45 NE 11 10,5 14,4 13:31 5,8 04:29 7,8 0,0 11,0 3,9 41,0 23:33 ENE 12 13,5 17,6 15:59 10,1 06:59 4,8 0,0 18,7 6,6 36,0 02:40 ENE 13 13,6 19,0 13:24 8,9 05:26 4,8 0,0 0,7 1,4 13,7 15:07 NNO 14 15,0 21,5 15:23 8,0 06:56 3,9 0,6 0,0 1,1 13,0 16:07 SSE 15 13,9 17,9 13:02 10,9 04:26 4,4 0,0 0,7 1,5 10,1 16:29 O 16 17,9 25,5 15:35 12,5 06:43 2,2 1,8 0,8 1,7 13,7 13:29 OSO 17 19,6 25,2 15:25 12,3 06:52 1,2 2,5 0,0 3,1 13,7 14:52 E 18 20,2 26,3 14:41 13,4 05:56 1,1 2,9 0,0 2,3 12,6 17:40 SE 19 19,6 27,0 15:14 12,0 06:15 1,6 3,0 0,0 2,3 16,9 16:11 E 20 20,9 30,6 16:55 12,4 06:51 1,5 4,1 0,0 1,5 12,6 12:56 SSO 21 21,6 29,2 17:49 13,1 06:38 1,1 4,4 0,0 1,9 11,2 15:36 SSE 22 21,8 28,7 16:37 15,8 06:41 0,4 3,8 0,0 3,6 14,0 03:21 ESE 23 21,3 29,4 15:31 13,7 06:21 0,8 3,8 0,0 2,7 11,2 16:43 ESE 24 21,9 30,5 16:14 13,9 06:06 0,7 4,3 0,0 1,7 14,4 10:29 NE 25 22,5 30,4 17:14 15,1 06:41 0,5 4,7 0,0 2,1 12,6 12:27 O 26 22,1 29,3 15:29 15,1 06:23 0,6 4,4 0,0 2,2 10,4 16:32 O 27 19,6 23,7 16:33 16,3 07:25 0,3 1,7 0,0 5,7 24,8 09:18 E 28 20,2 27,0 16:02 12,9 06:36 1,1 2,9 0,0 2,3 14,8 17:35 SE 29 20,9 26,3 15:28 17,1 06:20 0,1 2,7 0,0 6,7 26,6 20:13 E 30 19,0 24,9 14:16 13,3 06:30 1,0 1,7 0,2 5,0 28,1 04:07 S ---------------------------------------------------------------------------------- 16,9 30,6 20 4,1 2 92,5 51,5 64,4 2,7 41,0 11 E Max >= 27,0: 9 Max <= 0,0: 0 Min <= 0,0: 0 Min <= -18,0: 0 Max Rain: 18,7 on day 12 Days of Rain: 11 (>= 0,2 mm) 6 (>= 2,0 mm) 0 (>= 20,0 mm) Heat Base: 18,3 Cool Base: 18,3 Method: Integration