Cliccate su un Anno o un Mese per visualizzare il corrispondente resoconto
Resoconto relativo a 2018 Mar
Monthly Climatological Summary for mar 2018 Name: Oregon City: Soresina State: Italia Elevation: 70 m Lat: N 45° 17' 27" Lon: E 009° 50' 41" Temperature (°C), Rain (mm), Wind Speed (km/h) Heat Cool Avg Mean Deg Deg Wind Dom Day Temp High Time Low Time Days Days Rain Speed High Time Dir ---------------------------------------------------------------------------------- 1 -2,1 -1,1 10:19 -2,7 04:23 20,4 0,0 0,0 1,2 16,6 01:19 ENE 2 -0,6 1,1 13:08 -2,4 00:00 18,9 0,0 0,2 1,9 10,1 18:22 OSO 3 -0,4 2,0 14:48 -5,0 02:23 18,7 0,0 4,4 2,6 16,2 23:15 SE 4 1,4 3,2 13:06 0,3 05:53 16,9 0,0 2,6 2,7 12,2 00:54 ONO 5 2,9 5,8 13:06 1,0 02:31 14,7 0,0 0,5 1,5 6,8 14:44 OSO 6 4,1 7,4 16:24 2,9 04:07 7,8 0,0 4,6 0,4 8,6 01:57 SO 7 6,8 9,7 16:29 1,9 23:59 7,7 0,0 0,0 1,7 13,7 12:13 NE 8 7,1 17,5 15:44 -0,2 07:21 11,2 0,0 0,0 0,9 10,1 11:47 SSO 9 11,3 17,8 13:36 7,0 05:39 7,0 0,0 0,0 2,2 9,4 10:22 E 10 9,8 10,8 10:37 8,9 07:25 8,5 0,0 1,6 0,9 8,6 11:41 NNE 11 9,2 10,4 15:06 7,8 23:54 9,1 0,0 17,3 4,9 22,7 10:09 E 12 9,7 15,0 15:51 7,3 05:25 8,5 0,0 2,6 1,9 12,6 04:58 SO 13 11,7 19,3 15:22 5,6 05:56 6,6 0,0 0,0 1,2 12,6 13:45 O 14 11,7 20,8 15:25 4,6 06:57 6,7 0,2 0,0 2,1 10,4 15:58 SO 15 8,1 10,8 15:01 5,3 04:01 10,2 0,0 8,3 6,5 39,6 19:35 ENE 16 11,3 17,9 15:12 7,0 06:09 7,0 0,0 2,9 3,1 12,2 11:17 ONO 17 9,4 10,8 15:31 7,4 22:34 8,9 0,0 29,7 5,0 15,5 02:29 E 18 7,8 9,7 13:09 6,6 06:21 10,4 0,0 10,6 5,4 20,9 09:45 E 19 4,5 6,6 00:00 2,4 09:48 13,8 0,0 9,8 4,1 13,0 03:02 SE 20 6,7 10,7 14:56 3,0 03:39 11,5 0,0 0,2 3,4 14,0 23:12 E 21 6,3 11,7 15:17 3,4 02:46 11,9 0,0 0,0 3,6 16,6 09:48 E 22 6,5 12,9 15:14 1,0 06:38 11,8 0,0 0,0 3,0 14,0 08:20 SE 23 7,6 14,9 16:15 1,0 03:47 10,7 0,0 0,0 3,5 14,0 22:06 E 24 9,1 14,5 15:02 4,6 05:27 9,2 0,0 0,0 5,1 20,5 10:42 ENE 25 9,9 14,6 16:09 6,1 07:34 8,0 0,0 0,0 2,8 14,4 11:17 E 26 10,3 18,6 16:30 1,8 07:33 8,0 0,0 0,0 1,3 10,4 12:02 SSO 27 12,4 20,6 16:44 4,5 07:32 6,1 0,2 0,0 1,4 19,8 22:55 ESE 28 12,2 18,9 14:39 4,7 07:30 6,1 0,0 0,0 2,9 15,8 01:31 ENE 29 12,3 15,6 15:19 10,5 23:59 6,0 0,0 0,0 5,2 22,0 14:58 ENE 30 13,3 20,6 16:55 7,6 07:20 5,2 0,3 0,0 5,6 20,9 16:28 E 31 11,3 14,5 11:43 8,1 23:19 7,0 0,0 1,3 4,4 20,9 14:04 SE ---------------------------------------------------------------------------------- 7,8 20,8 14 -5,0 3 314,5 0,7 96,6 3,0 39,6 15 E Max >= 27,0: 0 Max <= 0,0: 1 Min <= 0,0: 4 Min <= -18,0: 0 Max Rain: 29,7 on day 17 Days of Rain: 15 (>= 0,2 mm) 10 (>= 2,0 mm) 1 (>= 20,0 mm) Heat Base: 18,3 Cool Base: 18,3 Method: Integration