Cliccate su un Anno o un Mese per visualizzare il corrispondente resoconto
Resoconto relativo a 2017 Dic
Monthly Climatological Summary for dic 2017 Name: Oregon City: Soresina State: Italia Elevation: 70 m Lat: N 45° 17' 27" Lon: E 009° 50' 41" Temperature (°C), Rain (mm), Wind Speed (km/h) Heat Cool Avg Mean Deg Deg Wind Dom Day Temp High Time Low Time Days Days Rain Speed High Time Dir ---------------------------------------------------------------------------------- 1 3,2 7,5 13:18 0,2 05:34 15,1 0,0 0,0 2,5 14,0 13:23 E 2 4,2 6,3 14:01 2,0 23:22 14,1 0,0 0,0 1,4 13,0 09:51 NE 3 2,5 8,9 14:04 -1,7 08:08 15,8 0,0 0,0 0,8 9,0 14:16 SO 4 2,0 8,8 14:38 -3,6 06:41 16,3 0,0 0,0 1,5 10,1 14:30 ONO 5 2,9 11,0 14:22 -1,7 07:43 15,4 0,0 0,0 0,9 8,6 12:05 OSO 6 3,5 11,7 13:58 -0,8 04:32 11,3 0,0 0,0 2,2 10,1 06:14 OSO 7 4,0 8,1 13:32 -1,3 08:07 11,5 0,0 0,0 1,2 5,8 14:22 SO 8 4,5 6,8 15:06 2,4 09:46 13,8 0,0 0,0 1,1 15,5 23:39 SO 9 4,3 11,0 14:18 -0,7 23:27 14,0 0,0 0,0 4,2 16,2 01:54 NO 10 -0,9 1,1 13:20 -3,7 03:22 19,1 0,0 0,0 0,9 9,0 10:43 ENE 11 0,5 1,4 14:17 -0,3 00:00 17,8 0,0 34,6 0,3 12,2 23:06 SO 12 0,9 1,6 13:13 0,2 18:54 17,4 0,0 3,4 1,3 8,6 07:11 O 13 2,4 8,1 13:54 -0,3 22:52 15,9 0,0 4,4 1,1 9,7 01:10 ONO 14 3,7 9,8 14:55 0,1 00:00 14,6 0,0 0,2 2,0 10,4 23:42 NO 15 1,8 3,9 14:54 0,0 05:35 16,5 0,0 0,0 2,3 12,6 00:31 ONO 16 2,8 9,7 12:38 -1,4 02:34 15,5 0,0 0,0 1,3 26,6 03:49 NNO 17 2,4 9,6 15:38 -0,7 08:57 15,9 0,0 0,0 1,2 8,6 12:54 ONO 18 0,3 7,1 15:16 -2,9 06:59 18,0 0,0 0,0 0,8 6,1 02:18 O 19 0,2 7,2 14:23 -3,5 03:50 16,0 0,0 0,0 1,0 7,9 11:59 SO 20 0,3 5,5 14:17 -3,3 07:55 18,0 0,0 0,0 1,4 12,2 12:21 SO 21 0,3 6,5 14:58 -5,1 05:45 18,0 0,0 0,0 0,9 6,8 10:49 OSO 22 0,8 3,6 14:56 -1,8 08:08 17,5 0,0 0,0 1,0 14,0 02:28 O 23 2,5 9,3 14:12 -1,8 05:57 15,8 0,0 0,0 1,1 9,0 13:12 SO 24 4,1 13,8 14:51 -0,4 06:55 14,2 0,0 0,0 0,9 6,8 09:02 SO 25 4,1 10,8 13:15 -1,4 07:23 14,2 0,0 0,0 1,8 12,2 22:23 ESE 26 5,0 6,1 13:27 4,1 05:10 13,2 0,0 3,0 0,9 9,7 22:30 E 27 5,3 8,3 14:56 2,1 23:55 12,7 0,0 8,5 4,2 23,8 14:45 E 29 2,7 9,3 14:24 -0,6 08:29 15,2 0,0 0,0 2,2 9,0 13:03 SO 30 3,3 8,8 15:03 1,0 06:05 14,9 0,0 0,0 1,4 8,6 13:48 OSO 31 2,7 4,8 15:18 -0,3 03:34 15,6 0,0 0,0 0,6 7,9 19:21 ENE ---------------------------------------------------------------------------------- 2,5 13,8 24 -5,1 21 463,3 0,0 54,1 1,5 26,6 16 O Max >= 27,0: 0 Max <= 0,0: 0 Min <= 0,0: 22 Min <= -18,0: 0 Max Rain: 34,6 on day 11 Days of Rain: 6 (>= 0,2 mm) 5 (>= 2,0 mm) 1 (>= 20,0 mm) Heat Base: 18,3 Cool Base: 18,3 Method: Integration