Cliccate su un Anno o un Mese per visualizzare il corrispondente resoconto
Resoconto relativo a 2016 Set
Monthly Climatological Summary for set 2016 Name: Oregon City: Soresina State: Italia Elevation: 70 m Lat: N 45° 17' 27" Lon: E 009° 50' 41" Temperature (°C), Rain (mm), Wind Speed (km/h) Heat Cool Avg Mean Deg Deg Wind Dom Day Temp High Time Low Time Days Days Rain Speed High Time Dir ---------------------------------------------------------------------------------- 1 26,0 33,7 16:40 18,7 06:57 0,0 7,7 0,0 1,0 9,7 13:23 NO 2 26,9 35,1 17:18 20,2 06:57 0,0 8,6 0,0 1,2 10,4 10:28 E 3 27,0 35,5 16:47 20,1 06:34 0,0 8,7 0,0 1,3 10,1 11:10 NE 4 26,2 32,9 14:22 20,1 07:06 0,0 7,9 0,0 1,8 10,4 12:21 N 5 25,5 34,6 17:31 21,0 07:17 0,0 7,3 0,0 2,9 16,9 17:07 NE 6 23,7 32,2 17:29 17,4 06:50 0,1 5,5 0,3 3,6 33,1 19:05 ENE 7 23,6 31,2 14:25 15,4 06:41 0,6 5,9 0,0 1,9 13,7 15:29 N 8 25,0 32,6 16:39 18,4 05:15 0,0 6,7 0,0 1,1 11,5 14:40 SSE 9 25,5 33,2 15:31 18,4 06:59 0,0 7,2 0,2 1,4 11,5 17:08 ENE 10 25,7 33,8 15:12 18,8 07:05 0,0 7,4 0,0 1,5 11,9 12:48 NNE 11 25,6 33,5 15:12 18,9 07:00 0,0 7,3 0,0 2,3 14,0 17:40 NE 12 25,8 33,9 15:54 18,8 05:53 0,0 7,5 0,0 1,0 12,6 15:05 NNE 13 25,9 34,0 15:35 18,7 07:03 0,0 7,6 0,0 1,3 9,4 16:22 NNE 14 25,2 33,9 16:37 18,2 06:51 0,0 6,9 0,0 1,7 17,6 18:22 ONO 15 21,9 26,4 16:51 19,8 12:18 0,0 3,6 4,9 4,5 16,9 14:45 ENE 16 19,5 24,1 12:53 17,5 23:46 0,1 1,3 37,4 2,5 13,7 13:31 ENE 17 19,6 26,1 14:35 16,3 06:05 0,7 2,0 4,1 2,3 13,0 13:13 OSO 18 19,7 26,1 17:52 14,2 07:20 0,9 2,3 0,2 1,6 12,6 13:38 OSO 19 21,1 28,4 16:37 15,8 06:52 0,7 3,4 0,0 2,1 10,1 08:24 SO 20 20,6 28,8 15:51 14,2 06:31 1,1 3,3 0,0 1,8 14,0 23:33 SO 21 18,8 22,2 15:20 16,4 23:41 0,4 0,9 0,6 5,5 17,6 11:55 ENE 22 18,7 23,9 15:45 14,9 01:03 1,1 1,5 0,0 2,2 20,5 12:37 ENE 23 19,1 27,1 16:27 13,5 06:50 1,5 2,3 0,0 2,0 11,9 11:04 ENE 24 19,9 26,5 15:37 13,7 07:11 1,0 2,6 0,0 2,0 13,0 11:46 E 25 19,0 27,8 16:10 12,2 06:10 1,9 2,6 0,0 1,2 10,8 15:13 OSO 26 19,3 26,0 14:21 12,9 07:34 1,4 2,4 0,0 1,7 16,9 16:23 E 27 20,0 27,3 16:58 13,5 07:13 1,1 2,9 0,0 1,7 10,4 15:06 ENE 28 19,6 28,1 16:36 13,0 06:34 1,6 2,8 0,0 0,8 9,7 14:26 OSO 29 20,2 28,8 15:17 13,5 07:04 1,3 3,2 0,0 0,7 7,9 14:14 OSO 30 20,8 28,2 15:33 15,7 04:06 0,7 3,2 0,0 1,3 12,2 19:40 SO ---------------------------------------------------------------------------------- 22,5 35,5 3 12,2 25 16,2 142,5 47,7 1,9 33,1 6 ENE Max >= 27,0: 22 Max <= 0,0: 0 Min <= 0,0: 0 Min <= -18,0: 0 Max Rain: 37,4 on day 16 Days of Rain: 7 (>= 0,2 mm) 3 (>= 2,0 mm) 1 (>= 20,0 mm) Heat Base: 18,3 Cool Base: 18,3 Method: Integration