Cliccate su un Anno o un Mese per visualizzare il corrispondente resoconto
Resoconto relativo a 2016 Ago
Monthly Climatological Summary for ago 2016 Name: Oregon City: Soresina State: Italia Elevation: 70 m Lat: N 45° 17' 27" Lon: E 009° 50' 41" Temperature (°C), Rain (mm), Wind Speed (km/h) Heat Cool Avg Mean Deg Deg Wind Dom Day Temp High Time Low Time Days Days Rain Speed High Time Dir ---------------------------------------------------------------------------------- 1 24,3 30,2 12:52 19,3 01:08 0,0 6,0 2,4 4,0 20,9 14:57 ENE 2 25,1 32,0 17:02 19,1 06:17 0,0 6,8 0,0 2,5 16,6 11:15 NE 3 26,6 33,5 16:50 20,6 04:46 0,0 8,3 0,0 2,3 13,7 14:20 NE 4 27,8 34,5 15:53 21,3 06:13 0,0 9,5 0,0 3,3 16,2 18:30 ENE 5 21,8 26,7 00:00 18,7 11:35 0,0 3,5 14,2 3,8 22,7 07:26 N 6 23,5 31,2 16:32 15,2 06:35 0,4 5,6 0,0 2,1 10,1 14:47 S 7 25,4 31,4 16:07 19,3 05:01 0,0 7,1 0,0 2,7 14,8 14:55 ENE 8 25,1 32,8 16:21 18,1 06:13 0,0 6,8 0,0 1,8 11,9 13:01 ENE 9 25,8 33,0 14:29 19,3 04:32 0,0 7,5 0,0 1,4 14,0 12:25 NNE 10 22,3 27,9 17:19 17,9 07:14 0,0 4,0 11,1 4,5 21,2 23:50 ESE 11 20,6 26,8 16:16 14,5 06:13 0,9 3,2 8,8 3,7 24,5 00:27 E 12 21,5 28,8 17:08 15,0 07:03 0,5 3,7 0,0 3,0 14,8 10:34 E 13 22,8 30,1 17:22 15,5 06:20 0,3 4,9 0,0 2,4 12,2 12:16 E 14 25,3 33,3 16:57 16,9 06:09 0,1 7,2 0,0 0,9 9,7 15:08 N 15 27,0 35,0 16:48 20,5 04:05 0,0 8,7 0,0 1,0 9,7 14:17 N 16 26,8 33,9 16:53 20,6 06:31 0,0 8,5 0,0 2,8 10,4 02:32 N 17 26,3 34,1 15:57 20,1 05:09 0,0 8,0 0,0 2,8 17,6 13:53 NO 18 24,9 32,3 16:53 19,3 05:53 0,0 6,6 0,0 3,0 17,3 00:26 ENE 19 24,5 30,1 18:14 19,2 06:19 0,0 6,2 0,0 2,8 14,0 12:06 ENE 20 24,4 29,8 14:47 21,1 06:03 0,0 6,1 13,2 3,6 15,8 10:55 ENE 21 25,1 32,2 16:56 20,1 05:38 0,0 6,9 0,0 1,5 10,4 13:00 O 22 23,9 29,3 16:05 17,3 06:46 0,0 5,6 0,0 3,4 12,6 03:19 E 23 23,7 31,0 17:13 16,9 05:06 0,2 5,6 0,0 2,2 14,0 13:47 E 24 25,0 32,1 16:54 17,1 06:48 0,1 6,8 0,0 2,3 14,0 13:26 E 25 25,6 31,2 14:42 19,3 06:44 0,0 7,3 0,0 3,3 13,0 17:30 E 26 25,2 31,3 15:32 18,5 05:42 0,0 6,9 0,0 2,6 19,1 12:47 E 27 25,4 33,1 16:43 18,2 06:16 0,0 7,1 0,0 1,81380,0 03:22 ESE 28 26,9 35,7 16:37 18,8 05:55 0,0 8,6 0,0 1,1 11,2 15:37 NO 29 27,1 35,1 16:00 20,1 07:03 0,0 8,8 0,0 1,7 10,4 17:07 NO 30 23,9 29,0 17:51 19,7 07:27 0,0 5,6 25,9 2,5 24,5 01:39 NNO 31 25,3 32,7 16:12 20,0 06:29 0,0 7,0 0,0 1,6 14,4 12:54 NE ---------------------------------------------------------------------------------- 24,8 35,7 28 14,5 11 2,5 204,4 75,6 2,51380,0 27 ENE Max >= 27,0: 29 Max <= 0,0: 0 Min <= 0,0: 0 Min <= -18,0: 0 Max Rain: 25,9 on day 30 Days of Rain: 6 (>= 0,2 mm) 6 (>= 2,0 mm) 1 (>= 20,0 mm) Heat Base: 18,3 Cool Base: 18,3 Method: Integration