Cliccate su un Anno o un Mese per visualizzare il corrispondente resoconto
Resoconto relativo a 2016 Mar
Monthly Climatological Summary for mar 2016 Name: Oregon City: Soresina State: Italia Elevation: 70 m Lat: N 45° 17' 27" Lon: E 009° 50' 41" Temperature (°C), Rain (mm), Wind Speed (km/h) Heat Cool Avg Mean Deg Deg Wind Dom Day Temp High Time Low Time Days Days Rain Speed High Time Dir ---------------------------------------------------------------------------------- 1 8,4 8,8 23:59 8,2 23:34 0,5 0,0 0,0 0,9 5,0 23:56 NE 2 10,5 15,9 13:41 4,2 07:36 7,8 0,0 3,4 4,3 32,0 23:56 ENE 3 9,1 17,2 13:12 3,1 23:56 9,2 0,0 2,3 5,9 39,2 01:41 NE 4 6,8 13,5 14:55 0,2 06:00 11,5 0,0 0,0 1,6 13,7 22:03 NE 5 6,2 8,9 11:55 2,2 23:56 12,1 0,0 15,8 7,6 37,4 10:36 ENE 6 3,5 5,5 16:48 1,5 01:18 14,8 0,0 0,2 1,4 7,6 02:31 O 7 6,0 11,9 16:34 2,5 07:00 12,3 0,0 0,0 1,9 12,6 11:56 OSO 8 5,3 9,3 13:20 1,5 04:10 13,0 0,0 1,0 2,5 22,3 15:21 SSE 9 6,4 12,2 15:02 2,9 06:29 11,9 0,0 0,8 1,5 10,1 15:59 SO 10 9,8 17,1 14:57 3,4 06:53 8,5 0,0 0,0 0,7 10,4 15:18 OSO 11 9,8 14,3 16:19 5,7 02:55 8,5 0,0 0,0 1,4 9,4 10:56 ESE 12 12,1 17,3 15:44 8,1 05:43 6,2 0,0 0,0 1,6 11,2 14:16 ESE 13 12,1 18,3 13:51 9,0 07:17 6,2 0,0 0,0 1,2 9,4 11:55 S 14 11,1 16,3 10:45 6,8 23:57 7,2 0,0 0,0 1,7 16,6 11:41 SE 15 8,6 14,8 14:17 2,3 06:58 9,7 0,0 0,5 3,8 28,4 22:01 ENE 16 7,6 10,3 14:40 5,0 02:00 10,7 0,0 8,5 10,2 37,4 11:44 ENE 17 10,2 17,0 14:46 3,5 06:46 8,1 0,0 0,0 1,5 13,0 01:41 N 18 10,5 18,9 15:23 2,8 06:38 7,8 0,0 0,0 1,2 12,2 14:24 O 19 12,0 21,6 14:40 2,4 06:37 6,8 0,5 0,0 0,0 1,4 12:04 SSO 20 12,6 19,6 16:02 5,3 05:39 5,8 0,1 0,0 0,3 11,9 16:07 OSO 21 13,1 20,2 12:43 5,9 05:40 5,3 0,1 0,0 1,0 11,9 16:58 SSE 22 11,4 17,6 15:54 7,6 05:07 6,9 0,0 0,0 2,2 13,0 17:56 E 23 10,8 15,5 15:57 5,6 23:38 7,5 0,0 0,0 2,3 15,8 01:27 ESE 24 10,8 18,6 16:01 2,2 06:17 7,5 0,0 0,0 2,1 10,4 11:18 SE 25 11,8 18,2 14:55 5,1 06:45 6,5 0,0 0,0 1,4 11,9 01:19 NE 26 12,5 19,4 16:14 5,2 06:53 5,9 0,1 0,0 1,3 11,9 12:17 SE 27 10,2 10,6 00:00 10,2 00:09 7,8 0,0 0,0 4,3 8,6 00:09 ENE 28 10,2 10,2 00:00 9,7 23:25 8,1 0,0 1,8 4,1 4,3 00:00 ENE 29 14,7 22,4 15:07 7,8 06:58 4,5 0,9 0,0 1,0 9,7 13:53 OSO 30 14,1 17,0 17:19 11,3 23:50 4,2 0,0 0,0 1,6 11,9 13:03 NE 31 14,1 20,0 13:00 6,7 07:17 4,4 0,1 0,0 2,0 13,7 17:01 ENE ---------------------------------------------------------------------------------- 10,1 22,4 29 0,2 4 247,2 1,8 34,3 2,4 39,2 3 ENE Max >= 27,0: 0 Max <= 0,0: 0 Min <= 0,0: 0 Min <= -18,0: 0 Max Rain: 15,8 on day 5 Days of Rain: 9 (>= 0,2 mm) 4 (>= 2,0 mm) 0 (>= 20,0 mm) Heat Base: 18,3 Cool Base: 18,3 Method: Integration