Cliccate su un Anno o un Mese per visualizzare il corrispondente resoconto
Resoconto relativo a 2015 Nov
Monthly Climatological Summary for nov 2015 Name: Oregon City: Soresina State: Italia Elevation: 70 m Lat: N 45° 17' 27" Lon: E 009° 50' 41" Temperature (°C), Rain (mm), Wind Speed (km/h) Heat Cool Avg Mean Deg Deg Wind Dom Day Temp High Time Low Time Days Days Rain Speed High Time Dir ---------------------------------------------------------------------------------- 1 11,6 19,4 14:31 5,8 07:14 6,8 0,1 0,0 0,3 8,6 12:25 OSO 2 10,4 19,0 14:28 3,5 07:27 7,9 0,0 0,0 0,2 6,5 14:04 OSO 3 9,5 17,7 12:49 2,9 06:42 8,8 0,0 0,0 1,4 11,9 14:38 OSO 4 12,8 19,6 15:31 8,7 06:50 5,6 0,1 0,0 1,3 10,4 13:13 O 5 12,9 21,3 14:53 7,5 05:10 5,8 0,4 0,0 0,6 10,1 10:11 O 6 13,3 22,1 14:34 8,2 03:21 5,5 0,5 0,0 0,6 8,6 10:15 O 7 13,1 21,4 14:57 7,1 04:18 5,6 0,4 0,0 0,8 9,0 12:03 O 8 13,0 22,6 15:03 6,6 05:09 5,8 0,6 0,0 0,5 8,6 11:20 OSO 9 14,1 22,0 14:14 8,3 03:06 4,8 0,6 0,0 1,2 12,6 10:14 NO 10 13,9 22,6 14:09 9,1 07:48 5,0 0,6 0,0 0,7 6,8 10:36 O 11 12,8 21,6 14:58 7,4 05:08 6,0 0,5 0,0 0,3 8,6 13:35 OSO 12 12,1 20,0 14:23 6,2 07:07 6,4 0,2 0,0 0,6 9,7 11:24 ONO 13 9,3 14,6 15:21 4,9 05:20 9,0 0,0 0,2 1,2 8,6 21:32 E 14 10,0 10,7 16:39 9,3 07:45 8,3 0,0 0,2 1,4 6,5 10:28 ENE 15 10,5 11,7 14:41 9,8 00:45 7,8 0,0 0,0 1,1 7,9 15:47 O 16 10,6 12,4 14:37 9,5 03:53 7,7 0,0 0,3 0,6 6,5 22:38 N 17 10,3 11,8 15:29 9,0 08:48 8,0 0,0 0,0 1,7 9,4 13:27 OSO 18 9,6 10,0 15:35 9,3 11:47 8,7 0,0 0,0 1,8 9,4 12:42 S 19 10,9 12,5 14:33 9,7 01:03 7,4 0,0 0,2 1,3 7,9 12:02 SO 20 12,3 16,5 13:04 9,6 23:41 6,0 0,0 0,0 1,3 9,4 14:12 SSO 21 9,1 11,4 15:59 5,0 22:06 9,1 0,0 27,1 3,5 32,4 19:10 ESE 22 6,9 14,0 14:32 2,9 08:18 11,4 0,0 0,3 2,8 11,9 17:22 ENE 23 4,7 7,3 15:39 3,4 23:42 13,6 0,0 0,2 1,4 13,0 11:33 NNO 24 5,0 10,5 12:41 1,3 23:49 13,3 0,0 0,0 0,6 10,1 13:23 SSO 25 2,7 7,7 15:12 0,1 06:25 15,6 0,0 0,0 0,2 6,5 13:08 S 26 2,3 8,0 14:57 -1,7 05:08 16,0 0,0 0,0 0,7 9,0 09:52 OSO 27 3,7 12,3 13:43 -2,3 04:17 14,6 0,0 0,2 0,9 10,1 14:13 S 28 2,4 8,0 15:37 -1,1 06:12 15,9 0,0 0,0 0,7 9,0 13:32 O 29 2,9 9,7 13:05 -1,9 03:02 15,4 0,0 0,0 0,6 8,6 23:59 SO 30 4,6 12,5 14:05 0,7 04:54 13,7 0,0 0,0 1,7 9,4 19:42 SO ---------------------------------------------------------------------------------- 9,2 22,6 8 -2,3 27 275,5 4,0 28,7 1,1 32,4 21 SO Max >= 27,0: 0 Max <= 0,0: 0 Min <= 0,0: 4 Min <= -18,0: 0 Max Rain: 27,1 on day 21 Days of Rain: 8 (>= 0,2 mm) 1 (>= 2,0 mm) 1 (>= 20,0 mm) Heat Base: 18,3 Cool Base: 18,3 Method: Integration