Cliccate su un Anno o un Mese per visualizzare il corrispondente resoconto
Resoconto relativo a 2015 Set
Monthly Climatological Summary for set 2015 Name: Oregon City: Soresina State: Italia Elevation: 70 m Lat: N 45° 17' 27" Lon: E 009° 50' 41" Temperature (°C), Rain (mm), Wind Speed (km/h) Heat Cool Avg Mean Deg Deg Wind Dom Day Temp High Time Low Time Days Days Rain Speed High Time Dir ---------------------------------------------------------------------------------- 1 25,9 33,8 13:26 18,4 07:16 0,0 7,6 0,0 1,5 12,2 16:27 N 2 25,7 33,3 15:36 20,0 06:53 0,0 7,4 0,0 2,5 14,4 19:05 ENE 3 23,6 30,1 15:16 17,4 06:24 0,0 5,4 0,0 1,9 10,4 10:56 ENE 4 23,1 29,4 12:36 17,5 04:52 0,1 4,9 0,0 0,9 10,1 11:34 NNO 5 20,6 26,2 15:45 15,8 23:45 0,1 2,5 0,5 2,9 16,6 11:12 NO 6 19,7 27,8 16:23 12,7 05:24 1,5 2,9 0,0 1,9 13,7 10:11 E 7 20,1 27,4 15:53 12,4 05:49 1,4 3,2 0,0 2,6 16,6 10:39 E 8 20,5 27,7 16:34 14,7 07:14 0,7 2,9 0,0 3,0 16,9 11:35 ENE 9 20,0 26,2 16:16 14,4 07:20 0,8 2,5 0,0 3,8 17,6 15:45 E 10 20,4 25,3 17:45 16,6 06:46 0,3 2,4 0,0 3,3 16,6 14:48 ESE 11 18,7 24,6 18:05 14,6 09:33 1,2 1,6 7,0 2,3 14,0 14:22 ENE 12 21,3 29,0 15:49 15,2 07:01 0,4 3,4 0,0 1,0 9,4 13:22 SO 13 19,0 22,1 16:17 16,1 06:47 0,4 1,1 13,4 3,5 26,3 10:12 ESE 14 22,0 29,1 16:57 18,0 01:03 0,0 3,7 14,4 4,6 24,8 03:43 E 15 22,4 27,8 13:49 18,1 06:49 0,0 4,1 0,0 2,4 13,0 13:21 SE 16 22,2 28,7 16:01 18,9 08:12 0,0 3,9 0,0 3,1 17,6 12:57 E 17 23,1 31,3 15:43 16,6 06:27 0,2 5,1 0,0 4,4 25,6 12:41 ESE 18 24,1 30,8 14:54 18,2 07:22 0,0 5,8 0,0 2,8 17,3 15:58 S 19 21,3 29,0 16:11 15,0 06:43 0,5 3,5 0,0 1,9 14,0 22:25 SO 20 21,1 28,7 16:01 14,7 07:21 0,7 3,5 0,0 2,2 13,7 15:03 OSO 21 20,8 27,5 15:52 14,0 07:20 0,8 3,2 0,0 2,2 16,2 11:11 ENE 22 19,5 22,9 16:42 16,4 07:25 0,5 1,6 0,0 4,4 14,0 01:27 ENE 23 16,9 20,9 10:36 12,3 23:58 1,6 0,2 0,0 6,0 22,7 06:25 ENE 24 15,8 23,0 14:24 9,3 06:25 3,4 0,9 0,0 1,3 11,5 13:28 SSO 25 19,1 27,6 14:58 11,7 07:19 2,0 2,8 0,0 2,0 10,4 13:46 ESE 26 20,1 25,8 15:07 15,2 07:35 0,6 2,5 0,0 3,6 14,0 13:51 E 27 18,7 21,6 16:18 16,7 07:48 0,4 0,8 0,0 5,1 16,2 15:05 ENE 28 17,9 21,5 16:07 15,3 23:47 1,1 0,6 0,0 4,7 20,2 13:21 E 29 16,3 20,4 17:07 12,5 23:56 2,2 0,2 0,0 2,8 19,4 12:50 ENE 30 15,6 20,7 12:54 10,3 07:07 3,1 0,4 0,0 3,6 20,5 16:54 ENE ---------------------------------------------------------------------------------- 20,5 33,8 1 9,3 24 24,0 90,6 35,3 2,9 26,3 13 E Max >= 27,0: 17 Max <= 0,0: 0 Min <= 0,0: 0 Min <= -18,0: 0 Max Rain: 14,4 on day 14 Days of Rain: 4 (>= 0,2 mm) 3 (>= 2,0 mm) 0 (>= 20,0 mm) Heat Base: 18,3 Cool Base: 18,3 Method: Integration