Cliccate su un Anno o un Mese per visualizzare il corrispondente resoconto
Resoconto relativo a 2022 Lug
Monthly Climatological Summary for lug 2022 Name: Oregon City: Soresina State: Italia Elevation: 70 m Lat: N 45° 17' 27" Lon: E 009° 50' 41" Temperature (°C), Rain (mm), Wind Speed (km/h) Heat Cool Avg Mean Deg Deg Wind Dom Day Temp High Time Low Time Days Days Rain Speed High Time Dir ---------------------------------------------------------------------------------- 1 28,6 35,0 16:11 21,4 06:25 0,0 10,3 0,0 2,2 15,8 10:32 SSO 2 28,5 35,5 18:07 21,2 05:38 0,0 10,2 0,0 2,2 13,0 01:06 SSE 3 30,5 37,0 14:38 22,2 05:15 0,0 12,2 0,0 1,4 9,4 11:22 SSE 4 27,8 34,6 16:00 20,5 23:00 0,0 9,5 0,0 2,9 30,6 18:42 NE 5 27,4 36,1 17:07 19,5 01:22 0,0 9,1 0,0 1,2 10,8 14:10 S 6 27,6 32,4 15:59 21,6 06:25 0,0 9,3 0,0 3,9 17,3 14:19 ENE 7 27,2 34,0 18:04 21,4 05:57 0,0 8,9 0,0 3,9 20,5 21:48 E 8 26,0 33,0 14:48 18,2 05:47 0,0 7,7 0,0 2,4 14,0 15:25 ESE 9 25,8 31,1 16:44 20,3 05:39 0,0 7,5 0,0 4,2 17,3 09:23 ENE 10 27,2 34,2 16:48 18,0 06:08 0,0 8,9 0,0 1,8 13,0 23:54 SSO 11 26,8 32,3 16:44 20,3 06:20 0,0 8,5 0,0 5,0 21,2 08:54 ENE 12 26,9 32,3 17:58 22,6 06:15 0,0 8,6 0,0 5,2 20,2 13:54 ENE 13 27,2 33,4 18:27 21,4 05:58 0,0 8,9 0,0 3,5 15,8 09:13 ENE 14 28,8 36,2 14:29 21,5 04:10 0,0 10,5 0,0 1,1 10,1 08:32 ENE 15 30,7 39,3 17:13 22,6 05:45 0,0 12,4 0,0 1,8 11,5 09:57 OSO 16 29,0 34,5 16:21 23,6 05:46 0,0 10,7 0,0 2,6 17,3 09:24 E 17 29,1 33,5 17:06 24,1 05:16 0,0 10,8 0,0 6,0 17,3 09:51 ENE 18 29,0 33,8 17:35 23,6 05:11 0,0 10,3 0,0 5,1 16,9 13:16 ENE 19 29,3 35,2 17:25 22,9 05:38 0,0 11,0 0,0 2,8 15,5 14:21 ENE 20 30,1 36,5 17:32 22,5 05:07 0,0 11,8 0,0 2,3 11,9 12:11 ENE 21 30,8 36,4 15:43 24,8 06:37 0,0 12,5 0,0 3,4 13,0 08:44 NE 22 31,3 37,5 16:10 24,4 06:44 0,0 13,0 0,0 2,3 10,4 08:41 ENE 23 31,3 38,5 15:46 23,8 05:20 0,0 13,0 0,0 1,4 10,1 13:28 NO 24 30,8 35,5 14:11 25,5 05:41 0,0 12,5 0,0 1,4 12,6 12:44 E 25 31,3 39,1 14:50 24,3 06:05 0,0 13,0 0,0 2,2 22,3 22:09 ENE 26 28,9 35,2 13:44 21,5 04:55 0,0 10,6 1,6 3,2 20,2 22:26 ENE 27 26,1 31,4 17:28 20,6 05:03 0,0 7,8 15,5 3,5 29,9 03:22 ESE 28 27,3 32,6 16:11 22,5 06:21 0,0 9,0 0,5 5,0 17,3 22:55 ENE 29 25,4 34,2 15:40 20,9 06:14 0,0 7,1 11,5 2,7 17,3 00:00 NO 30 25,6 33,3 17:01 19,2 04:44 0,0 7,3 0,0 2,0 11,9 16:13 SSO 31 27,9 35,9 17:03 20,2 05:40 0,0 9,6 0,0 1,2 10,4 14:47 SSO ---------------------------------------------------------------------------------- 28,4 39,3 15 18,0 10 0,0 312,5 29,1 2,9 30,6 4 ENE Max >= 27,0: 31 Max <= 0,0: 0 Min <= 0,0: 0 Min <= -18,0: 0 Max Rain: 15,5 on day 27 Days of Rain: 4 (>= 0,2 mm) 2 (>= 2,0 mm) 0 (>= 20,0 mm) Heat Base: 18,3 Cool Base: 18,3 Method: Integration