Cliccate su un Anno o un Mese per visualizzare il corrispondente resoconto
Resoconto relativo a 2022 Mar
Monthly Climatological Summary for mar 2022 Name: Oregon City: Soresina State: Italia Elevation: 70 m Lat: N 45° 17' 27" Lon: E 009° 50' 41" Temperature (°C), Rain (mm), Wind Speed (km/h) Heat Cool Avg Mean Deg Deg Wind Dom Day Temp High Time Low Time Days Days Rain Speed High Time Dir ---------------------------------------------------------------------------------- 1 7,3 12,8 15:04 1,5 23:26 11,0 0,0 0,0 2,6 23,8 00:38 NNE 2 6,2 13,9 15:59 -0,4 05:57 12,0 0,0 0,0 1,4 9,4 11:20 SO 3 9,2 16,2 16:34 2,6 07:19 9,1 0,0 0,0 0,8 9,4 14:01 SSO 4 8,3 13,7 15:16 3,3 07:44 10,0 0,0 0,0 3,9 16,2 15:47 ENE 5 6,6 10,8 15:28 2,9 07:16 11,7 0,0 0,0 3,3 17,6 11:40 ENE 6 5,6 12,1 14:20 0,9 07:18 12,6 0,0 0,0 1,1 12,2 10:45 ESE 7 5,8 13,3 15:13 -1,3 06:52 12,5 0,0 0,0 1,0 11,9 11:50 E 8 5,2 10,6 14:42 1,2 23:31 13,1 0,0 0,0 3,0 17,6 00:54 NE 9 6,2 15,0 15:37 -1,3 06:56 12,0 0,0 0,0 1,4 13,0 13:17 O 10 8,1 17,8 15:51 -0,3 05:33 10,2 0,0 0,0 0,6 10,1 15:33 O 11 8,1 12,6 14:54 4,6 03:03 10,2 0,0 0,0 6,5 23,4 09:36 NE 12 6,8 11,2 14:09 3,4 23:57 11,5 0,0 0,0 3,4 20,9 11:16 ENE 13 6,6 11,8 15:31 -0,4 06:42 11,6 0,0 0,0 2,6 14,8 15:02 ENE 14 9,1 14,3 16:04 6,0 05:29 9,2 0,0 0,0 1,4 10,4 15:30 S 16 10,3 16,4 15:23 5,8 05:41 5,9 0,0 0,0 ---- 9,0 13:54 NO 17 9,2 9,9 21:11 0,0 21:11 1,1 0,0 0,0 0,1 3,2 23:58 N 18 10,8 15,3 13:16 6,1 23:45 7,5 0,0 0,0 2,5 20,5 13:54 ENE 19 9,4 15,2 14:37 2,3 06:38 8,9 0,0 0,0 3,6 24,5 17:18 ENE 20 8,6 15,2 14:03 0,4 06:34 9,7 0,0 0,0 2,7 17,3 13:42 ENE 21 9,5 16,3 17:00 2,6 06:35 8,8 0,0 0,0 1,4 10,4 11:44 SE 22 8,7 17,0 16:09 0,5 06:42 9,6 0,0 0,0 1,6 18,4 14:51 E 23 11,1 21,8 14:31 2,1 06:08 7,5 0,4 0,0 1,2 10,4 09:41 OSO 24 13,0 23,9 15:56 3,1 06:29 6,3 1,0 0,0 1,2 10,4 12:32 OSO 25 14,1 23,3 14:22 4,5 06:25 5,4 1,2 0,0 0,8 9,0 14:24 O 26 13,6 22,3 15:06 3,8 06:17 5,6 0,8 0,0 1,2 14,0 14:54 E 27 13,3 21,6 14:07 5,0 07:16 5,4 0,6 0,0 1,3 12,6 14:43 E 28 14,5 24,5 14:38 5,0 07:53 5,1 1,4 0,0 0,8 9,7 16:04 SO 29 12,7 19,6 16:23 6,6 07:14 5,7 0,1 0,0 2,9 12,6 08:04 ENE 30 11,3 13,3 17:41 9,3 06:18 7,0 0,0 0,3 3,3 14,0 12:49 ENE 31 12,1 17,4 17:14 9,5 06:16 6,2 0,0 7,5 1,9 10,8 17:41 S ---------------------------------------------------------------------------------- 9,4 24,5 28 -1,3 7 262,4 5,5 7,8 2,1 24,5 19 ENE Max >= 27,0: 0 Max <= 0,0: 0 Min <= 0,0: 6 Min <= -18,0: 0 Max Rain: 7,5 on day 31 Days of Rain: 2 (>= 0,2 mm) 1 (>= 2,0 mm) 0 (>= 20,0 mm) Heat Base: 18,3 Cool Base: 18,3 Method: Integration