Cliccate su un Anno o un Mese per visualizzare il corrispondente resoconto
Resoconto relativo a 2022 Gen
Monthly Climatological Summary for gen 2022 Name: Oregon City: Soresina State: Italia Elevation: 70 m Lat: N 45° 17' 27" Lon: E 009° 50' 41" Temperature (°C), Rain (mm), Wind Speed (km/h) Heat Cool Avg Mean Deg Deg Wind Dom Day Temp High Time Low Time Days Days Rain Speed High Time Dir ---------------------------------------------------------------------------------- 1 3,6 6,1 12:18 1,7 03:57 14,7 0,0 0,5 0,2 7,6 03:58 S 2 4,0 8,5 13:58 1,1 05:44 12,6 0,0 0,0 0,7 7,6 10:40 SO 3 5,8 11,9 10:30 0,0 00:00 7,0 0,0 0,0 0,8 10,1 18:41 ENE 4 7,1 7,9 10:06 6,1 00:09 11,1 0,0 0,0 0,0 5,0 11:09 S 5 7,6 8,3 10:36 7,1 02:59 10,7 0,0 9,1 0,6 9,7 03:05 NE 6 6,9 12,8 14:02 3,3 23:37 11,4 0,0 0,0 0,3 11,9 03:56 SE 7 4,9 12,9 11:31 0,8 07:37 13,4 0,0 0,0 0,3 10,4 12:20 SE 8 1,1 5,4 14:01 -0,6 10:10 17,2 0,0 0,0 0,8 10,4 14:28 SSO 9 1,7 5,1 15:27 -0,3 01:54 16,5 0,0 0,0 0,7 9,7 01:24 OSO 10 0,2 4,9 15:16 -2,9 07:52 18,1 0,0 0,0 0,6 8,6 13:44 O 11 4,1 12,5 13:52 -1,4 07:10 14,2 0,0 0,0 0,0 4,0 11:50 OSO 12 4,4 12,5 13:39 -0,8 08:29 13,8 0,0 0,0 0,0 6,5 10:28 SSO 13 4,3 12,7 12:33 -1,2 07:45 11,3 0,0 0,0 0,0 7,9 15:14 SSO 14 5,9 13,4 14:09 0,1 08:05 12,4 0,0 0,0 0,5 10,1 12:43 O 15 7,4 16,5 14:16 1,2 07:46 10,9 0,0 0,0 0,0 5,4 15:10 NE 16 6,7 15,3 13:50 1,4 07:15 11,5 0,0 0,0 0,3 7,9 15:45 OSO 17 8,1 16,2 14:06 2,3 07:39 10,2 0,0 0,0 0,8 9,7 05:24 O 18 7,2 14,6 12:49 2,3 07:53 11,1 0,0 0,0 0,3 7,9 04:30 ESE 19 6,5 13,0 13:46 3,2 03:34 11,8 0,0 0,0 0,2 7,2 11:48 O 20 4,4 8,4 15:41 0,9 23:22 13,8 0,0 0,0 0,4 14,0 01:46 NNE 21 3,6 8,6 15:19 0,8 23:56 14,7 0,0 0,0 0,1 10,1 10:31 NE 22 4,0 9,2 15:17 0,8 00:00 14,3 0,0 0,0 0,7 15,1 13:19 ONO 23 3,3 11,3 14:39 -0,2 20:16 14,9 0,0 0,0 0,2 7,9 06:54 SSE 24 1,5 3,6 17:41 -1,3 07:49 16,8 0,0 0,0 0,3 8,6 17:16 NE 25 3,5 5,7 13:37 1,4 21:30 14,7 0,0 0,0 1,0 11,9 13:02 O 27 3,8 5,3 12:45 2,9 07:14 14,4 0,0 0,0 0,1 5,8 04:20 ONO 28 4,2 9,7 14:35 0,6 07:30 14,1 0,0 0,0 1,4 14,0 11:27 N 29 4,0 11,9 15:29 -0,6 02:44 14,3 0,0 0,2 0,1 7,6 01:08 NE 30 7,6 16,4 16:06 0,9 06:13 10,7 0,0 0,0 0,5 11,9 18:20 ENE 31 7,2 14,3 14:35 2,3 07:54 11,1 0,0 0,0 1,9 32,0 20:48 NO ---------------------------------------------------------------------------------- 4,8 16,5 15 -2,9 10 393,7 0,0 9,8 0,5 32,0 31 ONO Max >= 27,0: 0 Max <= 0,0: 0 Min <= 0,0: 10 Min <= -18,0: 0 Max Rain: 9,1 on day 5 Days of Rain: 3 (>= 0,2 mm) 1 (>= 2,0 mm) 0 (>= 20,0 mm) Heat Base: 18,3 Cool Base: 18,3 Method: Integration