Cliccate su un Anno o un Mese per visualizzare il corrispondente resoconto
Resoconto relativo a 2021 Nov
Monthly Climatological Summary for nov 2021 Name: Oregon City: Soresina State: Italia Elevation: 70 m Lat: N 45° 17' 27" Lon: E 009° 50' 41" Temperature (°C), Rain (mm), Wind Speed (km/h) Heat Cool Avg Mean Deg Deg Wind Dom Day Temp High Time Low Time Days Days Rain Speed High Time Dir ---------------------------------------------------------------------------------- 1 10,3 11,1 00:42 9,0 00:27 0,1 0,0 0,0 2,8 5,8 00:37 NNE 2 11,1 11,1 23:46 11,1 23:46 0,0 0,0 0,0 0,9 10,4 23:52 NNE 3 12,0 13,6 15:44 8,0 00:57 6,3 0,0 36,7 3,0 19,4 07:35 NE 4 13,9 23,5 11:43 8,2 07:21 5,1 0,7 4,2 0,9 13,7 05:19 SO 5 11,7 21,7 11:49 5,4 07:22 7,0 0,4 0,0 0,1 6,1 13:21 O 6 10,8 22,1 11:27 4,5 06:45 7,9 0,4 0,0 0,0 5,4 12:24 S 7 8,5 16,8 13:01 4,5 04:12 9,8 0,0 0,0 0,1 9,0 14:07 SSO 8 8,8 9,9 14:34 7,2 04:01 9,5 0,0 15,5 0,2 9,4 10:47 ENE 9 10,1 17,0 12:46 5,5 06:10 8,2 0,0 0,2 0,0 7,9 13:39 NE 10 12,6 21,3 14:10 9,9 03:08 5,8 0,1 0,0 0,1 9,4 16:11 SSO 11 11,9 15,1 11:03 9,7 23:41 6,4 0,0 0,0 0,7 9,4 07:58 SO 12 11,5 19,4 12:32 7,4 07:15 6,9 0,0 0,2 0,3 7,6 13:15 ESE 13 10,5 12,4 12:46 8,0 01:26 7,8 0,0 0,5 0,7 15,8 23:58 NE 14 11,8 12,4 12:48 11,3 23:55 6,4 0,0 22,2 4,2 27,7 20:08 NE 15 11,8 13,3 15:16 11,1 03:29 6,5 0,0 10,8 0,2 9,7 13:35 NE 16 10,7 13,7 12:32 8,3 06:57 7,6 0,0 3,1 0,1 6,8 16:20 E 17 10,9 12,9 12:11 9,6 23:02 7,0 0,0 1,8 0,1 6,1 14:28 OSO 18 11,5 12,4 13:32 9,8 00:02 3,2 0,0 0,0 0,1 5,8 15:44 NNO 19 11,0 12,9 14:16 9,4 22:24 7,3 0,0 0,0 1,2 10,4 17:52 SO 20 9,0 9,9 08:55 7,8 20:47 9,3 0,0 0,0 0,7 9,4 13:20 OSO 21 7,4 9,2 10:17 6,1 06:52 9,5 0,0 2,6 1,4 11,9 18:57 ENE 22 10,1 15,8 15:42 0,0 00:02 2,8 0,0 16,8 0,5 6,8 00:42 ENE 23 11,4 18,7 11:11 8,3 23:55 6,9 0,0 0,2 1,1 16,9 11:23 ENE 24 10,0 20,2 10:54 4,5 07:25 8,4 0,1 0,0 0,1 6,8 11:16 ENE 25 5,6 6,4 18:56 4,8 05:01 12,6 0,0 12,4 0,1 8,6 22:51 NO 26 10,4 20,7 11:45 5,6 00:00 8,0 0,2 0,2 0,6 11,9 10:33 ONO 27 10,0 19,8 11:37 7,2 23:52 8,2 0,0 3,4 1,2 20,2 22:00 ENE 28 6,4 8,9 10:49 2,6 23:59 11,9 0,0 7,2 0,2 9,4 11:03 SSO 29 4,5 15,3 09:50 0,5 06:48 13,8 0,0 0,2 0,0 5,0 20:45 O 30 4,5 11,5 14:42 0,1 07:59 13,8 0,0 0,0 0,9 15,5 13:29 ONO ---------------------------------------------------------------------------------- 10,0 23,5 4 0,0 22 224,0 1,9 138,2 0,8 27,7 14 NE Max >= 27,0: 0 Max <= 0,0: 0 Min <= 0,0: 1 Min <= -18,0: 0 Max Rain: 36,7 on day 3 Days of Rain: 18 (>= 0,2 mm) 11 (>= 2,0 mm) 2 (>= 20,0 mm) Heat Base: 18,3 Cool Base: 18,3 Method: Integration