Cliccate su un Anno o un Mese per visualizzare il corrispondente resoconto
Resoconto relativo a 2021 Ago
Monthly Climatological Summary for ago 2021 Name: Oregon City: Soresina State: Italia Elevation: 70 m Lat: N 45° 17' 27" Lon: E 009° 50' 41" Temperature (°C), Rain (mm), Wind Speed (km/h) Heat Cool Avg Mean Deg Deg Wind Dom Day Temp High Time Low Time Days Days Rain Speed High Time Dir ---------------------------------------------------------------------------------- 1 23,3 31,4 12:23 19,0 23:59 0,0 4,9 0,7 1,9 19,8 17:31 O 2 22,8 30,6 15:50 17,2 05:33 0,1 4,6 0,0 1,8 22,7 17:18 SE 3 23,6 30,4 16:57 17,3 06:11 0,0 5,3 0,0 1,7 14,0 09:21 ENE 4 21,9 25,7 10:29 19,5 23:43 0,0 3,6 0,8 1,8 15,8 18:25 ENE 5 24,1 32,5 16:01 16,9 05:01 0,2 5,9 0,0 2,1 10,4 14:18 ONO 6 25,4 33,0 17:25 17,3 06:30 0,0 7,1 0,0 1,0 10,4 09:35 NNE 7 25,7 30,7 15:47 19,6 03:39 0,0 7,4 0,0 3,1 19,4 15:29 E 8 26,9 34,5 16:08 19,5 05:38 0,0 8,5 0,0 1,2 10,4 17:00 NNO 9 26,4 33,7 15:36 19,4 06:36 0,0 8,1 0,0 1,6 10,4 11:36 NNE 10 26,6 34,0 15:54 18,5 05:44 0,0 8,3 0,0 1,1 14,4 12:54 NE 11 27,0 36,3 17:04 19,2 06:21 0,0 8,6 0,0 1,0 9,0 14:37 NNO 12 28,4 37,3 16:26 20,7 05:41 0,0 10,1 0,0 0,8 9,4 11:19 ENE 13 29,5 37,3 16:07 22,8 05:03 0,0 11,2 0,0 0,9 28,8 02:51 ESE 14 30,2 38,4 16:01 22,2 06:15 0,0 11,9 0,0 0,5 9,0 11:20 NNE 15 30,2 38,2 16:49 23,1 05:00 0,0 11,9 0,0 0,9 11,9 10:47 NNE 16 27,5 35,3 17:39 20,3 22:27 0,0 9,2 0,5 2,7 32,0 19:22 NNE 17 24,4 31,8 16:39 16,8 05:56 0,1 6,3 0,0 2,2 15,5 15:33 E 18 24,7 30,0 16:06 19,8 06:10 0,0 6,3 0,0 4,4 19,4 11:04 ENE 19 24,6 31,3 16:46 17,3 06:46 0,0 6,3 0,0 3,0 11,9 09:26 ENE 20 25,9 33,4 15:36 19,7 06:26 0,0 7,6 0,0 2,1 9,4 14:11 ENE 21 22,8 22,8 00:01 22,7 00:01 0,0 0,0 0,0 0,9 1,8 00:01 ENE 23 24,3 28,8 15:13 21,6 06:27 0,0 5,7 1,3 4,3 20,9 11:08 E 24 24,0 29,6 16:28 18,0 06:42 0,0 5,7 0,0 1,7 13,0 14:57 E 25 23,7 30,2 16:02 18,0 06:43 0,0 5,4 0,0 2,7 20,9 11:00 E 26 24,5 32,2 15:06 16,5 06:17 0,1 6,3 0,0 1,8 11,9 13:20 ONO 27 20,7 23,4 17:17 18,9 23:40 0,0 2,4 0,0 6,1 21,6 10:07 E 28 20,9 26,3 15:13 16,2 07:19 0,3 2,9 2,8 2,7 14,4 10:39 E 29 21,9 28,5 15:03 14,0 06:35 0,5 4,1 0,0 2,4 12,6 02:02 E 30 22,1 29,4 15:48 16,4 07:18 0,3 4,1 0,0 3,7 17,3 15:14 ESE 31 21,8 29,3 16:24 17,2 06:44 0,1 3,6 0,3 2,7 13,7 00:30 ENE ---------------------------------------------------------------------------------- 24,9 38,4 14 14,0 29 1,7 193,3 6,4 2,2 32,0 16 ENE Max >= 27,0: 26 Max <= 0,0: 0 Min <= 0,0: 0 Min <= -18,0: 0 Max Rain: 2,8 on day 28 Days of Rain: 6 (>= 0,2 mm) 1 (>= 2,0 mm) 0 (>= 20,0 mm) Heat Base: 18,3 Cool Base: 18,3 Method: Integration