Cliccate su un Anno o un Mese per visualizzare il corrispondente resoconto
Resoconto relativo a 2021 Apr
Monthly Climatological Summary for apr 2021 Name: Oregon City: Soresina State: Italia Elevation: 70 m Lat: N 45° 17' 27" Lon: E 009° 50' 41" Temperature (°C), Rain (mm), Wind Speed (km/h) Heat Cool Avg Mean Deg Deg Wind Dom Day Temp High Time Low Time Days Days Rain Speed High Time Dir ---------------------------------------------------------------------------------- 1 18,7 28,2 17:16 9,8 06:18 2,7 3,1 0,0 1,4 9,7 13:23 NO 2 18,7 28,0 16:24 10,7 07:29 2,3 2,7 0,0 1,8 12,2 15:09 OSO 3 14,9 19,0 13:57 10,6 06:28 3,4 0,0 0,0 5,6 26,6 12:37 E 4 12,3 16,4 16:58 8,6 23:56 6,0 0,0 0,0 4,3 16,9 12:15 E 5 12,1 19,0 14:17 5,8 06:27 6,2 0,0 0,0 2,6 11,9 01:47 NE 6 8,7 14,4 11:43 4,4 22:40 9,6 0,0 3,9 4,5 31,0 15:06 E 7 7,7 14,3 17:49 1,9 07:22 10,6 0,0 0,0 3,5 24,8 12:56 NNO 8 9,9 17,5 17:43 0,8 07:12 8,4 0,0 0,0 1,1 15,8 15:08 OSO 9 11,1 18,2 15:40 3,8 06:34 7,2 0,0 0,0 0,4 11,5 09:54 NE 10 11,8 17,3 11:15 7,7 06:53 6,5 0,0 0,0 1,2 14,0 14:26 SO 11 9,8 11,2 16:08 9,0 02:06 8,4 0,0 17,8 2,3 16,9 04:03 NE 12 10,5 17,6 16:01 9,6 00:01 7,7 0,0 16,8 0,4 14,0 10:32 ENE 13 11,2 23,9 15:13 8,0 23:08 7,2 0,1 1,1 1,8 13,7 18:15 SSE 14 10,3 16,9 15:56 4,0 05:01 8,0 0,0 0,0 2,0 19,1 12:14 ENE 15 8,2 11,7 10:37 5,3 06:06 10,1 0,0 10,8 4,1 22,0 10:48 ENE 16 9,6 15,7 15:19 3,3 04:06 8,7 0,0 0,0 3,2 21,2 14:05 E 17 10,3 16,6 16:57 3,4 06:13 8,0 0,0 1,0 2,4 15,1 11:51 ESE 18 11,6 17,3 12:46 8,5 03:29 6,7 0,0 0,0 1,6 19,8 15:33 ENE 19 13,5 20,9 14:32 6,6 06:39 5,1 0,3 0,0 1,5 10,1 12:17 SSE 20 14,8 23,9 15:56 6,2 06:04 4,6 1,1 0,0 1,7 13,0 18:55 O 21 14,9 23,2 15:35 8,1 06:01 4,2 0,8 0,7 2,3 14,0 14:18 O 22 15,1 21,5 16:37 9,9 06:40 3,7 0,5 0,6 2,1 10,4 09:29 SE 23 16,3 22,3 15:31 10,4 06:19 3,0 1,0 0,0 3,7 15,1 13:32 E 24 17,5 25,0 16:30 10,2 06:23 2,6 1,8 0,0 2,0 10,4 13:45 ESE 25 19,0 27,7 16:30 11,4 05:50 2,0 2,7 0,0 1,5 7,9 11:35 SO 26 14,4 17,5 00:06 11,3 23:27 3,9 0,0 2,3 4,2 16,2 09:55 E 27 12,5 15,8 16:26 10,3 05:20 5,8 0,0 2,3 2,0 11,5 17:23 E 28 15,3 20,8 15:22 12,0 05:02 3,3 0,3 1,1 2,2 13,7 16:58 ESE 29 14,8 17,4 14:22 13,2 05:04 3,5 0,0 2,6 3,1 16,6 18:19 ENE 30 16,2 21,8 17:11 12,8 05:44 2,7 0,6 8,6 2,0 14,0 13:00 NNE ---------------------------------------------------------------------------------- 13,1 28,2 1 0,8 8 172,1 15,0 69,6 2,4 31,0 6 E Max >= 27,0: 3 Max <= 0,0: 0 Min <= 0,0: 0 Min <= -18,0: 0 Max Rain: 17,8 on day 11 Days of Rain: 13 (>= 0,2 mm) 8 (>= 2,0 mm) 0 (>= 20,0 mm) Heat Base: 18,3 Cool Base: 18,3 Method: Integration