Cliccate su un Anno o un Mese per visualizzare il corrispondente resoconto
Resoconto relativo a 2020 Nov
Monthly Climatological Summary for nov 2020 Name: Oregon City: Soresina State: Italia Elevation: 70 m Lat: N 45° 17' 27" Lon: E 009° 50' 41" Temperature (°C), Rain (mm), Wind Speed (km/h) Heat Cool Avg Mean Deg Deg Wind Dom Day Temp High Time Low Time Days Days Rain Speed High Time Dir ---------------------------------------------------------------------------------- 1 11,9 14,9 16:03 10,5 06:11 6,4 0,0 0,2 0,2 7,2 15:14 O 2 11,5 12,9 15:58 10,0 07:38 6,8 0,0 0,0 0,0 4,7 00:32 OSO 3 14,5 17,5 14:20 12,4 00:00 3,8 0,0 0,0 0,2 5,0 16:03 SSO 4 16,1 18,4 13:32 14,3 06:36 2,2 0,0 0,0 0,2 6,1 13:46 NO 5 15,0 19,5 14:02 11,8 22:20 3,4 0,1 0,0 0,5 7,9 14:35 SSO 6 14,6 21,2 14:36 10,4 23:59 4,0 0,3 0,0 0,3 9,0 12:10 SSO 7 11,2 14,1 14:12 8,6 07:21 7,1 0,0 0,0 0,2 6,8 12:05 OSO 8 12,6 20,4 15:23 8,6 02:19 5,8 0,2 0,2 0,2 7,6 12:54 ONO 9 13,2 20,1 13:51 8,6 05:47 5,2 0,1 0,0 0,4 9,7 11:56 OSO 10 12,0 17,1 12:48 8,1 06:29 6,3 0,0 0,0 0,6 9,0 12:10 SO 11 10,7 11,5 00:00 9,4 08:16 7,6 0,0 0,2 0,5 9,7 07:49 ENE 12 12,1 17,3 13:34 10,1 22:03 6,2 0,0 0,0 0,4 8,6 14:16 SSO 13 12,5 15,7 13:12 10,8 01:11 5,8 0,0 0,0 0,5 6,5 15:01 SSO 14 12,5 14,8 14:44 10,1 19:28 5,8 0,0 0,0 0,7 6,8 09:44 ENE 15 12,8 15,1 13:01 11,7 00:00 5,4 0,0 0,0 0,4 6,1 13:14 OSO 16 11,9 14,3 13:30 7,9 23:21 6,4 0,0 9,0 0,1 6,8 14:07 SO 17 8,1 11,7 15:51 4,9 07:34 10,2 0,0 0,2 0,0 4,7 10:57 SO 18 7,7 9,2 15:06 6,7 23:44 10,5 0,0 0,3 0,0 6,5 11:37 O 19 5,8 7,3 15:12 4,7 06:15 12,5 0,0 0,2 0,0 5,0 23:52 NE 20 9,6 15,4 13:29 5,6 00:00 8,7 0,0 6,5 0,8 20,5 07:03 ESE 21 6,8 12,3 13:05 2,2 23:10 11,5 0,0 0,0 0,8 10,1 12:55 ENE 22 5,1 12,4 12:35 0,2 06:31 13,1 0,0 0,0 0,4 9,7 14:25 SO 23 5,9 13,7 14:52 0,9 05:37 12,4 0,0 0,0 0,4 5,8 20:08 ESE 24 6,4 14,2 13:48 2,6 08:03 11,9 0,0 0,0 0,4 7,6 10:14 OSO 25 5,4 13,0 13:47 0,9 04:52 12,8 0,0 0,0 0,4 6,8 11:44 SO 26 4,5 11,8 13:02 0,8 07:15 13,8 0,0 0,0 0,3 7,9 13:44 O 27 4,5 8,0 14:42 0,4 01:40 13,8 0,0 0,0 0,6 6,8 12:42 OSO 28 6,6 9,4 14:10 2,9 05:28 11,7 0,0 0,2 0,8 7,6 22:04 ONO 29 8,5 13,4 12:47 4,1 23:58 9,7 0,0 0,0 0,7 7,6 00:05 SO 30 5,7 9,6 14:17 2,4 02:18 12,6 0,0 0,0 1,3 11,5 15:00 E ---------------------------------------------------------------------------------- 9,9 21,2 6 0,2 22 253,4 0,7 17,0 0,4 20,5 20 SSO Max >= 27,0: 0 Max <= 0,0: 0 Min <= 0,0: 0 Min <= -18,0: 0 Max Rain: 9,0 on day 16 Days of Rain: 9 (>= 0,2 mm) 2 (>= 2,0 mm) 0 (>= 20,0 mm) Heat Base: 18,3 Cool Base: 18,3 Method: Integration