Cliccate su un Anno o un Mese per visualizzare il corrispondente resoconto
Resoconto relativo a 2020 Ott
Monthly Climatological Summary for ott 2020 Name: Oregon City: Soresina State: Italia Elevation: 70 m Lat: N 45° 17' 27" Lon: E 009° 50' 41" Temperature (°C), Rain (mm), Wind Speed (km/h) Heat Cool Avg Mean Deg Deg Wind Dom Day Temp High Time Low Time Days Days Rain Speed High Time Dir ---------------------------------------------------------------------------------- 1 18,0 21,9 13:11 15,0 02:24 1,3 0,9 0,0 0,0 2,2 12:40 O 2 17,3 19,3 22:30 15,7 06:58 1,2 0,2 18,4 8,2 37,1 23:03 ENE 3 18,5 22,7 15:36 13,2 23:20 0,8 0,9 5,4 7,4 38,9 00:17 E 4 15,9 22,7 12:59 11,2 06:53 3,0 0,6 2,3 5,6 23,8 14:50 E 5 15,9 20,9 13:49 12,6 23:49 2,8 0,4 3,1 0,8 19,1 01:20 N 6 15,6 21,4 15:06 10,5 07:29 3,2 0,4 0,0 0,6 6,1 10:40 O 7 18,2 26,7 16:15 13,2 08:01 1,8 1,7 0,0 2,4 15,1 10:55 NO 8 16,4 24,4 17:20 10,4 07:22 3,2 1,3 0,0 0,9 9,4 14:31 OSO 9 16,5 23,7 15:37 10,5 06:47 2,8 1,0 0,0 0,4 9,7 11:59 NE 10 17,5 24,5 15:39 12,0 07:26 2,2 1,5 20,4 0,9 12,2 21:54 ONO 11 12,2 15,3 00:00 9,7 23:32 6,1 0,0 27,4 0,5 12,2 12:21 ENE 12 12,3 18,4 15:40 9,0 04:45 6,0 0,0 0,0 0,6 10,1 13:51 SO 13 12,3 19,0 16:54 6,8 07:50 6,0 0,0 0,0 0,5 10,4 15:18 OSO 14 12,1 18,8 15:35 6,6 06:34 6,2 0,0 0,2 0,9 15,1 23:46 ENE 15 11,0 12,6 00:00 10,0 09:00 7,3 0,0 25,6 0,3 10,4 07:22 NO 16 12,8 17,5 14:25 10,5 06:03 5,5 0,0 1,8 0,3 9,0 14:32 OSO 17 12,8 20,0 14:17 7,3 07:20 5,6 0,1 0,0 0,3 7,6 14:41 ONO 18 12,4 19,3 16:07 7,1 07:56 5,9 0,0 0,0 0,8 9,7 13:12 E 19 13,6 20,3 16:11 9,4 06:50 4,8 0,1 0,0 0,1 6,8 14:38 OSO 22 13,7 16,6 15:54 11,0 05:21 4,6 0,0 0,0 1,2 9,0 14:45 O 23 13,8 14,2 00:02 13,2 10:59 4,5 0,0 1,6 1,6 10,1 10:50 ENE 24 14,3 17,3 15:50 12,2 23:39 4,0 0,0 0,2 0,6 9,7 14:04 ONO 25 14,6 20,3 12:37 10,3 03:52 3,9 0,1 0,0 1,0 10,1 12:41 OSO 26 15,4 16,2 12:32 0,0 00:24 2,9 0,0 13,1 5,2 23,8 10:00 ENE 27 13,2 18,6 15:35 9,2 23:52 5,1 0,0 0,8 0,3 16,9 03:37 OSO 28 12,5 20,3 14:29 7,2 06:39 5,9 0,2 0,0 0,4 9,7 11:08 OSO 29 13,0 19,0 15:16 8,8 07:01 5,3 0,0 0,0 0,5 9,4 10:10 O 30 12,4 19,2 15:32 8,7 07:39 5,9 0,0 0,0 0,7 9,7 10:21 SO 31 11,0 13,5 13:31 7,4 05:46 7,3 0,0 0,0 0,4 6,1 11:43 OSO ---------------------------------------------------------------------------------- 14,3 26,7 7 0,0 26 125,1 9,4 120,3 1,5 38,9 3 ENE Max >= 27,0: 0 Max <= 0,0: 0 Min <= 0,0: 1 Min <= -18,0: 0 Max Rain: 27,4 on day 11 Days of Rain: 13 (>= 0,2 mm) 8 (>= 2,0 mm) 3 (>= 20,0 mm) Heat Base: 18,3 Cool Base: 18,3 Method: Integration