Cliccate su un Anno o un Mese per visualizzare il corrispondente resoconto
Resoconto relativo a 2020 Set
Monthly Climatological Summary for set 2020 Name: Oregon City: Soresina State: Italia Elevation: 70 m Lat: N 45° 17' 27" Lon: E 009° 50' 41" Temperature (°C), Rain (mm), Wind Speed (km/h) Heat Cool Avg Mean Deg Deg Wind Dom Day Temp High Time Low Time Days Days Rain Speed High Time Dir ---------------------------------------------------------------------------------- 1 20,9 30,3 17:46 13,9 06:49 1,3 3,8 0,0 0,0 5,8 11:50 ONO 2 20,2 24,6 18:08 16,6 04:38 0,3 2,1 0,0 0,3 16,9 13:52 NE 3 21,8 29,0 15:14 14,8 06:33 0,7 4,3 0,0 0,0 0,0 00:00 --- 4 23,6 32,0 15:47 16,8 06:26 0,2 5,5 0,0 0,0 0,0 00:00 --- 5 24,9 33,8 16:48 17,7 06:35 0,0 6,6 0,0 0,0 0,0 00:00 --- 6 24,4 30,8 15:51 18,0 07:07 0,0 6,1 0,0 0,0 4,0 22:20 NO 7 21,9 27,7 16:23 19,6 10:51 0,0 3,6 11,6 0,0 0,0 00:00 --- 8 23,2 29,9 17:27 17,5 07:10 0,0 5,0 0,0 0,0 5,0 12:35 SE 9 24,1 31,4 16:35 17,5 07:08 0,1 5,9 0,0 0,0 1,4 14:12 OSO 10 24,2 30,2 13:28 18,4 06:30 0,0 5,9 0,0 0,0 0,0 00:00 --- 11 24,3 30,6 14:45 20,0 07:31 0,0 6,0 0,0 0,0 0,0 00:00 --- 12 24,8 33,1 16:01 18,2 07:04 0,0 6,5 0,0 0,0 0,0 00:00 --- 13 26,0 34,6 15:42 19,5 05:46 0,0 7,6 0,0 0,0 0,0 00:00 --- 14 25,8 32,1 15:01 19,4 06:36 0,0 7,5 0,0 0,1 14,0 16:18 ENE 15 25,2 33,0 15:15 18,8 06:51 0,0 6,9 0,0 0,0 6,8 15:37 NE 16 24,9 32,7 15:23 18,8 05:40 0,0 6,6 0,0 0,0 1,8 16:57 SSO 17 25,7 33,9 15:50 19,0 07:28 0,0 7,4 0,0 0,0 1,4 11:41 SSO 18 25,0 31,1 16:00 19,2 06:32 0,0 6,7 0,0 0,0 7,9 13:10 ENE 19 21,8 26,0 17:21 18,0 07:29 0,0 3,5 0,0 0,1 11,2 11:07 E 20 21,7 28,4 14:56 17,5 04:30 0,1 3,5 0,0 0,0 6,8 18:34 S 21 21,7 28,1 13:49 18,2 06:08 0,0 3,4 5,2 0,0 3,2 15:02 ONO 22 20,2 24,9 15:04 17,9 20:56 0,0 1,9 5,4 0,0 6,8 13:00 NE 23 20,8 26,0 15:22 17,3 06:20 0,2 2,7 1,8 0,0 0,0 00:00 --- 24 20,7 25,9 15:05 17,1 03:21 0,2 2,5 0,2 1,7 20,9 17:11 E 25 17,5 24,1 12:38 13,5 21:32 1,5 0,7 0,2 3,1 36,4 12:40 N 26 16,2 22,5 15:56 11,4 07:18 3,1 1,0 0,0 4,4 30,6 11:08 NO 27 12,5 20,4 14:40 6,7 05:30 5,9 0,1 9,3 0,9 20,2 15:32 ENE 28 14,7 22,7 17:14 8,7 06:43 4,2 0,6 0,0 0,2 12,2 07:16 SO 29 16,5 24,1 16:18 10,0 04:50 3,1 1,3 0,0 0,1 11,5 14:57 OSO 30 18,2 25,6 16:15 11,7 07:31 2,0 1,9 0,0 0,1 9,4 14:01 OSO ---------------------------------------------------------------------------------- 21,8 34,6 13 6,7 27 22,9 127,1 33,7 0,4 36,4 25 N Max >= 27,0: 19 Max <= 0,0: 0 Min <= 0,0: 0 Min <= -18,0: 0 Max Rain: 11,6 on day 7 Days of Rain: 7 (>= 0,2 mm) 4 (>= 2,0 mm) 0 (>= 20,0 mm) Heat Base: 18,3 Cool Base: 18,3 Method: Integration