Cliccate su un Anno o un Mese per visualizzare il corrispondente resoconto
Resoconto relativo a 2020 Ago
Monthly Climatological Summary for ago 2020 Name: Oregon City: Soresina State: Italia Elevation: 70 m Lat: N 45° 17' 27" Lon: E 009° 50' 41" Temperature (°C), Rain (mm), Wind Speed (km/h) Heat Cool Avg Mean Deg Deg Wind Dom Day Temp High Time Low Time Days Days Rain Speed High Time Dir ---------------------------------------------------------------------------------- 1 31,2 38,8 16:40 24,1 06:23 0,0 12,9 0,0 0,0 21,2 23:49 SO 2 27,7 33,5 16:36 21,1 23:40 0,0 9,3 24,7 1,4 21,2 00:01 E 3 21,3 25,9 10:31 18,3 22:52 0,0 3,0 25,1 0,5 28,8 18:17 ENE 4 21,3 26,9 17:38 17,8 06:26 0,0 3,0 0,5 0,0 1,4 10:08 ESE 5 23,6 29,2 16:20 15,8 05:58 0,3 5,5 0,0 0,0 9,4 14:22 SSE 6 25,8 33,3 15:39 18,2 06:24 0,0 7,5 0,0 0,0 1,4 14:39 OSO 7 27,2 32,4 16:30 21,2 06:33 0,0 8,9 0,0 0,0 1,4 11:57 SSO 8 29,4 37,4 16:59 23,2 07:08 0,0 11,1 0,0 0,0 0,0 00:00 --- 9 29,0 36,6 14:01 22,0 06:31 0,0 10,6 0,0 0,0 0,0 00:00 --- 10 28,8 35,1 14:11 22,4 05:51 0,0 10,4 0,0 0,0 7,2 23:18 SO 11 28,7 36,3 14:15 21,4 06:25 0,0 10,4 0,0 0,0 0,0 00:00 --- 12 28,3 34,5 16:53 22,1 23:20 0,0 10,0 28,3 0,2 24,5 23:08 O 13 27,6 35,3 17:06 21,6 01:31 0,0 9,3 0,0 0,0 10,4 00:09 NNE 14 27,1 35,2 15:26 22,0 05:54 0,0 8,8 0,0 0,3 17,6 18:31 ENE 15 26,7 33,9 18:22 20,2 06:42 0,0 8,4 0,0 0,0 11,5 00:00 NE 16 27,6 34,8 15:20 22,7 06:13 0,0 9,2 0,0 0,0 1,4 11:34 NE 17 25,6 33,0 16:20 21,2 06:30 0,0 7,3 0,2 0,0 0,0 00:00 --- 18 25,6 32,6 17:55 20,6 05:25 0,0 7,3 0,0 0,0 0,0 00:00 --- 19 26,7 33,7 16:55 21,0 04:55 0,0 8,4 0,0 0,6 16,2 00:25 NE 21 24,5 29,8 12:05 21,3 06:40 0,0 3,2 0,0 ---- 0,0 00:00 --- 22 29,6 37,0 14:48 23,2 06:45 0,0 11,0 0,0 0,0 6,1 10:21 S 23 26,0 32,9 15:50 22,2 05:47 0,0 7,7 0,0 1,1 20,5 18:30 NE 24 24,9 30,0 16:23 19,5 06:24 0,0 6,6 0,0 0,6 17,6 12:30 ENE 25 25,6 32,8 16:49 18,4 06:39 0,0 7,3 0,0 0,0 10,8 12:48 S 26 26,3 34,0 17:04 19,2 06:03 0,0 8,0 0,0 0,1 12,2 14:28 ONO 27 26,8 32,7 17:07 21,9 06:55 0,0 8,5 0,0 0,2 16,2 11:45 ENE 28 25,6 31,9 15:07 22,2 07:18 0,0 7,3 0,0 2,5 24,5 16:15 ENE 29 21,5 23,5 00:00 19,2 16:21 0,0 3,2 23,6 1,0 20,9 15:05 NE 30 23,0 29,9 17:35 19,4 07:01 0,0 4,7 12,1 1,6 28,1 13:56 S 31 20,1 27,0 16:32 16,1 06:29 0,4 2,2 5,0 0,5 17,3 22:19 E ---------------------------------------------------------------------------------- 26,1 38,8 1 15,8 5 0,7 231,0 119,5 0,4 28,8 3 ENE Max >= 27,0: 27 Max <= 0,0: 0 Min <= 0,0: 0 Min <= -18,0: 0 Max Rain: 28,3 on day 12 Days of Rain: 8 (>= 0,2 mm) 6 (>= 2,0 mm) 4 (>= 20,0 mm) Heat Base: 18,3 Cool Base: 18,3 Method: Integration