Cliccate su un Anno o un Mese per visualizzare il corrispondente resoconto
Resoconto relativo a 2020 Giu
Monthly Climatological Summary for giu 2020 Name: Oregon City: Soresina State: Italia Elevation: 70 m Lat: N 45° 17' 27" Lon: E 009° 50' 41" Temperature (°C), Rain (mm), Wind Speed (km/h) Heat Cool Avg Mean Deg Deg Wind Dom Day Temp High Time Low Time Days Days Rain Speed High Time Dir ---------------------------------------------------------------------------------- 1 22,5 28,4 15:18 16,1 05:54 0,4 4,6 0,0 0,4 12,2 07:15 ESE 2 24,0 31,8 16:47 18,4 05:24 0,0 5,7 0,0 0,9 19,8 19:12 ONO 3 22,1 29,8 13:45 14,9 04:52 0,6 4,4 0,0 0,6 16,2 17:01 SSO 4 17,5 18,7 00:00 15,4 23:58 0,8 0,0 28,2 2,8 22,3 15:37 ENE 5 20,6 29,1 17:55 13,7 03:47 1,5 3,8 9,5 0,8 15,5 12:26 O 6 22,5 29,0 16:05 17,5 05:42 0,1 4,3 0,0 1,7 17,3 17:48 ESE 7 20,1 24,8 17:06 16,5 23:51 0,2 1,9 13,0 3,4 23,4 15:08 E 8 18,4 22,5 16:59 15,6 04:15 1,0 1,1 1,6 1,0 21,2 18:51 E 9 19,8 24,8 18:07 15,6 05:09 0,6 2,1 0,0 0,9 20,2 14:34 OSO 10 18,3 27,2 14:35 15,1 05:49 1,5 1,5 19,2 0,5 27,7 15:05 SO 11 18,2 23,5 16:27 15,5 06:23 1,1 1,0 2,1 0,5 16,2 19:31 E 12 21,8 28,8 16:11 14,3 05:43 0,7 4,1 0,0 0,3 9,7 13:48 N 13 21,9 30,9 15:09 17,5 05:42 0,1 3,7 4,7 1,0 14,0 12:24 OSO 14 22,1 29,4 18:09 17,2 06:50 0,2 4,0 2,6 0,5 10,4 10:50 OSO 15 22,8 28,0 15:58 17,9 05:42 0,0 4,5 0,0 1,3 17,3 21:33 E 16 23,0 29,9 13:00 19,1 05:20 0,0 4,7 6,5 0,6 16,2 17:09 ESE 17 21,5 28,3 15:46 16,8 08:29 0,1 3,3 11,9 0,5 20,9 20:33 O 18 22,1 29,9 14:18 16,2 05:38 0,4 4,1 0,0 0,7 13,0 11:35 O 19 20,8 28,2 16:40 16,4 06:00 0,3 2,8 5,5 1,1 20,5 14:33 O 20 22,5 31,4 17:28 14,1 05:14 0,9 5,1 0,0 0,2 9,7 13:21 SO 21 25,0 33,2 16:44 17,3 05:41 0,0 6,7 0,0 0,5 10,1 10:36 SO 22 26,5 35,2 15:20 17,2 05:49 0,0 8,2 0,0 0,4 10,4 12:29 SO 23 28,8 35,9 15:49 20,5 05:51 0,0 10,5 0,0 0,1 7,6 16:19 ONO 24 26,6 32,3 17:57 21,9 05:00 0,0 8,3 0,0 2,7 17,6 08:51 E 25 25,4 31,7 16:51 20,5 05:51 0,0 7,1 0,2 1,9 20,9 12:13 ENE 26 25,3 32,3 14:54 19,8 05:38 0,0 7,0 0,0 0,7 15,8 00:28 ENE 27 27,8 35,1 14:13 21,1 05:57 0,0 9,5 0,0 0,1 9,4 15:22 SSO 28 27,8 35,9 16:39 20,2 05:39 0,0 9,5 0,0 0,1 9,4 12:18 O 29 28,3 34,8 15:47 21,7 04:16 0,0 10,0 0,0 0,9 15,8 23:25 OSO 30 27,7 35,0 16:17 22,0 05:44 0,0 9,4 0,0 0,6 14,0 00:21 ESE ---------------------------------------------------------------------------------- 23,1 35,9 23 13,7 5 10,5 152,9 105,0 0,9 27,7 10 E Max >= 27,0: 25 Max <= 0,0: 0 Min <= 0,0: 0 Min <= -18,0: 0 Max Rain: 28,2 on day 4 Days of Rain: 12 (>= 0,2 mm) 10 (>= 2,0 mm) 1 (>= 20,0 mm) Heat Base: 18,3 Cool Base: 18,3 Method: Integration