Cliccate su un Anno o un Mese per visualizzare il corrispondente resoconto
Resoconto relativo a 2020 Apr
Monthly Climatological Summary for apr 2020 Name: Oregon City: Soresina State: Italia Elevation: 70 m Lat: N 45° 17' 27" Lon: E 009° 50' 41" Temperature (°C), Rain (mm), Wind Speed (km/h) Heat Cool Avg Mean Deg Deg Wind Dom Day Temp High Time Low Time Days Days Rain Speed High Time Dir ---------------------------------------------------------------------------------- 1 6,9 12,4 17:14 2,0 02:40 11,4 0,0 0,0 0,8 13,7 14:40 E 2 8,1 16,5 15:19 -0,2 06:55 10,2 0,0 0,0 0,3 11,5 16:32 SO 3 10,3 17,7 15:31 1,8 07:04 8,0 0,0 0,0 0,4 12,6 16:33 ESE 4 12,4 20,0 15:19 3,4 06:11 6,1 0,2 0,0 0,8 15,5 12:10 ESE 5 14,1 21,3 17:50 7,0 06:50 4,6 0,4 0,0 0,8 15,5 15:12 E 6 14,7 23,5 17:09 6,1 06:32 4,7 1,1 0,0 0,6 13,7 13:32 E 7 15,5 24,2 16:24 5,5 06:56 4,1 1,3 0,0 0,5 14,4 15:31 E 8 16,0 23,4 15:29 6,1 06:12 3,6 1,4 0,0 0,9 13,0 16:58 ESE 9 16,5 26,2 16:43 6,1 06:51 3,8 1,9 0,0 0,4 12,2 15:13 SO 10 18,0 27,6 15:06 7,3 06:59 3,1 2,9 0,0 0,3 10,4 17:14 SSO 11 18,6 29,3 16:10 9,3 04:16 2,9 3,2 0,0 0,7 11,5 17:39 SO 12 18,5 28,2 16:04 9,0 07:05 2,7 3,0 0,0 0,7 10,1 13:34 N 13 18,5 26,1 14:45 10,5 07:03 2,0 2,2 0,0 0,9 13,0 12:47 O 14 16,6 27,9 16:28 10,8 23:01 3,5 1,7 0,0 5,1 42,8 18:22 ENE 15 12,7 18,2 16:18 7,1 06:56 5,6 0,0 0,0 1,7 16,9 09:23 E 16 14,3 23,3 17:01 4,7 06:24 5,1 1,1 0,0 0,3 10,1 12:33 O 17 16,8 25,2 15:10 6,7 06:39 3,3 1,8 0,0 0,4 9,7 15:25 OSO 18 18,5 26,8 16:12 9,2 06:53 2,4 2,6 0,0 0,3 11,9 15:25 ONO 19 18,5 24,8 15:28 11,4 06:50 1,9 2,1 0,0 0,7 12,6 21:48 S 20 14,7 16,3 00:00 12,5 23:52 3,6 0,0 6,7 3,0 23,0 09:41 E 21 13,5 16,8 16:06 11,0 23:46 4,8 0,0 2,1 0,3 13,7 14:25 SE 22 15,5 22,4 16:44 6,7 06:32 3,8 1,0 0,0 2,6 31,0 15:04 E 23 16,0 23,0 15:46 7,7 06:22 3,5 1,2 0,0 0,7 14,0 16:03 ESE 24 18,2 26,6 16:57 9,1 06:27 2,6 2,5 0,0 0,8 15,8 15:57 OSO 25 19,5 27,2 17:08 12,3 04:44 1,6 2,8 0,0 1,6 21,2 14:50 O 26 19,1 26,7 17:02 14,0 06:46 1,3 2,1 0,0 0,2 10,4 15:15 SSE 27 19,2 24,6 17:05 15,2 06:18 1,1 1,9 0,0 0,2 13,7 16:19 O 28 17,0 21,7 15:18 13,9 06:39 1,8 0,4 0,2 0,9 23,8 17:41 SE 29 18,1 25,5 16:31 14,2 06:59 1,7 1,5 5,2 1,0 17,3 16:47 ONO 30 17,4 22,4 13:40 13,3 06:15 1,9 1,0 0,2 2,7 24,8 16:58 SE ---------------------------------------------------------------------------------- 15,8 29,3 11 -0,2 2 116,7 41,3 14,4 1,0 42,8 14 ESE Max >= 27,0: 5 Max <= 0,0: 0 Min <= 0,0: 1 Min <= -18,0: 0 Max Rain: 6,7 on day 20 Days of Rain: 5 (>= 0,2 mm) 3 (>= 2,0 mm) 0 (>= 20,0 mm) Heat Base: 18,3 Cool Base: 18,3 Method: Integration