Cliccate su un Anno o un Mese per visualizzare il corrispondente resoconto
Resoconto relativo a 2020 Mar
Monthly Climatological Summary for mar 2020 Name: Oregon City: Soresina State: Italia Elevation: 70 m Lat: N 45° 17' 27" Lon: E 009° 50' 41" Temperature (°C), Rain (mm), Wind Speed (km/h) Heat Cool Avg Mean Deg Deg Wind Dom Day Temp High Time Low Time Days Days Rain Speed High Time Dir ---------------------------------------------------------------------------------- 1 7,3 8,4 13:16 6,3 23:59 10,9 0,0 2,4 0,0 7,2 02:33 NNO 2 5,7 10,1 19:09 2,3 05:29 12,6 0,0 17,5 3,5 42,5 17:53 ENE 3 8,0 12,1 14:42 4,6 23:37 10,3 0,0 1,0 1,7 14,0 11:10 OSO 4 8,0 14,9 14:57 2,7 03:49 10,2 0,0 0,0 0,4 11,9 13:33 SSE 5 6,9 9,7 13:50 4,6 05:47 11,4 0,0 11,4 1,6 17,6 21:24 ENE 6 6,7 11,8 15:33 3,3 05:30 11,6 0,0 5,9 2,1 14,0 08:33 ONO 7 10,1 18,0 14:29 4,8 07:04 8,2 0,0 0,0 2,5 13,7 21:53 SE 8 9,9 17,0 15:37 2,0 06:13 8,4 0,0 0,0 0,8 9,4 13:56 SO 9 7,6 10,2 11:29 5,2 07:12 10,7 0,0 0,0 2,1 14,0 12:34 SO 10 10,5 17,7 15:38 5,5 05:55 7,8 0,0 0,0 2,6 11,9 14:23 O 11 12,9 22,0 16:01 4,8 06:58 5,8 0,4 0,0 1,3 9,4 22:46 ENE 12 11,8 17,4 14:32 5,8 05:35 6,5 0,0 0,0 0,6 11,2 13:25 NO 13 15,5 20,5 12:53 12,6 06:14 3,1 0,2 0,0 2,6 15,8 13:20 N 14 11,0 13,8 00:00 7,3 23:54 7,3 0,0 0,0 4,2 20,2 09:37 E 15 9,8 15,9 16:00 3,6 04:41 8,5 0,0 0,0 1,4 14,0 11:22 E 16 10,4 17,8 14:07 3,9 06:23 7,9 0,0 0,0 0,7 10,4 11:09 SE 17 10,9 19,2 15:05 3,1 05:25 7,4 0,0 0,0 0,4 11,5 16:02 SSO 18 13,1 21,5 15:16 4,6 05:37 5,7 0,5 0,0 0,1 8,6 16:58 SSE 19 14,3 24,3 15:04 5,9 06:25 5,1 1,1 0,0 0,3 6,8 13:41 SO 20 13,4 19,4 13:32 6,9 06:41 5,0 0,0 0,0 0,9 11,9 14:09 S 21 14,2 22,4 14:22 6,8 06:30 4,7 0,6 0,0 1,3 13,0 23:12 E 22 12,1 15,6 14:19 9,8 23:57 6,2 0,0 0,0 6,5 29,9 23:58 E 23 6,8 10,9 16:33 2,0 23:24 11,5 0,0 0,0 5,7 44,3 06:44 E 24 6,7 14,6 14:49 -1,6 06:30 11,5 0,0 0,0 0,6 13,7 20:24 SE 25 6,4 11,1 13:43 2,1 06:17 11,8 0,0 0,0 3,6 35,6 13:06 E 26 4,1 6,6 12:29 0,4 05:59 14,2 0,0 0,0 0,1 12,2 14:06 S 27 9,2 13,3 15:42 4,8 01:01 9,1 0,0 0,0 0,2 11,2 10:40 ENE 28 13,9 21,2 14:36 8,1 06:14 4,7 0,3 0,0 0,3 10,4 11:32 SO 29 14,7 21,1 13:48 8,9 01:43 4,0 0,5 0,0 0,3 11,5 13:12 E 30 13,0 16,5 14:55 6,8 23:57 5,3 0,0 0,7 5,2 28,8 22:53 ENE 31 6,5 9,9 17:48 3,5 23:59 11,8 0,0 5,0 4,1 24,5 00:17 E ---------------------------------------------------------------------------------- 10,0 24,3 19 -1,6 24 259,2 3,6 43,9 1,9 44,3 23 E Max >= 27,0: 0 Max <= 0,0: 0 Min <= 0,0: 1 Min <= -18,0: 0 Max Rain: 17,5 on day 2 Days of Rain: 7 (>= 0,2 mm) 5 (>= 2,0 mm) 0 (>= 20,0 mm) Heat Base: 18,3 Cool Base: 18,3 Method: Integration