Cliccate su un Anno o un Mese per visualizzare il corrispondente resoconto
Resoconto relativo a 2020 Gen
Monthly Climatological Summary for gen 2020 Name: Oregon City: Soresina State: Italia Elevation: 70 m Lat: N 45° 17' 27" Lon: E 009° 50' 41" Temperature (°C), Rain (mm), Wind Speed (km/h) Heat Cool Avg Mean Deg Deg Wind Dom Day Temp High Time Low Time Days Days Rain Speed High Time Dir ---------------------------------------------------------------------------------- 1 3,6 11,1 13:28 -0,9 07:35 14,6 0,0 0,0 0,0 0,0 00:00 --- 2 3,8 10,4 15:25 0,9 04:11 14,5 0,0 0,0 0,0 6,1 09:46 O 3 5,0 10,1 13:06 2,0 06:38 13,3 0,0 0,0 0,0 9,4 12:53 O 4 5,9 12,0 14:56 2,0 07:37 12,4 0,0 0,0 0,2 9,4 13:05 NO 5 6,5 13,5 13:09 1,6 04:03 11,8 0,0 0,0 0,0 6,5 20:54 NE 7 1,7 3,1 14:47 0,3 00:00 16,3 0,0 0,0 0,0 0,0 00:00 --- 8 -0,4 0,7 00:00 -1,9 23:53 18,6 0,0 0,0 0,0 7,2 02:57 ONO 9 -2,5 0,5 15:45 -4,2 08:22 20,8 0,0 0,2 0,0 0,0 00:00 --- 10 1,8 8,1 17:57 -4,7 04:42 16,5 0,0 0,0 0,0 0,0 00:00 --- 11 4,4 13,1 15:03 -0,3 07:14 13,9 0,0 0,0 0,0 0,0 00:00 --- 12 4,3 11,6 15:52 0,0 05:03 13,9 0,0 0,0 0,0 0,0 00:00 --- 13 3,0 10,5 15:18 -1,5 08:12 15,3 0,0 0,0 0,0 0,0 00:00 --- 14 4,9 7,6 12:49 1,4 00:22 13,4 0,0 0,0 0,0 1,4 13:38 SO 15 7,0 8,8 13:34 5,8 08:10 11,3 0,0 0,2 0,0 0,0 00:00 --- 16 7,5 11,9 14:58 4,7 23:57 10,8 0,0 0,0 0,0 0,0 00:00 --- 17 6,7 12,0 14:07 2,5 08:08 11,6 0,0 4,9 0,0 7,6 12:53 SO 18 6,4 7,9 00:00 1,9 22:08 11,9 0,0 15,2 0,0 1,8 04:31 NO 19 3,7 8,8 14:34 -0,2 08:11 14,6 0,0 0,2 0,0 0,0 00:00 --- 20 6,0 11,0 14:21 1,5 23:32 12,3 0,0 0,0 0,8 14,0 09:18 NE 21 3,3 9,3 14:08 -0,6 06:43 15,0 0,0 0,0 0,0 0,0 00:00 --- 22 4,0 10,0 15:17 0,9 03:31 14,2 0,0 0,0 0,2 10,4 12:46 O 23 4,3 10,1 13:50 0,5 08:04 14,0 0,0 0,0 0,0 6,8 04:22 ENE 24 4,3 9,6 14:23 0,9 03:20 14,0 0,0 0,0 0,0 6,8 11:03 OSO 25 6,3 7,9 16:21 4,0 00:00 12,0 0,0 1,1 0,0 7,2 09:08 OSO 26 7,7 12,0 13:47 4,3 22:07 10,6 0,0 0,0 0,2 10,1 13:00 OSO 27 6,3 11,9 15:17 2,0 08:33 12,0 0,0 0,2 0,0 6,5 10:28 E 28 8,7 10,5 11:42 6,7 23:56 9,6 0,0 0,0 0,2 10,4 01:26 O 29 8,1 15,4 14:56 3,2 07:56 10,1 0,0 0,0 0,8 16,2 12:39 OSO 30 6,0 11,3 13:56 2,1 07:31 12,3 0,0 0,0 0,2 9,7 10:24 ENE 31 7,3 14,2 14:22 2,6 07:14 11,0 0,0 0,0 0,1 10,4 15:10 SO ---------------------------------------------------------------------------------- 4,9 15,4 29 -4,7 10 402,6 0,0 22,0 0,1 16,2 29 ONO Max >= 27,0: 0 Max <= 0,0: 0 Min <= 0,0: 9 Min <= -18,0: 0 Max Rain: 15,2 on day 18 Days of Rain: 7 (>= 0,2 mm) 2 (>= 2,0 mm) 0 (>= 20,0 mm) Heat Base: 18,3 Cool Base: 18,3 Method: Integration