Cliccate su un Anno o un Mese per visualizzare il corrispondente resoconto
Resoconto relativo a 2019 Dic
Monthly Climatological Summary for dic 2019 Name: Oregon City: Soresina State: Italia Elevation: 70 m Lat: N 45° 17' 27" Lon: E 009° 50' 41" Temperature (°C), Rain (mm), Wind Speed (km/h) Heat Cool Avg Mean Deg Deg Wind Dom Day Temp High Time Low Time Days Days Rain Speed High Time Dir ---------------------------------------------------------------------------------- 1 8,7 9,4 12:34 8,3 23:06 9,5 0,0 7,5 0,0 0,0 00:00 --- 2 8,9 11,4 15:55 7,7 08:05 9,4 0,0 5,4 0,0 1,4 10:35 NO 3 8,7 11,7 13:12 4,1 23:47 9,6 0,0 0,0 0,0 1,4 11:10 ESE 4 4,6 9,5 14:11 1,7 06:33 13,6 0,0 0,0 0,0 0,0 00:00 --- 5 4,6 10,9 15:08 1,3 08:03 13,7 0,0 0,0 0,0 0,0 00:00 --- 6 5,2 8,5 13:47 1,5 05:44 13,1 0,0 0,0 0,0 0,0 00:00 --- 7 7,2 11,7 14:03 4,6 08:05 11,1 0,0 0,0 0,0 0,0 00:00 --- 8 8,0 12,5 12:32 4,8 04:47 10,2 0,0 0,0 0,0 0,0 00:00 --- 9 8,2 10,8 13:37 4,3 22:36 10,1 0,0 0,3 0,0 0,0 00:00 --- 10 7,1 14,0 14:04 3,2 23:59 11,2 0,0 0,2 0,0 0,0 00:00 --- 11 4,1 8,2 13:52 0,5 05:47 14,1 0,0 0,0 0,0 0,0 00:00 --- 12 2,8 5,7 15:54 0,7 22:31 15,5 0,0 10,0 0,0 0,0 00:00 --- 13 2,4 4,6 23:55 1,2 00:00 15,9 0,0 6,5 0,2 10,4 23:34 ONO 14 5,0 11,7 15:23 1,4 05:49 13,3 0,0 4,1 0,0 2,2 00:07 ONO 15 5,5 8,0 13:51 2,0 06:41 12,7 0,0 0,0 0,0 0,0 00:00 --- 16 8,4 9,8 12:45 7,1 00:00 9,9 0,0 0,0 0,0 0,0 00:00 --- 17 9,5 10,8 11:53 8,2 00:54 8,8 0,0 0,0 0,0 1,4 14:30 SSO 18 10,4 11,8 14:54 9,4 01:41 7,9 0,0 0,0 0,0 0,0 00:00 --- 19 11,2 12,3 13:51 10,4 23:46 7,1 0,0 0,0 0,0 0,0 00:00 --- 20 10,3 13,3 23:21 7,0 11:37 8,0 0,0 0,0 2,1 28,4 20:34 ENE 21 10,4 13,3 00:00 7,6 23:59 7,8 0,0 0,2 0,0 5,0 05:19 O 22 10,2 13,8 13:52 7,1 00:46 8,0 0,0 9,1 0,4 17,3 14:05 ONO 23 10,6 15,0 14:26 7,7 01:12 7,7 0,0 0,0 3,7 28,4 12:09 O 24 7,6 12,3 15:59 4,1 08:00 10,7 0,0 0,0 0,1 10,1 00:02 OSO 25 7,1 17,0 15:32 1,2 05:51 11,2 0,0 0,0 0,0 9,4 06:29 OSO 26 5,6 12,6 13:15 1,4 06:42 12,7 0,0 0,0 0,0 9,0 04:30 SO 27 5,0 12,4 14:50 1,8 05:10 13,3 0,0 0,0 0,0 0,0 00:00 --- 28 4,7 11,1 14:27 0,8 23:59 13,6 0,0 0,0 0,0 0,0 00:00 --- 29 4,3 7,2 14:07 0,8 00:00 13,9 0,0 0,0 0,0 0,0 00:00 --- 30 4,5 9,1 13:19 1,7 06:51 13,8 0,0 0,0 0,1 10,4 10:57 SO 31 4,0 9,8 14:33 1,0 05:21 14,3 0,0 0,0 0,1 12,6 13:04 ONO ---------------------------------------------------------------------------------- 6,9 17,0 25 0,5 11 351,7 0,0 43,3 0,2 28,4 20 ONO Max >= 27,0: 0 Max <= 0,0: 0 Min <= 0,0: 0 Min <= -18,0: 0 Max Rain: 10,0 on day 12 Days of Rain: 9 (>= 0,2 mm) 6 (>= 2,0 mm) 0 (>= 20,0 mm) Heat Base: 18,3 Cool Base: 18,3 Method: Integration