Cliccate su un Anno o un Mese per visualizzare il corrispondente resoconto
Resoconto relativo a 2019 Nov
Monthly Climatological Summary for nov 2019 Name: Oregon City: Soresina State: Italia Elevation: 70 m Lat: N 45° 17' 27" Lon: E 009° 50' 41" Temperature (°C), Rain (mm), Wind Speed (km/h) Heat Cool Avg Mean Deg Deg Wind Dom Day Temp High Time Low Time Days Days Rain Speed High Time Dir ---------------------------------------------------------------------------------- 1 12,7 14,2 12:37 11,9 05:21 5,6 0,0 0,0 1,4 8,6 12:45 E 2 12,0 12,6 15:15 11,4 06:30 6,3 0,0 3,5 0,8 7,6 12:57 ESE 3 13,1 15,3 15:11 11,9 00:00 5,2 0,0 46,5 2,9 27,0 12:50 E 4 13,6 18,1 14:02 10,2 05:44 4,7 0,0 0,0 2,8 19,8 21:59 NE 5 14,2 16,6 13:43 11,2 23:59 4,1 0,0 3,4 1,9 16,2 00:10 ENE 6 11,7 13,7 11:18 10,1 21:36 6,5 0,0 6,7 1,6 14,0 09:58 N 7 10,7 13,1 13:50 6,9 05:52 7,6 0,0 3,0 2,1 22,7 22:55 ENE 8 11,9 12,9 15:40 10,9 21:08 6,4 0,0 15,7 6,0 31,7 08:46 ENE 9 10,8 15,4 13:14 6,2 23:47 7,5 0,0 9,6 1,8 17,3 01:20 O 10 9,7 15,2 12:48 6,0 05:31 8,6 0,0 0,0 0,7 9,0 14:26 OSO 11 9,1 11,3 13:04 5,6 01:26 9,2 0,0 5,4 0,4 5,8 14:23 ONO 12 10,0 10,2 13:24 9,5 09:44 8,3 0,0 9,8 2,0 11,5 14:00 O 13 9,7 14,7 14:23 5,2 23:23 8,6 0,0 0,3 1,2 10,1 06:33 O 14 8,2 12,0 14:41 3,8 05:53 10,1 0,0 0,0 2,5 35,3 23:21 ENE 15 10,6 13,3 06:17 7,8 22:42 7,7 0,0 11,1 4,8 49,7 02:59 ENE 16 9,5 11,8 13:18 7,8 05:23 8,8 0,0 6,5 0,0 5,0 04:15 SSO 17 8,5 10,1 00:00 6,1 23:05 9,8 0,0 17,3 0,0 10,4 14:08 SO 18 7,9 11,0 13:44 3,6 06:04 10,4 0,0 10,6 0,0 0,0 00:00 --- 19 9,9 10,9 11:40 8,9 02:37 8,4 0,0 13,6 0,0 0,0 00:00 --- 20 10,3 12,1 14:23 9,2 20:33 8,0 0,0 0,2 0,0 4,0 15:42 O 21 10,9 12,5 13:54 9,0 07:34 7,4 0,0 0,0 0,0 0,0 00:00 --- 22 12,1 13,2 15:13 11,3 04:55 6,2 0,0 0,5 0,0 10,8 23:56 ENE 23 13,2 14,3 23:02 11,9 00:19 5,1 0,0 7,8 11,6 36,7 20:56 ENE 24 13,8 14,9 11:17 13,1 04:56 4,5 0,0 6,7 8,4 42,8 00:19 NE 25 14,9 19,5 12:17 11,5 22:54 3,5 0,1 0,2 0,0 7,9 00:02 NNE 26 11,5 15,2 14:19 9,0 07:55 6,8 0,0 0,0 0,0 0,0 00:00 --- 27 11,5 12,3 12:35 10,6 09:45 6,8 0,0 20,9 0,0 7,9 10:29 ENE 28 11,2 13,4 15:44 9,1 22:53 7,1 0,0 0,0 0,0 0,0 00:00 --- 29 7,8 9,2 00:39 5,8 08:12 10,5 0,0 0,2 0,0 0,0 00:00 --- 30 6,9 9,1 19:51 4,7 07:37 11,4 0,0 0,0 0,0 1,8 18:28 ENE ---------------------------------------------------------------------------------- 10,9 19,5 25 3,6 18 221,1 0,1 199,5 1,8 49,7 15 NE Max >= 27,0: 0 Max <= 0,0: 0 Min <= 0,0: 0 Min <= -18,0: 0 Max Rain: 46,5 on day 3 Days of Rain: 22 (>= 0,2 mm) 17 (>= 2,0 mm) 2 (>= 20,0 mm) Heat Base: 18,3 Cool Base: 18,3 Method: Integration