Cliccate su un Anno o un Mese per visualizzare il corrispondente resoconto
Resoconto relativo a 2019 Ott
Monthly Climatological Summary for ott 2019 Name: Oregon City: Soresina State: Italia Elevation: 70 m Lat: N 45° 17' 27" Lon: E 009° 50' 41" Temperature (°C), Rain (mm), Wind Speed (km/h) Heat Cool Avg Mean Deg Deg Wind Dom Day Temp High Time Low Time Days Days Rain Speed High Time Dir ---------------------------------------------------------------------------------- 1 21,5 28,0 15:41 16,5 04:48 0,3 3,5 0,0 0,5 10,1 11:18 ENE 2 21,3 27,4 16:16 17,7 23:58 0,0 3,0 0,2 0,8 12,6 14:16 SO 3 17,5 21,3 15:00 12,4 23:56 1,5 0,7 0,2 3,2 16,6 13:10 ESE 4 14,7 19,7 16:08 9,4 06:42 3,7 0,1 0,0 1,8 14,0 10:16 E 5 16,5 23,7 15:43 10,2 08:02 2,9 1,1 0,0 1,4 10,8 16:06 O 6 16,2 21,0 15:48 12,5 05:12 2,4 0,4 0,0 2,9 19,4 23:57 ENE 7 15,9 20,9 15:39 13,5 04:44 2,6 0,3 23,0 2,6 17,6 06:50 SE 8 16,1 22,0 16:58 12,1 07:06 2,7 0,5 0,0 1,8 10,4 12:52 ENE 9 15,4 18,5 11:37 12,9 03:40 2,9 0,0 0,5 2,0 13,7 18:25 NE 10 16,5 20,6 15:24 12,8 23:59 2,1 0,3 0,0 1,1 14,0 13:51 OSO 11 15,5 22,7 16:35 10,1 06:54 3,5 0,8 0,0 0,9 9,7 12:15 SO 12 16,1 22,3 14:51 11,2 06:09 3,0 0,7 0,0 0,5 7,9 12:25 OSO 13 16,5 19,2 15:52 13,7 02:47 1,9 0,1 0,0 0,7 6,8 15:06 OSO 14 18,3 22,8 12:44 14,4 04:08 1,2 1,3 0,7 0,9 7,9 13:18 SO 15 18,6 20,6 13:54 17,2 23:56 0,1 0,4 12,2 7,0 31,0 16:49 ENE 16 16,8 23,3 15:41 12,4 07:32 2,5 0,9 0,0 2,2 13,7 07:34 ONO 17 16,3 22,7 13:05 11,9 05:44 2,4 0,4 0,0 0,6 9,7 17:02 SO 18 16,8 18,2 14:28 15,8 06:31 1,5 0,0 0,5 0,3 8,6 19:03 N 19 17,4 19,1 16:15 16,4 00:00 1,0 0,1 3,1 3,9 20,9 13:24 ENE 20 18,8 21,6 12:39 16,3 06:17 0,5 1,0 1,8 6,8 23,8 21:09 ENE 21 19,4 22,9 15:54 17,2 04:24 0,3 1,4 18,3 5,1 32,0 06:41 ENE 22 19,7 22,6 13:36 17,8 05:22 0,0 1,5 0,0 2,2 14,0 02:04 ENE 23 19,3 24,1 13:50 15,7 08:03 0,5 1,5 0,0 0,6 6,8 14:30 N 24 18,1 18,8 14:22 17,2 23:41 0,2 0,1 17,8 3,0 17,6 18:02 NE 25 18,5 24,0 15:27 15,5 23:57 0,9 1,1 0,5 0,5 9,4 11:26 OSO 26 17,4 23,9 15:25 13,2 07:44 2,1 1,1 0,0 1,1 9,7 10:49 OSO 27 17,2 24,2 14:00 13,4 07:19 2,4 1,2 0,0 0,2 7,9 12:00 O 28 16,7 20,5 14:01 13,3 03:38 2,0 0,3 0,0 0,2 6,1 11:31 SE 29 17,0 17,4 00:00 16,6 10:45 1,3 0,0 6,0 0,1 6,8 12:06 ENE 30 14,6 16,9 01:06 12,9 23:27 3,7 0,0 0,0 3,5 12,6 12:44 E 31 12,5 13,0 00:17 11,9 09:02 5,8 0,0 0,0 2,7 14,0 11:11 E ---------------------------------------------------------------------------------- 17,2 28,0 1 9,4 4 57,9 23,8 84,8 2,0 32,0 21 ENE Max >= 27,0: 2 Max <= 0,0: 0 Min <= 0,0: 0 Min <= -18,0: 0 Max Rain: 23,0 on day 7 Days of Rain: 13 (>= 0,2 mm) 6 (>= 2,0 mm) 1 (>= 20,0 mm) Heat Base: 18,3 Cool Base: 18,3 Method: Integration