Cliccate su un Anno o un Mese per visualizzare il corrispondente resoconto
Resoconto relativo a 2019 Lug
Monthly Climatological Summary for lug 2019 Name: Oregon City: Soresina State: Italia Elevation: 70 m Lat: N 45° 17' 27" Lon: E 009° 50' 41" Temperature (°C), Rain (mm), Wind Speed (km/h) Heat Cool Avg Mean Deg Deg Wind Dom Day Temp High Time Low Time Days Days Rain Speed High Time Dir ---------------------------------------------------------------------------------- 1 28,3 38,8 16:23 22,9 23:45 0,0 10,0 0,0 2,3 25,9 18:24 S 2 29,1 37,6 16:42 21,8 06:18 0,0 10,8 0,0 2,2 11,2 11:11 O 3 27,7 35,5 16:46 20,6 21:49 0,0 9,3 0,6 4,2 38,2 20:11 E 4 26,1 32,3 17:27 19,8 04:56 0,0 7,9 0,0 2,5 14,0 18:00 E 5 28,9 36,4 17:08 21,0 05:59 0,0 10,6 0,0 2,0 16,6 14:37 O 6 29,8 37,2 16:58 23,0 05:15 0,0 11,5 0,0 2,1 13,7 23:16 ONO 7 28,4 34,1 15:31 23,6 06:00 0,0 10,0 0,0 3,8 20,5 16:33 SO 8 27,9 36,3 16:07 20,8 06:00 0,0 9,6 0,0 3,3 14,0 00:29 SE 9 24,7 29,4 13:57 21,4 23:41 0,0 6,4 0,0 5,8 23,4 15:47 E 10 25,0 29,9 16:44 21,5 01:05 0,0 6,6 0,0 5,4 20,9 11:59 E 11 24,5 28,9 16:11 20,1 06:07 0,0 6,2 0,0 4,1 17,6 10:51 E 12 26,0 33,2 18:06 19,6 06:05 0,0 7,7 0,0 4,1 20,2 22:02 E 13 25,1 30,9 16:21 20,1 05:47 0,0 6,8 0,0 4,1 24,5 22:26 ESE 14 24,1 30,9 16:09 17,1 06:10 0,1 5,9 0,0 4,1 17,3 13:22 E 15 20,1 23,5 00:00 18,3 10:30 0,0 1,8 54,4 3,2 21,6 10:00 ENE 16 23,6 31,0 16:54 17,0 05:23 0,1 5,4 0,0 2,3 12,6 13:24 SO 17 26,0 33,2 14:53 18,6 06:05 0,0 7,5 0,0 2,1 12,2 15:25 S 18 24,1 29,3 15:56 19,1 06:31 0,0 5,8 0,8 3,0 13,7 14:33 ESE 19 26,4 33,4 17:06 20,1 06:24 0,0 8,1 0,0 2,3 9,7 14:15 NE 20 27,7 34,6 18:00 21,6 06:58 0,0 9,4 0,0 2,7 12,2 09:05 E 21 28,5 35,4 16:15 21,4 05:47 0,0 10,1 0,0 2,4 12,6 15:36 O 22 29,3 36,4 17:04 23,2 05:36 0,0 11,0 0,0 1,5 10,4 14:04 N 23 30,0 36,3 18:05 23,5 05:36 0,0 11,8 0,0 2,3 12,2 11:13 ESE 24 31,2 38,5 16:12 25,0 03:50 0,0 12,9 0,0 2,1 10,4 12:09 SE 25 31,0 37,8 15:32 25,9 06:59 0,0 12,7 0,0 2,7 20,2 23:58 E 26 31,3 39,0 16:51 24,1 06:02 0,0 13,0 0,0 3,1 16,6 23:25 NNO 27 24,9 32,8 15:07 19,2 17:04 0,0 6,6 62,1 4,6 33,1 16:23 ENE 28 23,7 28,4 14:36 19,7 04:44 0,0 5,4 0,0 2,5 16,9 14:10 OSO 29 27,2 35,0 17:50 20,4 06:45 0,0 8,9 0,0 2,2 10,4 13:59 O 30 27,7 35,1 16:30 21,0 05:22 0,0 9,4 0,0 2,7 10,1 09:18 OSO 31 27,3 34,1 16:44 22,2 04:04 0,0 9,0 0,0 2,4 16,2 19:39 NNO ---------------------------------------------------------------------------------- 27,0 39,0 26 17,0 16 0,2 268,1 117,9 3,0 38,2 3 E Max >= 27,0: 30 Max <= 0,0: 0 Min <= 0,0: 0 Min <= -18,0: 0 Max Rain: 62,1 on day 27 Days of Rain: 4 (>= 0,2 mm) 2 (>= 2,0 mm) 2 (>= 20,0 mm) Heat Base: 18,3 Cool Base: 18,3 Method: Integration