Cliccate su un Anno o un Mese per visualizzare il corrispondente resoconto
Resoconto relativo a 2019 Giu
Monthly Climatological Summary for giu 2019 Name: Oregon City: Soresina State: Italia Elevation: 70 m Lat: N 45° 17' 27" Lon: E 009° 50' 41" Temperature (°C), Rain (mm), Wind Speed (km/h) Heat Cool Avg Mean Deg Deg Wind Dom Day Temp High Time Low Time Days Days Rain Speed High Time Dir ---------------------------------------------------------------------------------- 1 22,4 30,0 15:10 14,2 05:36 0,7 4,9 0,0 2,1 13,7 14:02 SO 2 24,7 32,8 16:20 15,8 05:41 0,3 6,6 0,0 1,6 11,9 14:00 SO 3 26,2 34,0 17:01 18,2 04:53 0,0 7,9 0,0 1,9 11,5 15:43 O 4 26,1 33,2 14:54 19,0 05:47 0,0 7,7 0,0 2,1 11,2 12:58 SO 5 26,1 32,4 16:23 19,6 05:27 0,0 7,8 0,0 2,8 12,2 21:17 NNO 6 23,5 28,3 16:29 19,4 05:58 0,0 5,2 0,0 5,1 20,2 14:59 SE 7 23,4 29,2 14:24 16,6 05:58 0,1 5,2 0,0 3,2 16,6 17:16 E 8 25,4 31,8 17:54 18,9 06:15 0,0 7,1 0,0 2,6 13,0 15:44 E 9 23,4 29,1 17:35 17,9 05:44 0,0 5,1 0,3 2,4 23,0 12:03 NNO 10 25,2 30,6 17:57 20,3 06:02 0,0 6,9 0,0 4,0 20,9 11:47 E 11 26,3 32,1 14:36 19,7 05:49 0,0 8,0 0,0 3,1 14,0 01:46 ONO 12 26,1 33,6 15:02 20,3 23:54 0,0 7,7 0,0 4,0 16,6 18:14 S 13 24,1 32,1 16:39 14,9 05:03 0,4 6,2 0,0 2,0 12,6 12:00 NNO 14 25,1 32,0 15:06 16,7 05:55 0,2 7,0 0,0 4,3 19,4 13:28 ENE 15 26,0 32,3 17:36 19,3 05:48 0,0 7,7 0,0 2,9 15,5 13:52 ONO 16 26,1 33,5 17:57 19,0 05:14 0,0 7,7 0,0 3,5 15,8 10:05 O 17 26,9 32,9 15:21 18,8 05:41 0,0 8,6 0,0 3,6 28,1 11:36 E 18 27,6 34,1 15:35 21,1 06:00 0,0 9,3 0,0 2,8 13,0 14:18 ESE 19 28,1 34,6 16:28 22,4 06:39 0,0 9,8 0,0 2,4 13,7 12:13 OSO 20 27,7 35,0 16:49 19,8 05:33 0,0 9,4 0,0 1,6 10,1 13:30 NO 21 26,6 33,9 15:57 19,3 06:24 0,0 8,3 0,0 1,4 11,5 13:45 O 22 22,2 26,1 17:17 18,8 13:09 0,0 3,9 4,6 3,1 38,2 12:13 NO 23 25,0 32,9 17:16 17,5 06:03 0,1 6,7 0,0 1,7 10,4 15:25 ONO 24 27,9 35,1 16:03 20,5 05:57 0,0 9,6 0,0 2,2 11,9 15:10 ESE 25 29,6 36,1 15:41 22,3 05:49 0,0 11,3 0,0 2,5 15,8 15:46 ENE 26 30,8 37,8 15:21 23,6 05:56 0,0 12,4 0,0 2,1 10,1 12:52 SSE 27 31,9 39,5 17:36 24,6 06:34 0,0 13,5 0,0 2,6 14,0 12:48 OSO 28 31,8 37,0 17:02 25,5 05:46 0,0 13,5 0,0 4,7 23,8 12:46 E 29 30,0 34,8 16:36 25,8 05:24 0,0 11,7 0,0 6,1 20,2 08:09 ENE 30 29,7 36,2 16:46 22,2 05:45 0,0 11,4 0,0 1,8 10,4 14:58 S ---------------------------------------------------------------------------------- 26,5 39,5 27 14,2 1 1,8 248,1 4,9 2,9 38,2 22 E Max >= 27,0: 29 Max <= 0,0: 0 Min <= 0,0: 0 Min <= -18,0: 0 Max Rain: 4,6 on day 22 Days of Rain: 2 (>= 0,2 mm) 1 (>= 2,0 mm) 0 (>= 20,0 mm) Heat Base: 18,3 Cool Base: 18,3 Method: Integration