Cliccate su un Anno o un Mese per visualizzare il corrispondente resoconto
Resoconto relativo a 2019 Mag
Monthly Climatological Summary for mag 2019 Name: Oregon City: Soresina State: Italia Elevation: 70 m Lat: N 45° 17' 27" Lon: E 009° 50' 41" Temperature (°C), Rain (mm), Wind Speed (km/h) Heat Cool Avg Mean Deg Deg Wind Dom Day Temp High Time Low Time Days Days Rain Speed High Time Dir ---------------------------------------------------------------------------------- 1 18,5 25,6 16:03 11,9 07:21 1,8 2,0 1,8 2,4 19,1 04:35 SO 2 17,5 24,1 14:20 11,0 06:14 2,2 1,5 0,2 2,4 23,4 18:03 O 3 15,5 19,4 15:48 13,3 23:42 2,9 0,1 2,9 2,7 20,5 17:31 E 4 15,6 21,3 16:52 12,3 04:55 3,1 0,4 3,4 1,9 13,0 19:25 NNE 5 9,9 13,7 00:00 8,2 23:28 8,4 0,0 27,6 3,5 23,0 00:16 OSO 6 12,8 19,1 16:18 6,8 03:39 5,6 0,0 0,0 2,8 17,3 14:00 SSO 7 14,6 22,1 16:09 6,4 06:16 4,2 0,4 0,0 2,9 13,7 09:22 E 8 12,7 14,2 00:00 11,3 06:01 5,5 0,0 5,2 3,9 15,1 19:15 ENE 9 15,5 21,7 17:24 11,2 05:16 3,4 0,6 10,8 1,6 13,7 16:09 ONO 10 17,8 23,9 16:43 12,6 06:02 2,0 1,6 0,0 2,8 13,0 04:26 SE 11 16,3 22,1 17:21 11,5 19:01 2,7 0,7 3,9 4,4 32,0 18:32 NNE 12 13,3 15,8 15:36 11,8 05:00 5,0 0,0 0,8 3,0 16,2 06:47 S 13 15,4 19,7 13:49 12,5 05:03 3,0 0,1 0,0 1,5 10,4 12:58 NNE 14 15,0 19,1 12:08 10,2 23:55 3,3 0,1 0,0 5,6 27,0 19:19 E 15 10,8 14,8 17:14 6,1 05:52 7,5 0,0 0,0 2,8 17,6 12:49 ESE 16 14,9 20,5 16:46 7,9 06:10 3,8 0,4 0,0 2,0 16,2 16:36 E 17 16,2 20,7 15:36 12,4 05:37 2,5 0,5 0,0 4,6 21,2 11:25 E 18 14,7 16,9 15:17 13,2 01:27 3,6 0,0 7,7 1,9 16,2 01:09 ENE 19 14,7 17,0 17:14 13,6 06:09 3,6 0,0 11,6 0,5 9,7 09:44 ENE 20 15,8 17,3 13:01 14,4 05:26 2,5 0,0 2,1 1,2 10,1 11:10 SO 21 18,9 27,7 17:39 13,7 05:55 1,7 2,3 0,7 2,6 17,3 19:11 O 22 20,0 28,0 16:30 13,4 05:39 1,2 2,9 1,1 2,1 16,6 22:34 NO 23 21,1 28,4 16:22 14,9 05:54 0,8 3,6 0,0 1,6 14,0 14:50 SSO 24 21,0 27,3 15:25 14,9 05:36 0,6 3,3 0,0 2,2 13,0 12:45 E 25 19,3 26,9 17:04 14,7 05:43 1,2 2,2 25,4 2,8 26,6 18:05 NE 26 19,5 24,2 15:08 15,6 04:58 0,7 1,9 0,0 1,6 10,4 13:47 NE 27 17,2 18,3 00:00 16,3 11:27 1,1 0,0 3,9 2,1 11,9 14:51 ENE 28 18,1 25,5 14:53 15,4 18:19 1,5 1,3 36,0 1,8 19,8 17:37 ONO 29 16,7 19,7 16:19 14,7 06:49 1,7 0,2 4,4 2,6 13,0 13:57 S 30 19,0 24,4 16:35 12,8 05:18 1,3 2,0 0,0 3,6 15,5 16:43 ESE 31 20,7 27,3 17:13 14,7 05:45 0,8 3,3 0,0 3,7 12,6 00:43 E ---------------------------------------------------------------------------------- 16,4 28,4 23 6,1 15 89,2 31,4 149,5 2,6 32,0 11 E Max >= 27,0: 5 Max <= 0,0: 0 Min <= 0,0: 0 Min <= -18,0: 0 Max Rain: 36,0 on day 28 Days of Rain: 18 (>= 0,2 mm) 13 (>= 2,0 mm) 3 (>= 20,0 mm) Heat Base: 18,3 Cool Base: 18,3 Method: Integration