Cliccate su un Anno o un Mese per visualizzare il corrispondente resoconto
Resoconto relativo a 2018 Nov
Monthly Climatological Summary for nov 2018 Name: Oregon City: Soresina State: Italia Elevation: 70 m Lat: N 45° 17' 27" Lon: E 009° 50' 41" Temperature (°C), Rain (mm), Wind Speed (km/h) Heat Cool Avg Mean Deg Deg Wind Dom Day Temp High Time Low Time Days Days Rain Speed High Time Dir ---------------------------------------------------------------------------------- 1 13,7 16,8 15:20 11,5 23:21 4,6 0,0 20,3 5,5 28,4 07:34 ENE 2 12,6 14,0 13:25 11,1 01:56 5,7 0,0 9,3 1,4 7,9 15:17 ONO 3 14,2 15,9 13:10 12,9 00:00 4,1 0,0 2,4 0,6 6,1 09:17 ONO 4 14,3 17,7 15:04 10,9 07:03 3,9 0,0 2,1 1,1 14,0 19:09 ESE 5 15,6 17,7 15:12 14,1 02:37 2,7 0,0 62,2 2,9 19,8 11:12 ENE 6 16,1 18,1 14:15 15,3 00:00 2,2 0,0 1,2 3,7 17,6 21:03 ENE 7 15,5 17,9 15:02 14,1 23:46 2,7 0,0 4,7 0,3 9,4 00:59 E 8 15,5 20,5 13:07 13,3 04:03 2,9 0,2 1,0 0,0 1,4 12:49 OSO 9 14,8 17,6 14:27 11,9 23:58 3,5 0,0 1,1 0,4 9,4 09:48 ENE 10 12,6 14,2 13:01 11,7 00:08 5,7 0,0 0,7 1,6 13,7 21:58 ENE 11 13,7 15,5 15:25 12,5 01:09 4,6 0,0 0,2 1,2 11,5 02:02 ENE 12 14,2 16,6 13:07 13,0 03:30 4,1 0,0 0,0 0,2 6,8 14:07 O 13 14,3 17,8 13:39 11,7 06:54 4,0 0,0 0,0 0,6 10,4 13:47 OSO 14 13,1 18,1 13:03 9,7 22:33 5,2 0,0 0,0 0,4 9,4 14:35 SSO 15 12,0 13,5 13:57 9,7 00:00 6,3 0,0 0,0 0,0 4,7 14:29 NE 16 10,8 14,4 14:02 6,2 22:44 7,5 0,0 0,0 3,6 19,8 13:12 E 17 8,6 13,5 13:43 4,6 05:48 9,7 0,0 0,0 2,6 16,6 12:03 ENE 18 6,5 12,3 14:56 2,3 06:38 11,8 0,0 0,0 1,0 13,7 00:06 SE 19 5,1 8,6 13:36 1,5 03:25 13,2 0,0 0,0 4,5 19,8 13:46 E 20 4,0 6,7 15:15 2,6 23:09 14,3 0,0 3,1 0,1 7,9 00:05 ESE 21 5,5 10,2 14:38 2,3 02:46 12,7 0,0 1,8 1,0 12,6 14:18 O 22 8,5 12,5 14:47 6,5 00:00 9,8 0,0 0,0 0,0 1,4 11:16 SSO 23 8,9 9,5 13:13 8,1 00:00 9,4 0,0 6,0 0,0 4,0 14:04 ENE 24 8,7 10,0 02:42 6,1 23:56 9,6 0,0 7,7 0,0 2,5 15:05 O 25 9,0 12,9 14:14 6,1 00:00 9,3 0,0 0,0 0,0 5,4 13:43 ONO 26 10,0 15,1 13:20 7,9 06:08 8,3 0,0 2,6 0,1 8,6 07:05 OSO 27 9,3 14,8 13:25 4,8 23:55 9,0 0,0 0,0 0,1 6,8 14:43 SO 28 6,8 14,5 15:09 1,6 05:15 11,5 0,0 0,0 0,3 6,1 13:07 S 29 4,7 8,0 12:43 1,7 23:54 13,6 0,0 0,0 1,0 10,4 09:55 E 30 1,6 4,4 13:55 -1,7 07:53 16,7 0,0 0,0 0,1 5,8 14:05 SO ---------------------------------------------------------------------------------- 10,7 20,5 8 -1,7 30 228,6 0,2 126,4 1,2 28,4 1 ENE Max >= 27,0: 0 Max <= 0,0: 0 Min <= 0,0: 1 Min <= -18,0: 0 Max Rain: 62,2 on day 5 Days of Rain: 16 (>= 0,2 mm) 10 (>= 2,0 mm) 2 (>= 20,0 mm) Heat Base: 18,3 Cool Base: 18,3 Method: Integration