Cliccate su un Anno o un Mese per visualizzare il corrispondente resoconto
Resoconto relativo a 2018 Set
Monthly Climatological Summary for set 2018 Name: Oregon City: Soresina State: Italia Elevation: 70 m Lat: N 45° 17' 27" Lon: E 009° 50' 41" Temperature (°C), Rain (mm), Wind Speed (km/h) Heat Cool Avg Mean Deg Deg Wind Dom Day Temp High Time Low Time Days Days Rain Speed High Time Dir ---------------------------------------------------------------------------------- 1 19,9 25,7 15:30 16,3 07:18 0,5 2,1 17,1 1,8 13,0 06:15 ONO 2 19,2 23,6 17:32 17,0 06:07 0,3 1,2 1,5 2,5 19,4 12:20 ENE 3 20,9 28,7 16:33 15,5 05:40 0,8 3,5 0,0 2,1 14,0 12:43 ONO 4 22,2 31,0 16:31 15,3 06:41 0,7 4,6 0,0 2,0 14,0 15:00 OSO 5 23,6 31,9 15:19 16,5 05:19 0,3 5,5 0,0 1,3 8,6 12:05 ONO 6 23,2 31,1 16:51 17,0 07:02 0,1 5,0 0,0 2,2 21,2 19:44 OSO 7 22,8 30,2 16:46 18,8 05:31 0,0 4,5 1,3 2,0 10,4 22:00 N 8 23,8 31,2 13:57 17,6 06:30 0,1 5,6 0,0 1,7 10,8 14:17 NE 9 24,4 32,2 15:10 17,7 07:13 0,0 6,1 0,0 1,5 9,7 10:25 S 10 25,2 32,8 15:59 18,2 07:01 0,0 6,9 0,0 1,2 12,2 15:31 ONO 11 25,6 33,9 16:02 19,1 07:03 0,0 7,3 0,0 1,0 8,6 11:10 S 12 25,9 35,0 16:50 19,1 06:47 0,0 7,6 0,0 1,2 9,7 15:43 ENE 13 24,7 31,0 16:03 19,9 06:05 0,0 6,4 0,0 1,8 11,9 15:25 ENE 14 24,8 31,5 15:19 19,8 07:07 0,0 6,5 0,0 2,2 10,4 16:40 SO 15 23,9 29,8 15:40 19,8 06:35 0,0 5,6 0,0 3,2 16,2 14:04 E 16 24,1 30,6 16:42 19,4 07:28 0,0 5,8 0,0 3,7 19,8 13:35 ENE 17 23,0 28,6 16:44 20,0 04:13 0,0 4,7 0,0 2,2 12,2 19:49 SSO 18 23,7 31,4 15:28 19,7 05:38 0,0 5,5 0,0 1,6 10,4 16:37 ESE 19 23,9 31,1 16:06 18,3 06:53 0,0 5,6 0,0 1,2 9,7 13:50 N 20 24,3 31,9 14:41 18,4 05:43 0,0 6,0 0,0 1,3 10,1 15:20 SSO 21 24,4 33,3 17:32 17,9 06:31 0,0 6,1 0,0 1,3 10,4 14:27 SO 22 25,0 31,8 14:20 20,3 04:04 0,0 6,7 0,0 1,4 19,1 22:44 E 23 23,5 31,8 16:23 17,5 07:03 0,1 5,2 0,0 2,6 10,1 00:00 E 24 22,9 29,1 12:36 17,6 23:51 0,0 4,6 0,0 5,5 28,1 17:13 E 25 17,9 22,1 15:55 13,9 07:28 1,3 0,9 0,0 6,5 25,6 08:56 ENE 26 15,2 20,3 15:41 11,0 23:59 3,3 0,2 0,0 3,9 20,2 11:16 ENE 27 16,1 26,4 17:07 8,0 06:45 4,0 1,9 0,0 1,2 8,6 11:21 O 28 18,2 29,4 17:03 10,6 06:52 2,8 2,8 0,0 1,7 11,2 13:08 OSO 29 19,4 27,5 15:16 10,7 07:08 2,1 3,1 0,0 3,3 18,4 15:33 E 30 18,3 23,2 15:59 14,0 07:31 1,2 1,1 0,0 4,9 16,9 13:01 ENE ---------------------------------------------------------------------------------- 22,3 35,0 12 8,0 27 17,6 138,6 19,9 2,3 28,1 24 E Max >= 27,0: 24 Max <= 0,0: 0 Min <= 0,0: 0 Min <= -18,0: 0 Max Rain: 17,1 on day 1 Days of Rain: 3 (>= 0,2 mm) 1 (>= 2,0 mm) 0 (>= 20,0 mm) Heat Base: 18,3 Cool Base: 18,3 Method: Integration