Cliccate su un Anno o un Mese per visualizzare il corrispondente resoconto
Resoconto relativo a 2018 Lug
Monthly Climatological Summary for lug 2018 Name: Oregon City: Soresina State: Italia Elevation: 70 m Lat: N 45° 17' 27" Lon: E 009° 50' 41" Temperature (°C), Rain (mm), Wind Speed (km/h) Heat Cool Avg Mean Deg Deg Wind Dom Day Temp High Time Low Time Days Days Rain Speed High Time Dir ---------------------------------------------------------------------------------- 1 27,3 32,7 16:20 22,8 04:53 0,0 9,0 0,0 5,0 22,0 23:26 E 2 26,5 31,7 16:50 21,5 04:22 0,0 8,2 0,0 4,3 14,8 00:11 E 3 27,1 33,7 16:40 19,8 22:34 0,0 8,8 25,0 4,0 28,4 22:16 E 4 25,6 33,1 16:46 19,8 03:37 0,0 7,3 2,1 4,1 20,5 22:27 N 5 24,9 32,7 16:04 19,5 22:22 0,0 6,6 5,2 4,0 22,3 19:19 N 6 24,5 32,6 15:40 18,9 05:58 0,0 6,2 0,0 2,6 20,2 18:15 NNE 7 26,9 33,3 13:35 19,4 06:09 0,0 8,6 0,0 2,5 10,4 17:59 N 8 26,5 32,6 17:23 21,4 04:40 0,0 8,2 0,0 4,0 19,1 11:31 ENE 9 26,5 32,1 17:10 20,9 05:58 0,0 8,2 0,0 4,0 20,2 01:31 E 10 26,6 31,8 16:55 21,7 23:58 0,0 8,3 0,0 4,5 17,6 23:12 ENE 11 22,3 25,7 16:10 20,1 07:02 0,0 4,0 0,0 6,3 19,4 07:48 E 12 24,1 28,7 17:32 19,8 05:09 0,0 5,8 0,0 3,6 15,1 08:58 E 13 26,8 33,5 15:39 20,9 06:12 0,0 8,6 0,0 2,5 12,6 15:52 E 14 27,4 34,2 14:37 22,1 06:01 0,0 9,1 0,0 3,2 14,0 10:11 ENE 15 26,8 34,3 16:31 20,2 06:16 0,0 8,4 0,0 3,2 10,8 12:55 ESE 16 22,7 29,2 13:08 19,3 23:57 0,0 4,4 1,8 4,7 22,0 03:38 ENE 17 24,8 33,8 16:52 17,9 06:07 0,0 6,5 0,0 2,4 12,2 11:44 OSO 18 27,9 36,1 16:48 19,6 05:56 0,0 9,6 0,0 2,2 9,4 11:32 O 19 27,9 35,8 16:22 20,1 04:38 0,0 9,6 0,0 1,8 10,4 11:16 NO 20 27,6 35,1 17:09 21,0 23:56 0,0 9,3 11,9 3,1 31,0 20:41 N 21 23,2 29,7 17:29 18,7 06:57 0,0 4,9 4,9 2,6 24,8 02:23 NNO 22 25,6 32,9 16:47 19,4 06:03 0,0 7,3 0,0 2,5 12,6 13:18 O 23 26,9 33,2 18:29 19,9 06:16 0,0 8,6 0,0 3,0 17,6 01:24 NO 24 28,0 36,3 16:48 22,3 06:14 0,0 9,7 0,0 2,7 11,9 12:12 ENE 25 28,4 35,4 15:23 21,7 05:54 0,0 10,1 0,2 2,0 13,7 16:12 NO 26 27,3 33,5 17:15 22,6 06:30 0,0 9,0 0,0 4,7 23,4 20:46 ENE 27 27,1 33,7 16:03 20,2 06:10 0,0 8,8 0,3 2,9 13,0 14:29 NNO 28 27,5 35,6 15:45 21,7 06:06 0,0 9,2 0,0 2,9 14,0 16:57 ONO 29 27,9 35,7 17:04 20,4 05:55 0,0 9,6 0,0 2,0 9,0 13:43 ONO 30 29,6 37,4 16:02 21,7 06:01 0,0 11,3 0,0 1,6 9,7 11:48 NNO 31 30,7 37,8 18:11 22,9 06:17 0,0 12,4 0,0 1,7 9,7 13:44 O ---------------------------------------------------------------------------------- 26,5 37,8 31 17,9 17 0,0 255,6 51,4 3,2 31,0 20 NE Max >= 27,0: 30 Max <= 0,0: 0 Min <= 0,0: 0 Min <= -18,0: 0 Max Rain: 25,0 on day 3 Days of Rain: 8 (>= 0,2 mm) 5 (>= 2,0 mm) 1 (>= 20,0 mm) Heat Base: 18,3 Cool Base: 18,3 Method: Integration