Cliccate su un Anno o un Mese per visualizzare il corrispondente resoconto
Resoconto relativo a 2018 Giu
Monthly Climatological Summary for giu 2018 Name: Oregon City: Soresina State: Italia Elevation: 70 m Lat: N 45° 17' 27" Lon: E 009° 50' 41" Temperature (°C), Rain (mm), Wind Speed (km/h) Heat Cool Avg Mean Deg Deg Wind Dom Day Temp High Time Low Time Days Days Rain Speed High Time Dir ---------------------------------------------------------------------------------- 1 23,7 31,2 17:09 17,0 05:39 0,1 5,5 0,0 3,3 16,6 15:17 O 2 24,3 32,0 16:17 17,2 05:37 0,1 6,1 0,0 2,6 13,0 12:39 O 3 25,3 31,7 16:54 19,0 06:21 0,0 7,0 6,0 2,7 36,4 23:16 S 4 21,0 29,2 13:47 17,6 07:33 0,0 2,8 71,4 3,1 31,7 05:53 N 5 23,6 31,0 15:21 17,3 05:40 0,1 5,4 0,0 3,2 12,6 10:41 O 6 24,2 30,7 15:13 19,1 05:19 0,0 5,9 0,0 3,2 13,7 09:39 ONO 7 24,1 31,4 14:52 18,8 06:10 0,0 5,8 1,3 3,6 23,8 20:08 ONO 8 21,3 27,7 17:16 17,6 06:37 0,1 3,1 14,4 3,1 15,5 01:22 NNO 9 24,4 32,2 17:28 17,8 06:05 0,0 6,1 0,0 3,7 14,0 08:42 O 10 25,4 32,1 14:43 18,9 04:50 0,0 7,1 0,0 3,0 14,0 13:18 O 11 25,6 30,6 18:45 20,2 05:42 0,0 7,3 0,0 2,2 13,7 13:33 S 12 24,3 31,1 14:08 19,0 22:45 0,0 6,0 29,4 2,8 26,6 20:34 OSO 13 21,8 26,3 16:29 17,2 06:59 0,1 3,6 3,6 3,0 12,6 12:42 NO 14 24,0 28,9 16:08 19,0 05:52 0,0 5,7 0,0 3,1 12,6 11:54 SE 15 24,4 29,5 16:19 19,9 05:17 0,0 6,1 0,0 4,5 15,8 08:16 ESE 16 25,5 30,4 16:31 20,0 05:47 0,0 7,2 0,0 3,8 15,8 09:10 E 17 26,6 33,6 15:21 20,2 06:00 0,0 8,2 0,0 1,8 11,9 13:19 N 18 25,8 32,9 17:02 19,3 06:02 0,0 7,5 2,9 3,3 21,2 04:06 NNE 19 27,4 33,4 16:57 21,6 05:33 0,0 9,1 0,0 3,2 15,5 10:11 E 20 27,7 33,2 17:36 22,3 06:08 0,0 9,4 0,0 2,6 14,0 12:33 E 21 28,3 35,6 17:57 21,5 05:42 0,0 10,0 0,0 2,4 13,0 14:40 O 22 24,6 27,9 16:22 20,4 23:47 0,0 6,3 0,0 5,8 25,2 15:52 E 23 22,7 27,5 15:58 17,6 06:23 0,0 4,4 0,0 4,6 16,9 08:19 E 24 22,5 27,7 15:51 16,5 06:26 0,2 4,4 0,0 4,1 17,6 10:19 E 25 22,3 26,4 17:27 17,9 05:35 0,0 4,0 0,0 5,3 17,3 12:01 ESE 26 23,6 28,9 17:03 17,5 06:18 0,0 5,3 0,0 3,4 13,0 11:39 SE 27 24,1 31,2 16:18 16,8 05:47 0,1 5,8 0,0 4,1 26,6 20:39 E 28 24,0 30,4 15:30 15,9 05:39 0,2 6,0 0,0 3,0 11,9 00:13 SSO 29 27,1 34,9 17:03 18,8 06:01 0,0 8,8 0,0 2,8 11,9 11:56 ONO 30 28,2 36,6 16:35 20,1 05:49 0,0 9,9 0,0 2,8 15,8 15:13 O ---------------------------------------------------------------------------------- 24,6 36,6 30 15,9 28 1,0 189,8 129,0 3,3 36,4 3 E Max >= 27,0: 28 Max <= 0,0: 0 Min <= 0,0: 0 Min <= -18,0: 0 Max Rain: 71,4 on day 4 Days of Rain: 7 (>= 0,2 mm) 6 (>= 2,0 mm) 2 (>= 20,0 mm) Heat Base: 18,3 Cool Base: 18,3 Method: Integration