Cliccate su un Anno o un Mese per visualizzare il corrispondente resoconto
Resoconto relativo a 2018 Gen
Monthly Climatological Summary for gen 2018 Name: Oregon City: Soresina State: Italia Elevation: 70 m Lat: N 45° 17' 27" Lon: E 009° 50' 41" Temperature (°C), Rain (mm), Wind Speed (km/h) Heat Cool Avg Mean Deg Deg Wind Dom Day Temp High Time Low Time Days Days Rain Speed High Time Dir ---------------------------------------------------------------------------------- 1 3,1 4,8 15:58 1,1 08:53 15,2 0,0 16,8 0,9 9,7 11:12 OSO 2 5,9 13,9 14:18 2,3 00:00 12,4 0,0 0,0 3,7 22,0 13:59 NO 3 3,8 8,9 13:23 -0,5 08:19 14,5 0,0 0,5 1,5 20,9 17:18 SO 4 5,9 11,6 14:56 2,7 03:58 12,4 0,0 0,0 2,1 11,5 12:35 E 5 4,8 7,6 15:46 1,0 02:00 13,5 0,0 0,0 0,4 6,5 13:47 NE 6 6,7 8,4 15:30 5,2 08:02 11,6 0,0 2,1 0,1 4,7 04:59 OSO 7 7,8 9,0 15:21 6,5 05:21 9,9 0,0 0,5 1,0 9,4 10:16 ESE 8 11,5 13,5 21:30 7,9 00:00 4,4 0,0 3,4 6,8 31,7 23:58 E 9 11,2 13,9 12:54 8,5 23:50 7,1 0,0 11,4 5,1 32,0 00:19 E 10 8,2 11,6 11:09 6,9 23:29 10,1 0,0 0,0 2,0 13,7 12:24 O 11 7,6 9,4 13:51 6,6 02:18 10,7 0,0 0,0 0,9 9,4 11:16 E 12 7,0 13,4 15:26 3,4 23:47 11,3 0,0 0,0 0,5 10,1 12:43 E 13 3,8 10,4 14:52 0,1 09:05 14,4 0,0 0,0 0,7 7,2 14:26 OSO 14 1,7 8,8 13:22 -1,7 08:19 16,6 0,0 0,2 0,7 9,4 13:38 SSO 15 2,6 5,1 14:10 -0,5 02:43 15,7 0,0 0,2 0,8 7,9 12:46 SO 16 4,0 6,0 14:30 0,4 23:31 14,3 0,0 0,8 1,1 10,4 16:46 OSO 17 4,7 11,5 14:58 0,4 00:08 13,6 0,0 0,0 3,7 17,6 12:08 ONO 18 5,3 13,4 14:15 0,1 07:30 13,0 0,0 0,0 2,7 10,4 01:26 SO 19 4,9 12,6 15:05 0,3 08:51 13,3 0,0 0,0 1,3 8,6 15:29 SSO 20 3,1 9,4 14:42 -0,6 07:02 15,2 0,0 0,0 0,9 9,0 15:27 E 21 6,2 14,3 16:12 0,9 07:20 12,1 0,0 0,0 4,0 19,4 20:34 OSO 22 5,9 11,7 12:11 1,6 23:14 12,3 0,0 0,0 2,1 12,2 02:53 NE 23 4,3 10,4 12:49 -0,8 06:08 14,0 0,0 0,0 2,3 12,2 16:20 E 24 5,8 11,7 14:45 2,2 08:05 12,5 0,0 0,0 1,6 9,7 10:23 OSO 25 6,1 8,2 12:54 3,8 00:00 12,1 0,0 0,0 0,5 5,8 09:43 SO 26 6,8 8,5 14:35 5,5 04:28 11,5 0,0 0,5 1,5 13,7 20:25 E 27 7,3 10,8 15:56 5,5 23:27 11,0 0,0 1,6 1,8 14,0 12:54 O 28 4,6 7,0 13:24 2,3 04:14 13,7 0,0 0,0 1,6 9,7 14:56 OSO 29 3,5 5,6 15:19 2,0 09:22 14,8 0,0 0,2 0,9 6,8 14:18 OSO 30 3,2 5,0 17:54 0,8 08:56 15,1 0,0 0,2 1,6 13,0 13:19 ESE 31 5,9 7,4 15:36 4,8 00:00 12,4 0,0 2,6 0,8 7,6 02:27 SO ---------------------------------------------------------------------------------- 5,6 14,3 21 -1,7 14 390,7 0,0 41,0 1,7 32,0 9 SSO Max >= 27,0: 0 Max <= 0,0: 0 Min <= 0,0: 5 Min <= -18,0: 0 Max Rain: 16,8 on day 1 Days of Rain: 14 (>= 0,2 mm) 5 (>= 2,0 mm) 0 (>= 20,0 mm) Heat Base: 18,3 Cool Base: 18,3 Method: Integration