Cliccate su un Anno o un Mese per visualizzare il corrispondente resoconto
Resoconto relativo a 2017 Nov
Monthly Climatological Summary for nov 2017 Name: Oregon City: Soresina State: Italia Elevation: 70 m Lat: N 45° 17' 27" Lon: E 009° 50' 41" Temperature (°C), Rain (mm), Wind Speed (km/h) Heat Cool Avg Mean Deg Deg Wind Dom Day Temp High Time Low Time Days Days Rain Speed High Time Dir ---------------------------------------------------------------------------------- 1 10,6 19,5 14:18 4,5 06:21 7,8 0,1 0,0 0,4 6,5 11:46 SSO 2 10,8 17,4 15:13 5,0 04:27 7,5 0,0 0,0 0,7 6,1 13:45 O 3 14,2 20,7 14:52 9,4 06:57 4,4 0,3 0,0 1,3 9,0 19:37 E 4 12,9 14,3 14:15 11,9 05:23 5,4 0,0 0,0 0,8 6,5 23:39 ENE 5 12,5 14,1 14:42 9,1 23:50 4,0 0,0 24,8 5,7 21,6 08:44 ENE 6 9,2 10,7 11:24 8,0 05:24 9,1 0,0 8,0 2,6 16,9 14:30 NO 7 9,7 11,6 14:38 8,6 00:48 8,6 0,0 3,1 1,4 9,4 18:54 OSO 8 10,9 16,2 12:18 8,9 01:10 7,4 0,0 1,3 1,1 10,4 13:31 OSO 9 9,8 11,0 16:25 7,9 22:41 8,5 0,0 10,0 0,8 10,4 11:22 NE 10 9,2 14,3 13:41 5,4 07:26 9,1 0,0 0,0 0,7 7,2 13:22 SO 11 7,4 9,0 13:31 5,8 04:06 10,9 0,0 0,3 0,2 5,4 06:23 ONO 12 7,2 8,4 20:43 6,0 07:54 11,0 0,0 6,7 2,5 20,2 21:56 ENE 13 7,5 9,0 14:57 5,7 23:54 10,3 0,0 0,0 2,3 14,0 06:29 SSO 14 8,1 15,4 13:55 3,2 23:45 10,1 0,0 0,0 1,2 9,7 12:42 S 15 7,2 15,3 15:11 1,0 06:30 11,1 0,0 0,0 0,5 7,9 13:25 O 16 9,4 16,1 14:45 4,9 23:55 8,9 0,0 0,0 0,5 7,9 13:17 SO 17 7,5 15,8 14:28 2,7 07:52 10,7 0,0 0,0 0,4 6,5 09:17 ONO 18 7,4 15,3 15:04 2,5 07:24 10,9 0,0 0,0 0,4 6,1 10:44 SO 19 6,4 14,3 15:28 1,4 04:36 11,9 0,0 0,0 1,5 11,9 16:02 O 20 5,2 13,6 15:09 0,1 07:25 13,1 0,0 0,0 0,7 7,9 11:07 SO 21 7,8 14,5 13:38 3,1 08:00 10,5 0,0 0,0 1,9 10,4 20:09 SSO 22 8,0 11,0 14:15 4,3 03:18 10,3 0,0 0,0 0,4 6,5 09:52 ESE 23 9,6 12,2 13:37 6,7 07:32 8,7 0,0 0,0 0,6 6,8 11:14 OSO 24 9,7 11,1 13:31 9,0 06:10 8,6 0,0 0,0 0,4 6,5 16:20 SO 25 9,0 9,3 01:11 8,6 11:31 9,3 0,0 4,6 1,0 13,7 11:30 NE 26 6,9 11,4 12:54 2,0 23:57 11,4 0,0 0,0 2,9 15,5 11:52 SSE 27 3,0 10,5 15:24 -1,4 07:38 12,4 0,0 0,0 0,9 10,1 11:23 SO 28 2,8 4,0 13:05 -0,4 02:26 11,6 0,0 0,5 0,7 6,8 17:49 ENE 29 3,5 4,0 12:03 3,1 00:00 14,8 0,0 1,6 0,6 7,6 14:44 OSO 30 5,1 12,4 15:05 2,1 23:35 13,2 0,0 0,2 3,4 17,6 09:30 ONO ---------------------------------------------------------------------------------- 8,3 20,7 3 -1,4 27 291,5 0,4 61,1 1,3 21,6 5 SO Max >= 27,0: 0 Max <= 0,0: 0 Min <= 0,0: 2 Min <= -18,0: 0 Max Rain: 24,8 on day 5 Days of Rain: 11 (>= 0,2 mm) 6 (>= 2,0 mm) 1 (>= 20,0 mm) Heat Base: 18,3 Cool Base: 18,3 Method: Integration