Cliccate su un Anno o un Mese per visualizzare il corrispondente resoconto
Resoconto relativo a 2017 Mag
Monthly Climatological Summary for mag 2017 Name: Oregon City: Soresina State: Italia Elevation: 70 m Lat: N 45° 17' 27" Lon: E 009° 50' 41" Temperature (°C), Rain (mm), Wind Speed (km/h) Heat Cool Avg Mean Deg Deg Wind Dom Day Temp High Time Low Time Days Days Rain Speed High Time Dir ---------------------------------------------------------------------------------- 1 12,3 14,5 00:00 9,5 23:15 6,0 0,0 11,3 3,0 24,5 09:16 NE 2 12,9 21,0 14:37 5,5 05:49 5,7 0,3 1,8 2,7 17,6 19:23 NNO 3 13,6 16,8 16:57 10,6 06:57 4,7 0,0 2,6 2,8 12,6 05:06 NE 4 13,5 19,0 17:03 10,8 03:15 4,8 0,0 10,3 2,1 16,6 18:14 ONO 5 15,4 23,5 17:41 9,3 03:59 4,0 1,0 0,0 1,4 13,0 13:23 OSO 6 14,9 18,4 11:29 12,0 23:28 3,4 0,0 8,0 0,9 12,6 12:32 NNE 7 13,4 18,3 18:18 11,2 06:14 4,9 0,0 4,6 2,8 20,2 15:08 OSO 8 17,2 25,5 17:26 11,8 02:08 2,5 1,5 0,0 1,8 15,8 23:14 OSO 9 17,1 21,6 13:25 13,7 06:18 1,8 0,6 0,0 2,5 15,1 13:49 ESE 10 15,9 20,2 16:39 12,2 07:22 2,7 0,3 0,0 2,5 19,1 07:12 E 11 16,4 19,7 16:17 13,0 06:08 2,1 0,2 0,0 4,3 21,2 21:25 E 12 18,6 24,8 15:19 14,4 07:01 1,3 1,7 0,8 1,5 14,0 01:43 E 13 20,6 27,8 16:47 13,3 06:07 1,0 3,3 0,0 0,5 11,9 01:48 O 14 21,5 27,1 14:45 15,6 06:00 0,4 3,6 0,0 0,3 9,7 14:31 OSO 15 21,9 28,6 16:41 14,7 06:22 0,5 4,1 0,0 0,7 10,8 22:08 ESE 16 22,6 29,3 17:49 14,8 05:15 0,5 4,8 0,0 0,3 8,6 13:48 SSO 17 23,6 30,6 14:22 16,6 06:30 0,2 5,5 0,0 0,4 7,6 15:31 ESE 18 23,3 28,1 16:52 18,0 05:25 0,0 5,0 0,0 1,5 15,5 15:20 E 19 20,1 24,4 18:21 15,5 23:58 0,2 2,0 2,3 1,7 15,5 15:26 E 20 18,5 26,9 15:19 13,0 03:52 1,9 2,1 0,0 0,6 23,0 17:39 NE 21 20,6 29,5 17:21 11,9 05:21 1,7 4,0 0,0 0,3 6,5 11:53 OSO 22 22,8 30,8 17:15 13,9 05:22 0,8 5,3 0,0 0,2 6,8 15:05 SO 23 24,5 32,4 16:28 15,0 05:59 0,4 6,6 0,0 0,4 9,7 17:12 OSO 24 25,4 34,1 16:35 17,6 06:00 0,0 7,1 0,0 1,3 11,9 16:05 OSO 25 23,4 28,0 16:52 19,1 06:04 0,0 5,1 0,0 2,1 17,3 08:18 E 26 23,3 29,8 17:42 18,2 05:01 0,0 5,0 0,0 1,1 13,0 01:37 ENE 27 24,6 31,7 16:33 17,6 05:34 0,1 6,3 0,0 0,5 10,4 14:10 E 28 26,2 34,3 16:19 17,5 05:51 0,0 7,9 0,0 0,2 10,4 14:59 E 29 26,6 34,3 16:17 20,1 05:32 0,0 8,3 0,0 1,2 12,6 12:08 SSE 30 27,1 35,2 17:48 18,6 06:04 0,0 8,8 0,0 0,7 12,2 13:11 SSO 31 26,9 33,7 15:45 19,2 05:59 0,0 8,5 0,0 1,1 10,4 18:00 O ---------------------------------------------------------------------------------- 20,2 35,2 30 5,5 2 51,6 108,9 41,7 1,4 24,5 1 ENE Max >= 27,0: 17 Max <= 0,0: 0 Min <= 0,0: 0 Min <= -18,0: 0 Max Rain: 11,3 on day 1 Days of Rain: 8 (>= 0,2 mm) 6 (>= 2,0 mm) 0 (>= 20,0 mm) Heat Base: 18,3 Cool Base: 18,3 Method: Integration